{"id":757715,"date":"2025-08-28T07:44:04","date_gmt":"2025-08-28T04:44:04","guid":{"rendered":"https:\/\/roveyayinevi.com.tr\/index.php\/urun\/gul-kanayinca\/"},"modified":"2026-04-16T03:10:46","modified_gmt":"2026-04-16T00:10:46","slug":"gul-kanayinca","status":"publish","type":"product","link":"https:\/\/roveyayinevi.com.tr\/index.php\/urun\/gul-kanayinca\/","title":{"rendered":"G\u00fcl Kanay\u0131nca"},"content":{"rendered":"<p>Kar yang\u0131n\u0131 ayd\u0131nl\u0131\u011f\u0131na kavu\u015fmak varken&#8230; Dikenli bir halhal gibi dolan\u0131r bile\u011fime&#8230; &#8230;g\u00fcn ayaz\u0131 sensizli\u011fin sanc\u0131s\u0131&#8230; &#8230;..ilham\u0131 eksik b\u0131rak\u0131r, d\u00fc\u015fleri yar\u0131m&#8230; Ben mi gurbete d\u00fc\u015ft\u00fcm bilemem&#8230; &#8230;benden mi giderildi yoksa diyar\u0131m&#8230; Elimden, bedenimden yoksun kald\u0131\u011f\u0131n sahrada&#8230; Ya\u011fmur sar\u0131l\u0131r&#8230; gonca g\u00fclerken y\u00fcz\u00fcne&#8230; &#8230;r\u00fczgar ok\u015far ipekten bir h\u00fclya per\u00e7emini&#8230; Hani karanl\u0131k geceme g\u00f6sterip savletini, \u2018Gel\u2019 tad\u0131nda kardelen bir bestenin ahengini &#8230;b\u0131rak\u0131p g\u00f6\u011fs\u00fcme oyal\u0131 mendil gibi&#8230; &#8230;bekledin&#8230; gelmedim ya&#8230; sen \u015fimdi&#8230; &#8230;vuslat\u0131 vurmayan saatleri mah\u015fere kur&#8230; <\/p>\n","protected":false},"excerpt":{"rendered":"<p>Kar yang\u0131n\u0131 ayd\u0131nl\u0131\u011f\u0131na kavu\u015fmak varken&#8230; Dikenli bir halhal gibi dolan\u0131r bile\u011fime&#8230; &#8230;g\u00fcn ayaz\u0131 sensizli\u011fin sanc\u0131s\u0131&#8230; &#8230;..ilham\u0131 eksik b\u0131rak\u0131r, d\u00fc\u015fleri yar\u0131m&#8230; Ben mi gurbete d\u00fc\u015ft\u00fcm bilemem&#8230; &#8230;benden<span class=\"excerpt-hellip\"> [\u2026]<\/span><\/p>\n","protected":false},"featured_media":0,"template":"","meta":{"_monsterinsights_skip_tracking":false,"_monsterinsights_sitenote_active":false,"_monsterinsights_sitenote_note":"","_monsterinsights_sitenote_category":0},"product_brand":[],"product_cat":[12291,12509],"product_tag":[],"class_list":{"0":"post-757715","1":"product","2":"type-product","3":"status-publish","5":"product_cat-edebiyat","6":"product_cat-siir","7":"pa_cilt-ciltsiz","8":"pa_tur-kitap","9":"pa_yayinevi-gulnar-yayinlari","10":"pa_yazar-gul-guner","12":"first","13":"instock","14":"sale","15":"shipping-taxable","16":"purchasable","17":"product-type-simple"},"_links":{"self":[{"href":"https:\/\/roveyayinevi.com.tr\/index.php\/wp-json\/wp\/v2\/product\/757715","targetHints":{"allow":["GET"]}}],"collection":[{"href":"https:\/\/roveyayinevi.com.tr\/index.php\/wp-json\/wp\/v2\/product"}],"about":[{"href":"https:\/\/roveyayinevi.com.tr\/index.php\/wp-json\/wp\/v2\/types\/product"}],"wp:attachment":[{"href":"https:\/\/roveyayinevi.com.tr\/index.php\/wp-json\/wp\/v2\/media?parent=757715"}],"wp:term":[{"taxonomy":"product_brand","embeddable":true,"href":"https:\/\/roveyayinevi.com.tr\/index.php\/wp-json\/wp\/v2\/product_brand?post=757715"},{"taxonomy":"product_cat","embeddable":true,"href":"https:\/\/roveyayinevi.com.tr\/index.php\/wp-json\/wp\/v2\/product_cat?post=757715"},{"taxonomy":"product_tag","embeddable":true,"href":"https:\/\/roveyayinevi.com.tr\/index.php\/wp-json\/wp\/v2\/product_tag?post=757715"}],"curies":[{"name":"wp","href":"https:\/\/api.w.org\/{rel}","templated":true}]}}