{"id":757694,"date":"2025-08-28T07:43:26","date_gmt":"2025-08-28T04:43:26","guid":{"rendered":"https:\/\/roveyayinevi.com.tr\/index.php\/urun\/perviz\/"},"modified":"2026-04-16T03:10:46","modified_gmt":"2026-04-16T00:10:46","slug":"perviz","status":"publish","type":"product","link":"https:\/\/roveyayinevi.com.tr\/index.php\/urun\/perviz\/","title":{"rendered":"Perviz"},"content":{"rendered":"<p>Kay\u0131p Kitaplar K\u00fct\u00fcphanesi\u2019nde bu kez T\u00fcrk edebiyat\u0131nda fantasti\u011fin izlerini s\u00fcr\u00fcld\u00fc.   Celal Nuri \u0130leri\u2019nin 1916\u2019da kaleme ald\u0131\u011f\u0131 Perviz, modernle\u015fme s\u00fcrecindeki edebiyat\u0131m\u0131zda o zamana kadar kullan\u0131lmam\u0131\u015f olan temalar\u0131n ilk kez kullan\u0131lmas\u0131yla dikkat \u00e7ekiyor.   \u0130ktidar mefhumunu fantastik eksenle ele alan Perviz\u2019de edebiyat\u0131m\u0131z\u0131n \u00f6nemli bir bo\u015flu\u011fu doluyor. Osmanl\u0131 Devleti\u2019nin son evresinde yaz\u0131lm\u0131\u015f olan bu eser, modern T\u00fcrk edebiyat\u0131n\u0131n kronolojisini yeniden yap\u0131land\u0131racak cinste bir niteli\u011fe sahip. <\/p>\n","protected":false},"excerpt":{"rendered":"<p>Kay\u0131p Kitaplar K\u00fct\u00fcphanesi\u2019nde bu kez T\u00fcrk edebiyat\u0131nda fantasti\u011fin izlerini s\u00fcr\u00fcld\u00fc. Celal Nuri \u0130leri\u2019nin 1916\u2019da kaleme ald\u0131\u011f\u0131 Perviz, modernle\u015fme s\u00fcrecindeki edebiyat\u0131m\u0131zda o zamana kadar kullan\u0131lmam\u0131\u015f olan temalar\u0131n<span class=\"excerpt-hellip\"> [\u2026]<\/span><\/p>\n","protected":false},"featured_media":0,"template":"","meta":{"_monsterinsights_skip_tracking":false,"_monsterinsights_sitenote_active":false,"_monsterinsights_sitenote_note":"","_monsterinsights_sitenote_category":0},"product_brand":[],"product_cat":[12291,14777],"product_tag":[],"class_list":{"0":"post-757694","1":"product","2":"type-product","3":"status-publish","5":"product_cat-edebiyat","6":"product_cat-fantastik","7":"pa_cilt-ciltsiz","8":"pa_tur-kitap","9":"pa_yayinevi-kara-karga-yayinlari","10":"pa_yazar-perviz","12":"first","13":"instock","14":"sale","15":"shipping-taxable","16":"purchasable","17":"product-type-simple"},"_links":{"self":[{"href":"https:\/\/roveyayinevi.com.tr\/index.php\/wp-json\/wp\/v2\/product\/757694","targetHints":{"allow":["GET"]}}],"collection":[{"href":"https:\/\/roveyayinevi.com.tr\/index.php\/wp-json\/wp\/v2\/product"}],"about":[{"href":"https:\/\/roveyayinevi.com.tr\/index.php\/wp-json\/wp\/v2\/types\/product"}],"wp:attachment":[{"href":"https:\/\/roveyayinevi.com.tr\/index.php\/wp-json\/wp\/v2\/media?parent=757694"}],"wp:term":[{"taxonomy":"product_brand","embeddable":true,"href":"https:\/\/roveyayinevi.com.tr\/index.php\/wp-json\/wp\/v2\/product_brand?post=757694"},{"taxonomy":"product_cat","embeddable":true,"href":"https:\/\/roveyayinevi.com.tr\/index.php\/wp-json\/wp\/v2\/product_cat?post=757694"},{"taxonomy":"product_tag","embeddable":true,"href":"https:\/\/roveyayinevi.com.tr\/index.php\/wp-json\/wp\/v2\/product_tag?post=757694"}],"curies":[{"name":"wp","href":"https:\/\/api.w.org\/{rel}","templated":true}]}}