{"id":757686,"date":"2025-08-28T07:43:13","date_gmt":"2025-08-28T04:43:13","guid":{"rendered":"https:\/\/roveyayinevi.com.tr\/index.php\/urun\/metcezir\/"},"modified":"2026-04-16T03:10:46","modified_gmt":"2026-04-16T00:10:46","slug":"metcezir","status":"publish","type":"product","link":"https:\/\/roveyayinevi.com.tr\/index.php\/urun\/metcezir\/","title":{"rendered":"Metcezir"},"content":{"rendered":"<p>Bir erkek eg\u0306er sadece ac\u0131ya al\u0131s\u0327k\u0131nsa mutluluktan \u00fcrker, t\u0131pk\u0131 karanl\u0131g\u0306a al\u0131s\u0327m\u0131s\u0327 yarasalar\u0131n \u0131s\u0327\u0131ktan dehs\u0327ete d\u00fcs\u0327\u00fcp ka\u00e7mas\u0131 gibi; \u00f6yle deg\u0306il mi? Bazen bir erkeg\u0306i en \u00e7ok korkutan mutluluktur. Her an bozulabilecek bir mutluluk, her an sona erebilecek bir film gibidir. Bir kad\u0131nla \u00f6yle bir mutluluk s\u0131n\u0131r\u0131nda dolas\u0327\u0131rs\u0131n ki aniden \u00e7\u0131k\u0131p dolas\u0327mak istersin sokaklarda yaln\u0131z bas\u0327\u0131na. Bu mutluluk senin ruhunu bile s\u0327as\u0327\u0131rt\u0131r, zira o yas\u0327a kadar hi\u00e7 o kadar mutlu olmam\u0131s\u0327s\u0131nd\u0131r. Ne kendi ailende \u00f6yle bir sevgi g\u00f6rm\u00fcs\u0327s\u00fcnd\u00fcr ne de bir bas\u0327ka kad\u0131n sana o mutlulug\u0306u yas\u0327atm\u0131s\u0327t\u0131r. Baz\u0131 erkeklerin \u00e7aresizlig\u0306i \u00e7ocukluklar\u0131na deg\u0306il, kendi ruhlar\u0131ndaki en derin karanl\u0131g\u0306a kadar gider ve hi\u00e7bir kad\u0131n o noktaya kadar inmemis\u0327tir daha \u00f6nce. Oysa g\u00fcn\u00fcn birinde dog\u0306ru kad\u0131n o adam\u0131n karanl\u0131g\u0306\u0131na uzan\u0131r ve oradaki tek \u0131s\u0327\u0131g\u0306\u0131, mutluluk ve huzur \u0131s\u0327\u0131g\u0306\u0131n\u0131 aniden yak\u0131verir. Adam\u0131 kendini saklad\u0131g\u0306\u0131 ve ciddi ilis\u0327kilerden ka\u00e7mas\u0131na neden olan o karanl\u0131k odadan \u00e7\u0131kar\u0131r, onun \u00e7aresiz ruhunu yeniden mutlu eder: Eg\u0306er as\u0327k bir hayat \u00f6p\u00fcc\u00fcg\u0306\u00fc deg\u0306ilse bas\u0327ka nedir ki? <\/p>\n","protected":false},"excerpt":{"rendered":"<p>Bir erkek eg\u0306er sadece ac\u0131ya al\u0131s\u0327k\u0131nsa mutluluktan \u00fcrker, t\u0131pk\u0131 karanl\u0131g\u0306a al\u0131s\u0327m\u0131s\u0327 yarasalar\u0131n \u0131s\u0327\u0131ktan dehs\u0327ete d\u00fcs\u0327\u00fcp ka\u00e7mas\u0131 gibi; \u00f6yle deg\u0306il mi? Bazen bir erkeg\u0306i en \u00e7ok korkutan<span class=\"excerpt-hellip\"> [\u2026]<\/span><\/p>\n","protected":false},"featured_media":0,"template":"","meta":{"_monsterinsights_skip_tracking":false,"_monsterinsights_sitenote_active":false,"_monsterinsights_sitenote_note":"","_monsterinsights_sitenote_category":0},"product_brand":[],"product_cat":[12291,12711],"product_tag":[],"class_list":{"0":"post-757686","1":"product","2":"type-product","3":"status-publish","5":"product_cat-edebiyat","6":"product_cat-roman-oyku","7":"pa_cilt-ciltsiz","8":"pa_tur-kitap","9":"pa_yayinevi-muptela-yayinevi","10":"pa_yazar-adil-yildirim","12":"first","13":"instock","14":"sale","15":"shipping-taxable","16":"purchasable","17":"product-type-simple"},"_links":{"self":[{"href":"https:\/\/roveyayinevi.com.tr\/index.php\/wp-json\/wp\/v2\/product\/757686","targetHints":{"allow":["GET"]}}],"collection":[{"href":"https:\/\/roveyayinevi.com.tr\/index.php\/wp-json\/wp\/v2\/product"}],"about":[{"href":"https:\/\/roveyayinevi.com.tr\/index.php\/wp-json\/wp\/v2\/types\/product"}],"wp:attachment":[{"href":"https:\/\/roveyayinevi.com.tr\/index.php\/wp-json\/wp\/v2\/media?parent=757686"}],"wp:term":[{"taxonomy":"product_brand","embeddable":true,"href":"https:\/\/roveyayinevi.com.tr\/index.php\/wp-json\/wp\/v2\/product_brand?post=757686"},{"taxonomy":"product_cat","embeddable":true,"href":"https:\/\/roveyayinevi.com.tr\/index.php\/wp-json\/wp\/v2\/product_cat?post=757686"},{"taxonomy":"product_tag","embeddable":true,"href":"https:\/\/roveyayinevi.com.tr\/index.php\/wp-json\/wp\/v2\/product_tag?post=757686"}],"curies":[{"name":"wp","href":"https:\/\/api.w.org\/{rel}","templated":true}]}}