{"id":757660,"date":"2025-08-28T07:42:29","date_gmt":"2025-08-28T04:42:29","guid":{"rendered":"https:\/\/roveyayinevi.com.tr\/index.php\/urun\/gorduklerim-dinlediklerim-yazdiklarim\/"},"modified":"2026-04-16T03:10:45","modified_gmt":"2026-04-16T00:10:45","slug":"gorduklerim-dinlediklerim-yazdiklarim","status":"publish","type":"product","link":"https:\/\/roveyayinevi.com.tr\/index.php\/urun\/gorduklerim-dinlediklerim-yazdiklarim\/","title":{"rendered":"G\u00f6rd\u00fcklerim, Dinlediklerim, Yazd\u0131klar\u0131m"},"content":{"rendered":"<p>\u201cBizim ilk s\u00f6z\u00fcm\u00fcz do\u011farken ba\u015flad\u0131; en b\u00fcy\u00fck ger\u00e7ek olan son s\u00f6ze do\u011fru h\u0131zla gitmekte\u2026 Hayat\u0131n girdab\u0131na kap\u0131l\u0131p gidenler i\u00e7in s\u00f6z\u00fcmd\u00fcr: Bir an olsun kendinizi d\u00fcnyan\u0131n hay huyundan, ak\u0131\u015f\u0131ndan \u00e7ekip \u00e7\u0131kar\u0131n ve olaylara \u015f\u00f6yle biraz yukar\u0131dan bakmay\u0131 deneyin. \u0130\u00e7inizdeki iyi yanlar\u0131 sergileyin, affedici olun, kar\u015f\u0131n\u0131zdakilerin kusurlar\u0131n\u0131 g\u00f6rmemeye \u00e7al\u0131\u015f\u0131n; hep \u00f6n\u00fcn\u00fczdekinin ayak izlerine de\u011fil de biraz da geride b\u0131rakt\u0131\u011f\u0131n\u0131z izlerinize bak\u0131n. Ad\u0131na \u00f6m\u00fcr dedi\u011fimiz \u2018bir nefeslik\u2019 m\u00fchleti gelin, bo\u015fa harcamay\u0131n. \u00d6nce siz i\u00e7 huzura ve i\u00e7 bar\u0131\u015fa kavu\u015fun, sonra en yak\u0131n\u0131n\u0131zdakilerden ba\u015flayarak etraf\u0131n\u0131zla bar\u0131\u015f\u0131p esenli\u011fe gidin. Kin, haset, yalan, ikiy\u00fczl\u00fcl\u00fck gibi k\u00f6t\u00fcl\u00fck ad\u0131na ne varsa, i\u00e7inizde \u00f6ld\u00fcr\u00fcn. Ya\u015farken \u00f6l\u00fcn, dipdiri olmak i\u00e7in.\u2018Avazeyi bu \u00e2leme Davud gibi sal \/ Bak\u00ee kalan bu kubbede ho\u015f bir sada imi\u015f\u2019 diyor b\u00fcy\u00fck \u015fairimiz. Sahip oldu\u011fumuz ne varsa, bizden geriye kalacak olan ancak o ho\u015f sadad\u0131r.\u201d<\/p>\n","protected":false},"excerpt":{"rendered":"<p>\u201cBizim ilk s\u00f6z\u00fcm\u00fcz do\u011farken ba\u015flad\u0131; en b\u00fcy\u00fck ger\u00e7ek olan son s\u00f6ze do\u011fru h\u0131zla gitmekte\u2026 Hayat\u0131n girdab\u0131na kap\u0131l\u0131p gidenler i\u00e7in s\u00f6z\u00fcmd\u00fcr: Bir an olsun kendinizi d\u00fcnyan\u0131n hay<span class=\"excerpt-hellip\"> [\u2026]<\/span><\/p>\n","protected":false},"featured_media":0,"template":"","meta":{"_monsterinsights_skip_tracking":false,"_monsterinsights_sitenote_active":false,"_monsterinsights_sitenote_note":"","_monsterinsights_sitenote_category":0},"product_brand":[],"product_cat":[12777,12291],"product_tag":[],"class_list":{"0":"post-757660","1":"product","2":"type-product","3":"status-publish","5":"product_cat-deneme","6":"product_cat-edebiyat","7":"pa_cilt-ciltsiz","8":"pa_tur-kitap","9":"pa_yayinevi-otuken-nesriyat","10":"pa_yazar-mustafa-kemal-atilla","12":"first","13":"instock","14":"sale","15":"shipping-taxable","16":"purchasable","17":"product-type-simple"},"_links":{"self":[{"href":"https:\/\/roveyayinevi.com.tr\/index.php\/wp-json\/wp\/v2\/product\/757660","targetHints":{"allow":["GET"]}}],"collection":[{"href":"https:\/\/roveyayinevi.com.tr\/index.php\/wp-json\/wp\/v2\/product"}],"about":[{"href":"https:\/\/roveyayinevi.com.tr\/index.php\/wp-json\/wp\/v2\/types\/product"}],"wp:attachment":[{"href":"https:\/\/roveyayinevi.com.tr\/index.php\/wp-json\/wp\/v2\/media?parent=757660"}],"wp:term":[{"taxonomy":"product_brand","embeddable":true,"href":"https:\/\/roveyayinevi.com.tr\/index.php\/wp-json\/wp\/v2\/product_brand?post=757660"},{"taxonomy":"product_cat","embeddable":true,"href":"https:\/\/roveyayinevi.com.tr\/index.php\/wp-json\/wp\/v2\/product_cat?post=757660"},{"taxonomy":"product_tag","embeddable":true,"href":"https:\/\/roveyayinevi.com.tr\/index.php\/wp-json\/wp\/v2\/product_tag?post=757660"}],"curies":[{"name":"wp","href":"https:\/\/api.w.org\/{rel}","templated":true}]}}