{"id":757655,"date":"2025-08-28T07:42:20","date_gmt":"2025-08-28T04:42:20","guid":{"rendered":"https:\/\/roveyayinevi.com.tr\/index.php\/urun\/zilzal-suresi\/"},"modified":"2026-04-16T03:10:45","modified_gmt":"2026-04-16T00:10:45","slug":"zilzal-suresi","status":"publish","type":"product","link":"https:\/\/roveyayinevi.com.tr\/index.php\/urun\/zilzal-suresi\/","title":{"rendered":"Zilzal Suresi"},"content":{"rendered":"<p>E\u011fer k\u0131y\u00e2met v\u00fccud\u00ee k\u0131y\u00e2metse, h\u00e2diselerde sadece Rabb\u2019ini g\u00f6rd\u00fc\u011f\u00fcnden erir, nefisler sars\u0131l\u0131r. Bu e\u011fer madd\u00ee bir sars\u0131nt\u0131 ise, asl\u0131nda g\u00f6ren i\u00e7in bu sars\u0131nt\u0131, Cen\u00e2b-\u0131 Hakk\u2019\u0131n nurunun her \u015feyi sar\u0131\u015f\u0131d\u0131r. Bu kimse yapan\u0131n yapt\u0131ran\u0131n O oldu\u011funu idrak etti\u011finden ve O\u2019nun rahmetinin gaz\u00e2b\u0131n\u0131 daima \u00f6rtt\u00fc\u011f\u00fcn\u00fc bildi\u011finden h\u00e2diseleri hak\u00eekatinden seyreder. Bu ki\u015fi er ki\u015fidir. H\u00e2li ise, h\u00e2disede hizmet etmek, itiraz etmemektir.  G\u00f6r\u00fcl\u00fcyor ki iki \u00e7e\u015fit k\u0131y\u00e2met vard\u0131r: K\u00fc\u00e7\u00fck ve b\u00fcy\u00fck k\u0131y\u00e2met.  K\u00fc\u00e7\u00fck k\u0131y\u00e2met kulun idrak etmeye ba\u015flamas\u0131 ve bu idraki geli\u015ftirerek iki \u00e2lemin aras\u0131nda kalacak seviyeye eri\u015fmesidir. B\u00fcy\u00fck k\u0131y\u00e2met ise herkesin mutlaka kendi hak\u00eekatini g\u00f6rece\u011fi g\u00fcn\u00fc anlat\u0131r.  Buradan anla\u015f\u0131l\u0131yor ki herkesin kendi \u00e2y\u00e2n-\u0131 s\u00e2bitesini idrak etmesine, yani kendi hak\u00eekatini g\u00f6rmesine b\u00fcy\u00fck k\u0131y\u00e2met deniyor, ki bunlar amel defterlerini sa\u011fdan alanlard\u0131r. Baz\u0131lar\u0131 ise ta\u015f\u0131d\u0131klar\u0131 ismin hak\u00eekatinden b\u00eehaber olduklar\u0131ndan \u015fa\u015fk\u0131nl\u0131k ve pi\u015fmanl\u0131k cehennemine girecekler, ki bunlar amel defterlerini soldan alanlard\u0131r.  \u00c2cizane derim ki: Amel defterini sa\u011fdan almak, d\u00fcnyada gayretini m\u00e2nev\u00ee yolda sarf etmek demektir. Soldan almak, nefsan\u00ee yolda sarf edilen bir \u00f6m\u00fcr demektir. <\/p>\n","protected":false},"excerpt":{"rendered":"<p>E\u011fer k\u0131y\u00e2met v\u00fccud\u00ee k\u0131y\u00e2metse, h\u00e2diselerde sadece Rabb\u2019ini g\u00f6rd\u00fc\u011f\u00fcnden erir, nefisler sars\u0131l\u0131r. Bu e\u011fer madd\u00ee bir sars\u0131nt\u0131 ise, asl\u0131nda g\u00f6ren i\u00e7in bu sars\u0131nt\u0131, Cen\u00e2b-\u0131 Hakk\u2019\u0131n nurunun her<span class=\"excerpt-hellip\"> [\u2026]<\/span><\/p>\n","protected":false},"featured_media":0,"template":"","meta":{"_monsterinsights_skip_tracking":false,"_monsterinsights_sitenote_active":false,"_monsterinsights_sitenote_note":"","_monsterinsights_sitenote_category":0},"product_brand":[],"product_cat":[12718,12719,15238],"product_tag":[],"class_list":{"0":"post-757655","1":"product","2":"type-product","3":"status-publish","5":"product_cat-din","6":"product_cat-islam","7":"product_cat-tasavvuf","8":"pa_cilt-ciltsiz","9":"pa_tur-kitap","10":"pa_yayinevi-nefes-yayincilik","11":"pa_yazar-cemalnur-sargut","13":"first","14":"instock","15":"sale","16":"shipping-taxable","17":"purchasable","18":"product-type-simple"},"_links":{"self":[{"href":"https:\/\/roveyayinevi.com.tr\/index.php\/wp-json\/wp\/v2\/product\/757655","targetHints":{"allow":["GET"]}}],"collection":[{"href":"https:\/\/roveyayinevi.com.tr\/index.php\/wp-json\/wp\/v2\/product"}],"about":[{"href":"https:\/\/roveyayinevi.com.tr\/index.php\/wp-json\/wp\/v2\/types\/product"}],"wp:attachment":[{"href":"https:\/\/roveyayinevi.com.tr\/index.php\/wp-json\/wp\/v2\/media?parent=757655"}],"wp:term":[{"taxonomy":"product_brand","embeddable":true,"href":"https:\/\/roveyayinevi.com.tr\/index.php\/wp-json\/wp\/v2\/product_brand?post=757655"},{"taxonomy":"product_cat","embeddable":true,"href":"https:\/\/roveyayinevi.com.tr\/index.php\/wp-json\/wp\/v2\/product_cat?post=757655"},{"taxonomy":"product_tag","embeddable":true,"href":"https:\/\/roveyayinevi.com.tr\/index.php\/wp-json\/wp\/v2\/product_tag?post=757655"}],"curies":[{"name":"wp","href":"https:\/\/api.w.org\/{rel}","templated":true}]}}