{"id":757643,"date":"2025-08-28T07:41:56","date_gmt":"2025-08-28T04:41:56","guid":{"rendered":"https:\/\/roveyayinevi.com.tr\/index.php\/urun\/ciplak-babalar\/"},"modified":"2026-04-03T03:14:05","modified_gmt":"2026-04-03T00:14:05","slug":"ciplak-babalar","status":"publish","type":"product","link":"https:\/\/roveyayinevi.com.tr\/index.php\/urun\/ciplak-babalar\/","title":{"rendered":"\u00c7\u0131plak Babalar"},"content":{"rendered":"<p>Margit Schreiner\u2019in daha \u00f6nce yay\u0131mlad\u0131\u011f\u0131m\u0131z Sevmek Dedikleri ve Ev, Kad\u0131nlar, Seks. kitaplar\u0131n\u0131n ard\u0131ndan \u00c7\u0131plak Babalar ile \u201cAyr\u0131l\u0131k \u00dc\u00e7lemesi\u201d tamamlan\u0131yor. K\u0131z\u0131n babaya olan sevgisinin dokunakl\u0131 \u00f6yk\u00fcs\u00fc \u00c7\u0131plak Babalar\u2019da, orta ya\u015flar\u0131ndaki anlat\u0131c\u0131 \u00e7ocukluk y\u0131llar\u0131yla bug\u00fcn\u00fc aras\u0131nda usulca sal\u0131narak bilincin s\u0131n\u0131rlar\u0131nda geziniyor; \u015fimdi Alzheimer hastas\u0131 olmu\u015f, zihni kar\u0131\u015fm\u0131\u015f bir halde \u00f6l\u00fcme yakla\u015fan, \u00e7ocuklu\u011funun m\u00fckemmel babas\u0131na kendine \u00f6zg\u00fc, so\u011fukkanl\u0131 ve i\u00e7ten bir sayg\u0131 duru\u015funda bulunuyor. Margit Schreiner, bu minimalist ve par\u00e7al\u0131 roman\u0131yla okurda g\u00f6m\u00fcl\u00fc kalm\u0131\u015f an\u0131lar\u0131, \u00f6zellikle de varolu\u015fun k\u00fc\u00e7\u00fck, neredeyse unutulmu\u015f \u00e7ekirde\u011finde saklanabilen an\u0131lar\u0131 harekete ge\u00e7iriyor.    \u201cBu anlat\u0131c\u0131 elbette ac\u0131ma duygusundan yoksun oldu\u011fu i\u00e7in de\u011fil, bedensel \u00e7\u00f6k\u00fc\u015f\u00fc de dile getirme ve uzun \u00f6l\u00fcm\u00fc her anlamda alg\u0131lama \u2013onunla y\u00fczle\u015fme ve nihai ger\u00e7ekli\u011fini tan\u0131ma\u2013 arzusunda direnebilmek i\u00e7in ac\u0131mas\u0131zd\u0131r.\u201d Literatur und Kritik   \u201cBilin\u00e7li olarak duygulardan ar\u0131nm\u0131\u015f, asla ayr\u0131nt\u0131ya girmeyen bir anlat\u0131m bi\u00e7imi.\u201d Tilman Spreckelsen, Frankfurter Allgemeine Zeitung   \u201cSchreiner\u2019in roman\u0131n\u0131n g\u00fczel yan\u0131, de\u011fer yarg\u0131lar\u0131n\u0131n \u00f6tesinde bir dinginlikle bize kendi ya\u015fam\u0131m\u0131za bakmay\u0131 \u00f6\u011fretmesi. Sadece alg\u0131l\u0131yor ve bu kabulle d\u00fcnyan\u0131n ger\u00e7ek zenginli\u011fini ke\u015ffediyor.\u201d Berliner Morgenpost    \u201cAvusturya edebiyat\u0131nda pek az g\u00f6r\u00fclen virt\u00fc\u00f6zce, \u00e7ok h\u00fcz\u00fcnl\u00fc ve komik, s\u00f6zdizimi karma\u015f\u0131k ve m\u00fczikal bir eser.\u201d Karl-Markus Gau\u00df, Die Rampe <\/p>\n","protected":false},"excerpt":{"rendered":"<p>Margit Schreiner\u2019in daha \u00f6nce yay\u0131mlad\u0131\u011f\u0131m\u0131z Sevmek Dedikleri ve Ev, Kad\u0131nlar, Seks. kitaplar\u0131n\u0131n ard\u0131ndan \u00c7\u0131plak Babalar ile \u201cAyr\u0131l\u0131k \u00dc\u00e7lemesi\u201d tamamlan\u0131yor. K\u0131z\u0131n babaya olan sevgisinin dokunakl\u0131 \u00f6yk\u00fcs\u00fc \u00c7\u0131plak<span class=\"excerpt-hellip\"> [\u2026]<\/span><\/p>\n","protected":false},"featured_media":0,"template":"","meta":{"_monsterinsights_skip_tracking":false,"_monsterinsights_sitenote_active":false,"_monsterinsights_sitenote_note":"","_monsterinsights_sitenote_category":0},"product_brand":[],"product_cat":[12291,12711],"product_tag":[],"class_list":{"0":"post-757643","1":"product","2":"type-product","3":"status-publish","5":"product_cat-edebiyat","6":"product_cat-roman-oyku","7":"pa_cilt-ciltsiz","8":"pa_tur-kitap","9":"pa_yayinevi-yapi-kredi-yayinlari","10":"pa_yazar-margit-schreiner","12":"first","13":"instock","14":"sale","15":"shipping-taxable","16":"purchasable","17":"product-type-simple"},"_links":{"self":[{"href":"https:\/\/roveyayinevi.com.tr\/index.php\/wp-json\/wp\/v2\/product\/757643","targetHints":{"allow":["GET"]}}],"collection":[{"href":"https:\/\/roveyayinevi.com.tr\/index.php\/wp-json\/wp\/v2\/product"}],"about":[{"href":"https:\/\/roveyayinevi.com.tr\/index.php\/wp-json\/wp\/v2\/types\/product"}],"wp:attachment":[{"href":"https:\/\/roveyayinevi.com.tr\/index.php\/wp-json\/wp\/v2\/media?parent=757643"}],"wp:term":[{"taxonomy":"product_brand","embeddable":true,"href":"https:\/\/roveyayinevi.com.tr\/index.php\/wp-json\/wp\/v2\/product_brand?post=757643"},{"taxonomy":"product_cat","embeddable":true,"href":"https:\/\/roveyayinevi.com.tr\/index.php\/wp-json\/wp\/v2\/product_cat?post=757643"},{"taxonomy":"product_tag","embeddable":true,"href":"https:\/\/roveyayinevi.com.tr\/index.php\/wp-json\/wp\/v2\/product_tag?post=757643"}],"curies":[{"name":"wp","href":"https:\/\/api.w.org\/{rel}","templated":true}]}}