{"id":757599,"date":"2025-08-28T07:40:09","date_gmt":"2025-08-28T04:40:09","guid":{"rendered":"https:\/\/roveyayinevi.com.tr\/index.php\/urun\/dervis-edebiyati-arastirmalari-sorgunlu-sidki-baba-divani\/"},"modified":"2026-04-16T03:10:44","modified_gmt":"2026-04-16T00:10:44","slug":"dervis-edebiyati-arastirmalari-sorgunlu-sidki-baba-divani","status":"publish","type":"product","link":"https:\/\/roveyayinevi.com.tr\/index.php\/urun\/dervis-edebiyati-arastirmalari-sorgunlu-sidki-baba-divani\/","title":{"rendered":"Dervis Edebiyat\u0131 Ara\u015ft\u0131rmalar\u0131: Sorgunlu S\u0131dk\u0131 Baba Divan\u0131"},"content":{"rendered":"<p>\u201cDervi\u015f Tarz\u0131 T\u00fcrk Edebiyat\u0131\u201d ad\u0131 verilen edebiyat\u0131n muhtevas\u0131nda din ve tasavvuf \u00f6ne \u00e7\u0131kmaktad\u0131r. Muhtevaya g\u00f6re bu edebiyata \u201cDin\u00ee-Tasavvuf\u00ee T\u00fcrk Edebiyat\u0131\u201d, \u201cDin\u00ee-Tasavvuf\u00ee T\u00fcrk Halk Edebiyat\u0131\u201d, \u201cDin\u00ee-Tasavvuf\u00ee Halk Edebiyat\u0131\u201d, \u201c\u0130sl\u00e2m\u00ee T\u00fcrk Edebiyat\u0131\u201d, \u201cT\u00fcrk Tasavvuf Edebiyat\u0131\u201d gibi adlar verildi\u011fi g\u00f6r\u00fcl\u00fcr. Beslenme ve seslenme mek\u00e2nlar\u0131 genellikle \u201ctekke\u201d \u00e7evreleri oldu\u011fu i\u00e7in, bu edebiyat \u015fubesine \u201cTekke Edebiyat\u0131\u201d ad\u0131 da verilir. Bilindi\u011fi gibi \u201c\u00c2\u015f\u0131k\u201d, \u201cOzan\u201d, \u201cSaz \u015eairi\u201d, \u201c\u00c7\u00f6\u011f\u00fcr \u015eairi\u201d gibi adlarla an\u0131lan ve genellikle \u201c\u00c2\u015f\u0131k\u201d ad\u0131 etraf\u0131nda toplanan sanat\u00e7\u0131lar taraf\u0131ndan olu\u015fturulan edebiyata -temsilcilerinden hareketle- \u201c\u00c2\u015f\u0131k Tarz\u0131 T\u00fcrk Edebiyat\u0131\u201d ad\u0131 verilmektedir. \u00d6yleyse \u201cAta\u201d, \u201cDede\u201d, \u201cBaba\u201d, \u201cHoca\/Koca\u201d, \u201cPir\u201d, \u201cEren\u201d, \u201cEvliya\u201d, \u201c\u015eeyh\u201d, \u201cM\u00fcr\u015fit\u201d, \u201cAbdal\u201d, \u201cMiskin\u201d, \u201cKemter\u201d, \u201cEmre\u201d, \u201cDervi\u015f\u201d gibi adlarla an\u0131lan ve genellikle \u201cDervi\u015f\u201d ad\u0131 etraf\u0131nda toplanan mutasavv\u0131f sanat\u00e7\u0131lar taraf\u0131ndan olu\u015fturulan edebiyata da -temsilcilerinden hareketle- \u201cDervi\u015f Tarz\u0131 T\u00fcrk Edebiyat\u0131\u201d ad\u0131n\u0131 vermek m\u00fcmk\u00fcnd\u00fcr. Ayn\u0131 \u015fekilde \u201c\u00c2\u015f\u0131k Tarz\u0131 T\u00fcrk Edebiyat\u0131\u201dna k\u0131saca \u201c\u00c2\u015f\u0131k Edebiyat\u0131\u201d ad\u0131 verildi\u011fi gibi, \u201cDervi\u015f Tarz\u0131 T\u00fcrk Edebiyat\u0131\u201dna da k\u0131saca \u201cDervi\u015f Edebiyat\u0131\u201d ad\u0131 verilebilir.  Sorgunlu S\u0131dk\u0131 Baba D\u00eev\u00e2n\u0131 yaln\u0131zca bir dervi\u015f-\u015fairin \u015fiirlerinden olu\u015fmamaktad\u0131r. \u201cD\u00eev\u00e2n\u201dda, S\u0131dk\u0131\u2019n\u0131n \u015fiirlerinden ba\u015fka Yunus Emre, E\u015frefo\u011flu Rum\u00ee, Emir Sultan, Pir Sultan Abdal, \u015eah \u0130smail Hatay\u00ee, H\u00fczn\u00ee, Hasan Co\u015fkun gibi dervi\u015f-\u015fairlerin baz\u0131 \u015fiirleri ve bunlara yaz\u0131lan nazireler de yer almaktad\u0131r. Hatta Ruhsat\u00ee gibi baz\u0131 \u00e2\u015f\u0131klar\u0131n \u015fiirleri ile bu \u015fiirlere yaz\u0131lan nazirelere de yer verildi\u011fi g\u00f6r\u00fclmektedir. Bu sebeple, bu \u201cD\u00eev\u00e2n\u201d\u0131 k\u0131smen bir nazire kitab\u0131 olarak g\u00f6rmek de m\u00fcmk\u00fcnd\u00fcr.  Bayram Durbilmez taraf\u0131ndan haz\u0131rlanan kitapta Sorgunlu S\u0131dk\u0131 Baba D\u00eev\u00e2n\u0131 \u00e7e\u015fitli y\u00f6nleriyle incelenmektedir. Kitapta Sorgunlu S\u0131dk\u0131 Baba\u2019n\u0131n, S\u0131dk\u0131 mahlasl\u0131 di\u011fer \u015fairler i\u00e7indeki yeri belirlenmekte, hayat\u0131 ve \u015fairli\u011fi incelenmekte, \u015fiirlerinde kullan\u0131lan vezin, kafiye, ayak, naz\u0131m \u015fekilleri ve naz\u0131m t\u00fcrleri, dil ve \u00fcsl\u00fbp \u00f6zellikleri ayr\u0131nt\u0131l\u0131 olarak de\u011ferlendirilmektedir. \u015eiirlerin konular\u0131 a\u00e7\u0131s\u0131ndan da incelendi\u011fi \u00e7al\u0131\u015fmada ayr\u0131ca \u201cS\u0131dk\u0131 Baba D\u00eev\u00e2n\u0131\u201dnda bulunan metinler de tenkitli olarak verilmektedir. Dervi\u015f Edebiyat\u0131 Ara\u015ft\u0131rmalar\u0131: Sorgunlu S\u0131dk\u0131 Baba D\u00eev\u00e2n\u0131 adl\u0131 bu eser; T\u00fcrk Halk Edebiyat\u0131, Halk Bilimi, \u0130sl\u00e2m\u00ee T\u00fcrk Edebiyat\u0131, Dinler Tarihi gibi alanlarda uzmanla\u015fanlar ba\u015fta olmak \u00fczere, Tekke-Tasavvuf\/Dervi\u015f Edebiyat\u0131na ilgi duyan herkesin okuyabilece\u011fi bir kitapt\u0131r     <\/p>\n","protected":false},"excerpt":{"rendered":"<p>\u201cDervi\u015f Tarz\u0131 T\u00fcrk Edebiyat\u0131\u201d ad\u0131 verilen edebiyat\u0131n muhtevas\u0131nda din ve tasavvuf \u00f6ne \u00e7\u0131kmaktad\u0131r. Muhtevaya g\u00f6re bu edebiyata \u201cDin\u00ee-Tasavvuf\u00ee T\u00fcrk Edebiyat\u0131\u201d, \u201cDin\u00ee-Tasavvuf\u00ee T\u00fcrk Halk Edebiyat\u0131\u201d, \u201cDin\u00ee-Tasavvuf\u00ee Halk<span class=\"excerpt-hellip\"> [\u2026]<\/span><\/p>\n","protected":false},"featured_media":0,"template":"","meta":{"_monsterinsights_skip_tracking":false,"_monsterinsights_sitenote_active":false,"_monsterinsights_sitenote_note":"","_monsterinsights_sitenote_category":0},"product_brand":[],"product_cat":[13072,12291],"product_tag":[],"class_list":{"0":"post-757599","1":"product","2":"type-product","3":"status-publish","5":"product_cat-arastirma-inceleme-referans","6":"product_cat-edebiyat","7":"pa_cilt-ciltsiz","8":"pa_tur-kitap","9":"pa_yayinevi-bilge-kultur-sanat","10":"pa_yazar-bayram-durbilmez","12":"first","13":"instock","14":"sale","15":"shipping-taxable","16":"purchasable","17":"product-type-simple"},"_links":{"self":[{"href":"https:\/\/roveyayinevi.com.tr\/index.php\/wp-json\/wp\/v2\/product\/757599","targetHints":{"allow":["GET"]}}],"collection":[{"href":"https:\/\/roveyayinevi.com.tr\/index.php\/wp-json\/wp\/v2\/product"}],"about":[{"href":"https:\/\/roveyayinevi.com.tr\/index.php\/wp-json\/wp\/v2\/types\/product"}],"wp:attachment":[{"href":"https:\/\/roveyayinevi.com.tr\/index.php\/wp-json\/wp\/v2\/media?parent=757599"}],"wp:term":[{"taxonomy":"product_brand","embeddable":true,"href":"https:\/\/roveyayinevi.com.tr\/index.php\/wp-json\/wp\/v2\/product_brand?post=757599"},{"taxonomy":"product_cat","embeddable":true,"href":"https:\/\/roveyayinevi.com.tr\/index.php\/wp-json\/wp\/v2\/product_cat?post=757599"},{"taxonomy":"product_tag","embeddable":true,"href":"https:\/\/roveyayinevi.com.tr\/index.php\/wp-json\/wp\/v2\/product_tag?post=757599"}],"curies":[{"name":"wp","href":"https:\/\/api.w.org\/{rel}","templated":true}]}}