{"id":757596,"date":"2025-08-28T07:40:04","date_gmt":"2025-08-28T04:40:04","guid":{"rendered":"https:\/\/roveyayinevi.com.tr\/index.php\/urun\/gomasinen-hatirliyorum\/"},"modified":"2026-04-16T03:10:44","modified_gmt":"2026-04-16T00:10:44","slug":"gomasinen-hatirliyorum","status":"publish","type":"product","link":"https:\/\/roveyayinevi.com.tr\/index.php\/urun\/gomasinen-hatirliyorum\/","title":{"rendered":"Goma\u015finen &#8211; Hat\u0131rl\u0131yorum"},"content":{"rendered":"<p>\u201c35 y\u0131ll\u0131k gazeteciyim. T\u00fcrk\u00e7enin d\u0131\u015f\u0131nda, Frans\u0131zca ve \u0130ngilizceyi anlayabiliyorum, konu\u015fabiliyorum, yazabiliyorum da; ama kendi anadilim olan Lazcay\u0131 bilmiyorum. Birka\u00e7 kelimeden ibaret bir Lazca bilgim var. Bu da benim hayattaki en b\u00fcy\u00fck ukdelerimden birisi. Bu nedenle, 35 y\u0131ll\u0131k gazetecilik hayat\u0131mdan kesitleri aktarmay\u0131 hedefledi\u011fim bu podcast dizisinin ba\u015fl\u0131\u011f\u0131n\u0131 \u2018Goma\u015finen\u2019 olarak se\u00e7tim. Yani: Hat\u0131rl\u0131yorum.\u201d   Bu giri\u015fi ilk kez 5 Eyl\u00fcl 2020\u2019de kulland\u0131m. \u0130lk kez bir podcast dizisi yap\u0131yordum. Hedefim gazetecilik hayat\u0131m\u0131 anlatmakt\u0131. \u0130lk b\u00f6l\u00fcm\u00fcn ba\u015fl\u0131\u011f\u0131 \u201c\u00c7\u00f6l \u00e7ad\u0131r\u0131nda Erbakan Kaddafi g\u00f6r\u00fc\u015fmesi\u201dydi zira bu olay meslek hayat\u0131mda bizzat \u015fahit oldu\u011fum acayip bir skandald\u0131.   Belli bir ilgi g\u00f6ren diziyi bir yerde sonland\u0131rmak gerekiyordu. 16 Temmuz 2022\u2019de \u201cBir \u00f6m\u00fcr gazetecilik\u201d ba\u015fl\u0131kl\u0131 100. b\u00f6l\u00fcmle noktay\u0131 koydum.   Ama eski ku\u015fak gazeteci oldu\u011fum i\u00e7in Goma\u015finen\u2019in yaz\u0131l\u0131 olarak da varl\u0131\u011f\u0131n\u0131 s\u00fcrd\u00fcrmesini istedim ve i\u00e7inden yapt\u0131\u011f\u0131m\u0131z se\u00e7melerle elinizdeki kitap \u00e7\u0131kt\u0131. Ve gazetecilikte 40. y\u0131l\u0131n e\u015fi\u011findeyim. \u2014 Ru\u015fen \u00c7ak\u0131r <\/p>\n","protected":false},"excerpt":{"rendered":"<p>\u201c35 y\u0131ll\u0131k gazeteciyim. T\u00fcrk\u00e7enin d\u0131\u015f\u0131nda, Frans\u0131zca ve \u0130ngilizceyi anlayabiliyorum, konu\u015fabiliyorum, yazabiliyorum da; ama kendi anadilim olan Lazcay\u0131 bilmiyorum. Birka\u00e7 kelimeden ibaret bir Lazca bilgim var. Bu<span class=\"excerpt-hellip\"> [\u2026]<\/span><\/p>\n","protected":false},"featured_media":0,"template":"","meta":{"_monsterinsights_skip_tracking":false,"_monsterinsights_sitenote_active":false,"_monsterinsights_sitenote_note":"","_monsterinsights_sitenote_category":0},"product_brand":[],"product_cat":[13772,12364],"product_tag":[],"class_list":{"0":"post-757596","1":"product","2":"type-product","3":"status-publish","5":"product_cat-basvuru-kitaplari","6":"product_cat-genel-konular","7":"pa_cilt-ciltsiz","8":"pa_tur-kitap","9":"pa_yayinevi-metis-yayinlari","10":"pa_yazar-rusen-cakir","12":"first","13":"instock","14":"sale","15":"shipping-taxable","16":"purchasable","17":"product-type-simple"},"_links":{"self":[{"href":"https:\/\/roveyayinevi.com.tr\/index.php\/wp-json\/wp\/v2\/product\/757596","targetHints":{"allow":["GET"]}}],"collection":[{"href":"https:\/\/roveyayinevi.com.tr\/index.php\/wp-json\/wp\/v2\/product"}],"about":[{"href":"https:\/\/roveyayinevi.com.tr\/index.php\/wp-json\/wp\/v2\/types\/product"}],"wp:attachment":[{"href":"https:\/\/roveyayinevi.com.tr\/index.php\/wp-json\/wp\/v2\/media?parent=757596"}],"wp:term":[{"taxonomy":"product_brand","embeddable":true,"href":"https:\/\/roveyayinevi.com.tr\/index.php\/wp-json\/wp\/v2\/product_brand?post=757596"},{"taxonomy":"product_cat","embeddable":true,"href":"https:\/\/roveyayinevi.com.tr\/index.php\/wp-json\/wp\/v2\/product_cat?post=757596"},{"taxonomy":"product_tag","embeddable":true,"href":"https:\/\/roveyayinevi.com.tr\/index.php\/wp-json\/wp\/v2\/product_tag?post=757596"}],"curies":[{"name":"wp","href":"https:\/\/api.w.org\/{rel}","templated":true}]}}

Gomaşinen &#8211; Hatırlıyorum

<p>“35 yıllık gazeteciyim. Türkçenin dışında, Fransızca ve İngilizceyi anlayabiliyorum, konuşabiliyorum, yazabiliyorum da; ama kendi anadilim olan Lazcayı bilmiyorum. Birkaç kelimeden ibaret bir Lazca bilgim var. Bu da benim hayattaki en büyük ukdelerimden birisi. Bu nedenle, 35 yıllık gazetecilik hayatımdan kesitleri aktarmayı hedeflediğim bu podcast dizisinin başlığını ‘Gomaşinen’ olarak seçtim. Yani: Hatırlıyorum.”   Bu girişi ilk kez 5 Eylül 2020’de kullandım. İlk kez bir podcast dizisi yapıyordum. Hedefim gazetecilik hayatımı anlatmaktı. İlk bölümün başlığı “Çöl çadırında Erbakan Kaddafi görüşmesi”ydi zira bu olay meslek hayatımda bizzat şahit olduğum acayip bir skandaldı.   Belli bir ilgi gören diziyi bir yerde sonlandırmak gerekiyordu. 16 Temmuz 2022’de “Bir ömür gazetecilik” başlıklı 100. bölümle noktayı koydum.   Ama eski kuşak gazeteci olduğum için Gomaşinen’in yazılı olarak da varlığını sürdürmesini istedim ve içinden yaptığımız seçmelerle elinizdeki kitap çıktı. Ve gazetecilikte 40. yılın eşiğindeyim. — Ruşen Çakır </p>

<p>“35 yıllık gazeteciyim. Türkçenin dışında, Fransızca ve İngilizceyi anlayabiliyorum, konuşabiliyorum, yazabiliyorum da; ama kendi anadilim olan Lazcayı bilmiyorum. Birkaç kelimeden ibaret bir Lazca bilgim var. Bu<span class="excerpt-hellip"> […]</span></p>
