{"id":757594,"date":"2025-08-28T07:40:01","date_gmt":"2025-08-28T04:40:01","guid":{"rendered":"https:\/\/roveyayinevi.com.tr\/index.php\/urun\/yonetim-ekonomisi\/"},"modified":"2026-04-16T03:10:44","modified_gmt":"2026-04-16T00:10:44","slug":"yonetim-ekonomisi","status":"publish","type":"product","link":"https:\/\/roveyayinevi.com.tr\/index.php\/urun\/yonetim-ekonomisi\/","title":{"rendered":"Y\u00f6netim Ekonomisi"},"content":{"rendered":"<p>\u0130\u00e7indekiler     B\u00d6L\u00dcM 1: G\u0130R\u0130\u015e   B\u00d6L\u00dcM 2: P\u0130YASA DENGES\u0130   B\u00d6L\u00dcM 3: ESNEKL\u0130K   B\u00d6L\u00dcM 4: EKONOM\u0130K ETK\u0130NL\u0130K VE DEVLET M\u00dcDAHALES\u0130   B\u00d6L\u00dcM 5: T\u00dcKET\u0130C\u0130 TEOR\u0130S\u0130   B\u00d6L\u00dcM 6: \u00dcRET\u0130C\u0130 TEOR\u0130S\u0130   B\u00d6L\u00dcM 7: MAL\u0130YET TEOR\u0130S\u0130   B\u00d6L\u00dcM 8: TAM REKABET P\u0130YASASI   B\u00d6L\u00dcM 9: TEKEL P\u0130YASASI   B\u00d6L\u00dcM 10: TEKELC\u0130 REKABET VE OL\u0130GOPOL P\u0130YASASI   B\u00d6L\u00dcM 11: P\u0130YASA AKSAKLIKLARI   B\u00d6L\u00dcM 12: SERMAYE B\u00dcT\u00c7ELEMES\u0130 VE R\u0130SK   B\u00d6L\u00dcM 13: K\u00dcRESEL T\u0130CARET <\/p>\n","protected":false},"excerpt":{"rendered":"<p>\u0130\u00e7indekiler B\u00d6L\u00dcM 1: G\u0130R\u0130\u015e B\u00d6L\u00dcM 2: P\u0130YASA DENGES\u0130 B\u00d6L\u00dcM 3: ESNEKL\u0130K B\u00d6L\u00dcM 4: EKONOM\u0130K ETK\u0130NL\u0130K VE DEVLET M\u00dcDAHALES\u0130 B\u00d6L\u00dcM 5: T\u00dcKET\u0130C\u0130 TEOR\u0130S\u0130 B\u00d6L\u00dcM 6: \u00dcRET\u0130C\u0130 TEOR\u0130S\u0130<span class=\"excerpt-hellip\"> [\u2026]<\/span><\/p>\n","protected":false},"featured_media":0,"template":"","meta":{"_monsterinsights_skip_tracking":false,"_monsterinsights_sitenote_active":false,"_monsterinsights_sitenote_note":"","_monsterinsights_sitenote_category":0},"product_brand":[],"product_cat":[13043],"product_tag":[],"class_list":{"0":"post-757594","1":"product","2":"type-product","3":"status-publish","5":"product_cat-ekonomi","6":"pa_cilt-ciltsiz","7":"pa_tur-kitap","8":"pa_yayinevi-gazi-kitabevi","9":"pa_yazar-mustafa-batuhan-tufaner","11":"first","12":"instock","13":"sale","14":"shipping-taxable","15":"purchasable","16":"product-type-simple"},"_links":{"self":[{"href":"https:\/\/roveyayinevi.com.tr\/index.php\/wp-json\/wp\/v2\/product\/757594","targetHints":{"allow":["GET"]}}],"collection":[{"href":"https:\/\/roveyayinevi.com.tr\/index.php\/wp-json\/wp\/v2\/product"}],"about":[{"href":"https:\/\/roveyayinevi.com.tr\/index.php\/wp-json\/wp\/v2\/types\/product"}],"wp:attachment":[{"href":"https:\/\/roveyayinevi.com.tr\/index.php\/wp-json\/wp\/v2\/media?parent=757594"}],"wp:term":[{"taxonomy":"product_brand","embeddable":true,"href":"https:\/\/roveyayinevi.com.tr\/index.php\/wp-json\/wp\/v2\/product_brand?post=757594"},{"taxonomy":"product_cat","embeddable":true,"href":"https:\/\/roveyayinevi.com.tr\/index.php\/wp-json\/wp\/v2\/product_cat?post=757594"},{"taxonomy":"product_tag","embeddable":true,"href":"https:\/\/roveyayinevi.com.tr\/index.php\/wp-json\/wp\/v2\/product_tag?post=757594"}],"curies":[{"name":"wp","href":"https:\/\/api.w.org\/{rel}","templated":true}]}}