{"id":757591,"date":"2025-08-28T07:39:57","date_gmt":"2025-08-28T04:39:57","guid":{"rendered":"https:\/\/roveyayinevi.com.tr\/index.php\/urun\/turkce-aciklamali-fransizca-dilbilgisi\/"},"modified":"2026-04-16T03:10:43","modified_gmt":"2026-04-16T00:10:43","slug":"turkce-aciklamali-fransizca-dilbilgisi","status":"publish","type":"product","link":"https:\/\/roveyayinevi.com.tr\/index.php\/urun\/turkce-aciklamali-fransizca-dilbilgisi\/","title":{"rendered":"T\u00fcrk\u00e7e A\u00e7\u0131klamal\u0131 Frans\u0131zca DilBilgisi"},"content":{"rendered":"<p>Frans\u0131zca Dilbilgisi konular\u0131n\u0131n T\u00fcrk\u00e7e a\u00e7\u0131kland\u0131\u011f\u0131, b\u00fct\u00fcn \u00f6rneklerin T\u00fcrk\u00e7e kar\u015f\u0131l\u0131klar\u0131yla sunuldu\u011fu, k\u0131sacas\u0131 her ya\u015f ve d\u00fczeyden T\u00fcrk \u00f6\u011frenen g\u00f6zetilerek haz\u0131rlanm\u0131\u015f olan bu eser, anlat\u0131m dilindeki sadelikle \u00f6ne \u00e7\u0131kmaktad\u0131r. T\u00fcrk \u00f6\u011frenenin anadilinden hareketle s\u0131k\u00e7a yapt\u0131\u011f\u0131 yanl\u0131\u015flar ve anlamakta zorlanabilece\u011fi yap\u0131lar, her iki dilde tablolar h\u00e2linde kar\u015f\u0131la\u015ft\u0131rmal\u0131 olarak sunulmu\u015ftur. Yazar\u0131n akademik birikim ve engin tecr\u00fcbesinin yans\u0131d\u0131\u011f\u0131 bir \u00fcr\u00fcn olmas\u0131n\u0131n yan\u0131 s\u0131ra, \u00fcnl\u00fc Frans\u0131z e\u011fitim karikat\u00fcristi G\u00e9rard MATTHIEU\u2019n\u00fcn birbirinden g\u00fczel, \u00f6\u011frenirken d\u00fc\u015f\u00fcnd\u00fcrten ve anla\u015f\u0131lmas\u0131 kolay karikat\u00fcrleriyle renklendirdi\u011fi bir eser olmas\u0131 bak\u0131m\u0131ndan Frans\u0131zca \u00f6\u011frenen herkesin ba\u015fucunda bulundurmas\u0131 gereken e\u015fsiz bir kaynak niteli\u011findedir. <\/p>\n","protected":false},"excerpt":{"rendered":"<p>Frans\u0131zca Dilbilgisi konular\u0131n\u0131n T\u00fcrk\u00e7e a\u00e7\u0131kland\u0131\u011f\u0131, b\u00fct\u00fcn \u00f6rneklerin T\u00fcrk\u00e7e kar\u015f\u0131l\u0131klar\u0131yla sunuldu\u011fu, k\u0131sacas\u0131 her ya\u015f ve d\u00fczeyden T\u00fcrk \u00f6\u011frenen g\u00f6zetilerek haz\u0131rlanm\u0131\u015f olan bu eser, anlat\u0131m dilindeki sadelikle \u00f6ne<span class=\"excerpt-hellip\"> [\u2026]<\/span><\/p>\n","protected":false},"featured_media":0,"template":"","meta":{"_monsterinsights_skip_tracking":false,"_monsterinsights_sitenote_active":false,"_monsterinsights_sitenote_note":"","_monsterinsights_sitenote_category":0},"product_brand":[],"product_cat":[14597,12566],"product_tag":[],"class_list":{"0":"post-757591","1":"product","2":"type-product","3":"status-publish","5":"product_cat-dil-ogrenimi","6":"product_cat-egitim","7":"pa_cilt-ciltsiz","8":"pa_tur-kitap","9":"pa_yayinevi-delta-kultur-yayinevi","10":"pa_yazar-bayram-kose","12":"first","13":"instock","14":"sale","15":"shipping-taxable","16":"purchasable","17":"product-type-simple"},"_links":{"self":[{"href":"https:\/\/roveyayinevi.com.tr\/index.php\/wp-json\/wp\/v2\/product\/757591","targetHints":{"allow":["GET"]}}],"collection":[{"href":"https:\/\/roveyayinevi.com.tr\/index.php\/wp-json\/wp\/v2\/product"}],"about":[{"href":"https:\/\/roveyayinevi.com.tr\/index.php\/wp-json\/wp\/v2\/types\/product"}],"wp:attachment":[{"href":"https:\/\/roveyayinevi.com.tr\/index.php\/wp-json\/wp\/v2\/media?parent=757591"}],"wp:term":[{"taxonomy":"product_brand","embeddable":true,"href":"https:\/\/roveyayinevi.com.tr\/index.php\/wp-json\/wp\/v2\/product_brand?post=757591"},{"taxonomy":"product_cat","embeddable":true,"href":"https:\/\/roveyayinevi.com.tr\/index.php\/wp-json\/wp\/v2\/product_cat?post=757591"},{"taxonomy":"product_tag","embeddable":true,"href":"https:\/\/roveyayinevi.com.tr\/index.php\/wp-json\/wp\/v2\/product_tag?post=757591"}],"curies":[{"name":"wp","href":"https:\/\/api.w.org\/{rel}","templated":true}]}}