{"id":757588,"date":"2025-08-28T07:39:51","date_gmt":"2025-08-28T04:39:51","guid":{"rendered":"https:\/\/roveyayinevi.com.tr\/index.php\/urun\/nabokov\/"},"modified":"2026-04-16T03:10:43","modified_gmt":"2026-04-16T00:10:43","slug":"nabokov","status":"publish","type":"product","link":"https:\/\/roveyayinevi.com.tr\/index.php\/urun\/nabokov\/","title":{"rendered":"Nabokov"},"content":{"rendered":"<p>Andrea Pitzer, Vladimir Nabokov&#8217;un benzersiz yaz\u0131m tarz\u0131n\u0131n ve \u00f6zg\u00fcn bak\u0131\u015f a\u00e7\u0131s\u0131n\u0131n zaman i\u00e7inde nas\u0131l olu\u015ftu\u011funu, aile hik\u00e2yesinden ba\u015flayarak anlat\u0131yor. Yazar\u0131n kitaplar\u0131ndaki gizemli izleri takip ederek, onun d\u00fcnya \u00e7ap\u0131nda b\u0131rakt\u0131\u011f\u0131 etkiyi ve edebiyat tarihinde edindi\u011fi konumu ke\u015ffediyoruz.   Bu biyografi sadece bir yazar\u0131n ya\u015fam\u0131n\u0131 de\u011fil, d\u00f6nemin k\u00fclt\u00fcrel ve tarihsel ba\u011flam\u0131n\u0131 da \u00e7arp\u0131c\u0131 \u015fekilde yans\u0131t\u0131yor. Nabokov&#8217;un yarat\u0131c\u0131 dehas\u0131, \u00e7alkant\u0131l\u0131 hayat\u0131 ve edebi miras\u0131, Pitzer&#8217;in ustaca kurgulanm\u0131\u015f anlat\u0131m\u0131yla aktar\u0131l\u0131yor. &#8220;[Pitzer], birincil kaynaklar \u00fczerinden \u00f6rnek niteli\u011finde bir ara\u015ft\u0131rma yapm\u0131\u015f. Bu kitap bizi, Lolita\u2019n\u0131n ve Solgun Ate\u015f\u2019in sundu\u011fu birtak\u0131m b\u00fcy\u00fcleyici a\u00e7mazlar \u00fczerinde d\u00fc\u015f\u00fcnmeye zorluyor.&#8221; \u2013The New York Review of Books &#8220;Titiz bir ara\u015ft\u0131rman\u0131n ve akademik \u00e7al\u0131\u015fman\u0131n \u00fcr\u00fcn\u00fc, \u00e7\u0131\u011f\u0131r a\u00e7\u0131c\u0131 bir eser.&#8221; \u2013Midwest Book Review \u201c\u015e\u00fcphesiz ki, 20. y\u00fczy\u0131l\u0131n deh\u015fetleri her zaman Nabokov&#8217;un romanlar\u0131n\u0131n y\u00fczeyinin alt\u0131nda gizliydi.\u201d \u2013Minneapolis Star Tribune <\/p>\n","protected":false},"excerpt":{"rendered":"<p>Andrea Pitzer, Vladimir Nabokov&#8217;un benzersiz yaz\u0131m tarz\u0131n\u0131n ve \u00f6zg\u00fcn bak\u0131\u015f a\u00e7\u0131s\u0131n\u0131n zaman i\u00e7inde nas\u0131l olu\u015ftu\u011funu, aile hik\u00e2yesinden ba\u015flayarak anlat\u0131yor. Yazar\u0131n kitaplar\u0131ndaki gizemli izleri takip ederek, onun<span class=\"excerpt-hellip\"> [\u2026]<\/span><\/p>\n","protected":false},"featured_media":0,"template":"","meta":{"_monsterinsights_skip_tracking":false,"_monsterinsights_sitenote_active":false,"_monsterinsights_sitenote_note":"","_monsterinsights_sitenote_category":0},"product_brand":[],"product_cat":[14009,12291],"product_tag":[],"class_list":{"0":"post-757588","1":"product","2":"type-product","3":"status-publish","5":"product_cat-biyografi-otobiyografi-edebiyat","6":"product_cat-edebiyat","7":"pa_cilt-ciltsiz","8":"pa_tur-kitap","9":"pa_yayinevi-alfa-yayinlari","10":"pa_yazar-andrea-pitzer","12":"first","13":"instock","14":"sale","15":"shipping-taxable","16":"purchasable","17":"product-type-simple"},"_links":{"self":[{"href":"https:\/\/roveyayinevi.com.tr\/index.php\/wp-json\/wp\/v2\/product\/757588","targetHints":{"allow":["GET"]}}],"collection":[{"href":"https:\/\/roveyayinevi.com.tr\/index.php\/wp-json\/wp\/v2\/product"}],"about":[{"href":"https:\/\/roveyayinevi.com.tr\/index.php\/wp-json\/wp\/v2\/types\/product"}],"wp:attachment":[{"href":"https:\/\/roveyayinevi.com.tr\/index.php\/wp-json\/wp\/v2\/media?parent=757588"}],"wp:term":[{"taxonomy":"product_brand","embeddable":true,"href":"https:\/\/roveyayinevi.com.tr\/index.php\/wp-json\/wp\/v2\/product_brand?post=757588"},{"taxonomy":"product_cat","embeddable":true,"href":"https:\/\/roveyayinevi.com.tr\/index.php\/wp-json\/wp\/v2\/product_cat?post=757588"},{"taxonomy":"product_tag","embeddable":true,"href":"https:\/\/roveyayinevi.com.tr\/index.php\/wp-json\/wp\/v2\/product_tag?post=757588"}],"curies":[{"name":"wp","href":"https:\/\/api.w.org\/{rel}","templated":true}]}}