{"id":757582,"date":"2025-08-28T07:39:39","date_gmt":"2025-08-28T04:39:39","guid":{"rendered":"https:\/\/roveyayinevi.com.tr\/index.php\/urun\/kalbinin-rotasindaki-kadinlar\/"},"modified":"2026-04-16T03:10:43","modified_gmt":"2026-04-16T00:10:43","slug":"kalbinin-rotasindaki-kadinlar","status":"publish","type":"product","link":"https:\/\/roveyayinevi.com.tr\/index.php\/urun\/kalbinin-rotasindaki-kadinlar\/","title":{"rendered":"Kalbinin Rotas\u0131ndaki Kad\u0131nlar"},"content":{"rendered":"<p>T\u00fcrkiye&#8217;nin ilk dublaj sanat\u00e7\u0131lar\u0131ndan Adalet Cimcoz, dram\u0131n\u0131 ne\u015fesiyle \u00f6rten Adile Na\u015fit, &#8220;Ben moday\u0131 taklit etmem, yarat\u0131r\u0131m,&#8221; diyen Alev Ebuzziya, ilk kad\u0131n parti genel ba\u015fkan\u0131 Behice Boran, hastaneler kuran Bezm-i \u00c2lem Sultan, rehberi &#8220;K\u00fc\u00e7\u00fck Prens&#8221; olan filozof \u0130oanna Ku\u00e7uradi ve di\u011ferleri\u2026 T\u00fcrkiye&#8217;nin farkl\u0131 d\u00f6nemlerinden, toplumun farkl\u0131 katmanlar\u0131ndan gelseler de kendilerine dayat\u0131lanlar\u0131 de\u011fil, kalplerinin sesini dinlemeyi tercih eden k\u0131rk bir kad\u0131n\u0131n \u00e7arp\u0131c\u0131 hayat \u00f6yk\u00fcleri \u00fclkenin yak\u0131n tarihine \u0131\u015f\u0131k tutarken kendi yolunda ilerlemek isteyenlere ilham oluyor. <\/p>\n","protected":false},"excerpt":{"rendered":"<p>T\u00fcrkiye&#8217;nin ilk dublaj sanat\u00e7\u0131lar\u0131ndan Adalet Cimcoz, dram\u0131n\u0131 ne\u015fesiyle \u00f6rten Adile Na\u015fit, &#8220;Ben moday\u0131 taklit etmem, yarat\u0131r\u0131m,&#8221; diyen Alev Ebuzziya, ilk kad\u0131n parti genel ba\u015fkan\u0131 Behice Boran,<span class=\"excerpt-hellip\"> [\u2026]<\/span><\/p>\n","protected":false},"featured_media":0,"template":"","meta":{"_monsterinsights_skip_tracking":false,"_monsterinsights_sitenote_active":false,"_monsterinsights_sitenote_note":"","_monsterinsights_sitenote_category":0},"product_brand":[],"product_cat":[14009,12291],"product_tag":[],"class_list":{"0":"post-757582","1":"product","2":"type-product","3":"status-publish","5":"product_cat-biyografi-otobiyografi-edebiyat","6":"product_cat-edebiyat","7":"pa_cilt-ciltsiz","8":"pa_tur-kitap","9":"pa_yayinevi-mona-kitap","10":"pa_yazar-melda-davran","12":"first","13":"instock","14":"sale","15":"shipping-taxable","16":"purchasable","17":"product-type-simple"},"_links":{"self":[{"href":"https:\/\/roveyayinevi.com.tr\/index.php\/wp-json\/wp\/v2\/product\/757582","targetHints":{"allow":["GET"]}}],"collection":[{"href":"https:\/\/roveyayinevi.com.tr\/index.php\/wp-json\/wp\/v2\/product"}],"about":[{"href":"https:\/\/roveyayinevi.com.tr\/index.php\/wp-json\/wp\/v2\/types\/product"}],"wp:attachment":[{"href":"https:\/\/roveyayinevi.com.tr\/index.php\/wp-json\/wp\/v2\/media?parent=757582"}],"wp:term":[{"taxonomy":"product_brand","embeddable":true,"href":"https:\/\/roveyayinevi.com.tr\/index.php\/wp-json\/wp\/v2\/product_brand?post=757582"},{"taxonomy":"product_cat","embeddable":true,"href":"https:\/\/roveyayinevi.com.tr\/index.php\/wp-json\/wp\/v2\/product_cat?post=757582"},{"taxonomy":"product_tag","embeddable":true,"href":"https:\/\/roveyayinevi.com.tr\/index.php\/wp-json\/wp\/v2\/product_tag?post=757582"}],"curies":[{"name":"wp","href":"https:\/\/api.w.org\/{rel}","templated":true}]}}

Kalbinin Rotasındaki Kadınlar

<p>Türkiye&#8217;nin ilk dublaj sanatçılarından Adalet Cimcoz, dramını neşesiyle örten Adile Naşit, &#8220;Ben modayı taklit etmem, yaratırım,&#8221; diyen Alev Ebuzziya, ilk kadın parti genel başkanı Behice Boran, hastaneler kuran Bezm-i Âlem Sultan, rehberi &#8220;Küçük Prens&#8221; olan filozof İoanna Kuçuradi ve diğerleri… Türkiye&#8217;nin farklı dönemlerinden, toplumun farklı katmanlarından gelseler de kendilerine dayatılanları değil, kalplerinin sesini dinlemeyi tercih eden kırk bir kadının çarpıcı hayat öyküleri ülkenin yakın tarihine ışık tutarken kendi yolunda ilerlemek isteyenlere ilham oluyor. </p>

<p>Türkiye&#8217;nin ilk dublaj sanatçılarından Adalet Cimcoz, dramını neşesiyle örten Adile Naşit, &#8220;Ben modayı taklit etmem, yaratırım,&#8221; diyen Alev Ebuzziya, ilk kadın parti genel başkanı Behice Boran,<span class="excerpt-hellip"> […]</span></p>
