{"id":757541,"date":"2025-08-28T07:38:39","date_gmt":"2025-08-28T04:38:39","guid":{"rendered":"https:\/\/roveyayinevi.com.tr\/index.php\/urun\/gelecegin-antropolojisi-felsefi-bir-sorusturma\/"},"modified":"2026-04-16T03:10:42","modified_gmt":"2026-04-16T00:10:42","slug":"gelecegin-antropolojisi-felsefi-bir-sorusturma","status":"publish","type":"product","link":"https:\/\/roveyayinevi.com.tr\/index.php\/urun\/gelecegin-antropolojisi-felsefi-bir-sorusturma\/","title":{"rendered":"Gelece\u011fin Antropolojisi \u2013 Felsefi Bir Soru\u015fturma"},"content":{"rendered":"<p>\u0130nsan\u0131 insan yapan niteliklerin ba\u015f\u0131nda ku\u015fat\u0131c\u0131 ve keskin bir zaman bilincinin geldi\u011fi fikri \u00f6teden beri felsefede, dinlerde ve mitolojilerde \u00f6nemli bir yer tutuyor. Hatta insan\u0131 ge\u00e7mi\u015f, \u015fimdi ve gelecek aras\u0131nda bir k\u00f6pr\u00fc, bir d\u00fc\u011f\u00fcm noktas\u0131 olarak g\u00f6rmek, say\u0131s\u0131z k\u00fclt\u00fcrde insan\u0131n kendine ve d\u00fcnyaya bak\u0131\u015f\u0131n\u0131n \u00f6nemli bir par\u00e7as\u0131n\u0131 olu\u015fturageldi. B\u00f6yle olmas\u0131na ra\u011fmen sosyal bilimlerin ve \u00f6zellikle de insan\u0131 konu edindi\u011fini iddia edegelmi\u015f antropolojinin ge\u00e7mi\u015fe ve \u015fimdiye odaklanarak gelece\u011fi b\u00fcy\u00fck \u00f6l\u00e7\u00fcde ihm\u00e2l etti\u011fi, hatta bu ihmalin antropolojinin gelece\u011fini de ku\u015fkulu h\u00e2le getirdi\u011fi y\u00f6n\u00fcnde ele\u015ftiriler bir s\u00fcredir daha y\u00fcksek sesle dillendiriliyor. Bu kitap, insan\u0131 ve k\u00fclt\u00fcrleri anlamada gelece\u011fin ve gelecek bilincinin oynad\u0131\u011f\u0131 role odaklan\u0131yor. Aristoteles ve Augustinus\u2019tan Husserl, Heidegger, Ricoeur, ve Schatzki\u2019ye kadar uzanan bir d\u00fc\u015f\u00fcnce gelene\u011finin \u0131\u015f\u0131\u011f\u0131nda, gelece\u011fin bizim i\u00e7in haz\u0131rlad\u0131klar\u0131n\u0131 ve bizim gelece\u011fe haz\u0131rlanma tarzlar\u0131m\u0131z\u0131 ortaya koyarak, gelece\u011fi antropolojiye d\u00e2hil etmenin ve antropolojiyi gelece\u011fe ta\u015f\u0131man\u0131n ko\u015fullar\u0131n\u0131 belirlemeyi ama\u00e7l\u0131yor. \u0130nsan\u0131 g\u00fcndelik pratikleri i\u00e7inde gelecekle, hen\u00fcz olmam\u0131\u015f olanla, \u201colandan ba\u015fka\u201dyla kurdu\u011fu ili\u015fki \u00fczerinden ele alman\u0131n, \u201cyeni\u201d ve gelece\u011fe miras b\u0131rak\u0131labilecek bir sosyal antropoloji geli\u015ftirmenin olana\u011f\u0131n\u0131 ara\u015ft\u0131r\u0131yor.<\/p>\n","protected":false},"excerpt":{"rendered":"<p>\u0130nsan\u0131 insan yapan niteliklerin ba\u015f\u0131nda ku\u015fat\u0131c\u0131 ve keskin bir zaman bilincinin geldi\u011fi fikri \u00f6teden beri felsefede, dinlerde ve mitolojilerde \u00f6nemli bir yer tutuyor. Hatta insan\u0131 ge\u00e7mi\u015f,<span class=\"excerpt-hellip\"> [\u2026]<\/span><\/p>\n","protected":false},"featured_media":0,"template":"","meta":{"_monsterinsights_skip_tracking":false,"_monsterinsights_sitenote_active":false,"_monsterinsights_sitenote_note":"","_monsterinsights_sitenote_category":0},"product_brand":[],"product_cat":[15499,13488],"product_tag":[],"class_list":{"0":"post-757541","1":"product","2":"type-product","3":"status-publish","5":"product_cat-antropoloji","6":"product_cat-toplum-ve-insan","7":"pa_cilt-ciltsiz","8":"pa_tur-kitap","9":"pa_yayinevi-fol-kitap","10":"pa_yazar-rebecca-bryant","12":"first","13":"instock","14":"sale","15":"shipping-taxable","16":"purchasable","17":"product-type-simple"},"_links":{"self":[{"href":"https:\/\/roveyayinevi.com.tr\/index.php\/wp-json\/wp\/v2\/product\/757541","targetHints":{"allow":["GET"]}}],"collection":[{"href":"https:\/\/roveyayinevi.com.tr\/index.php\/wp-json\/wp\/v2\/product"}],"about":[{"href":"https:\/\/roveyayinevi.com.tr\/index.php\/wp-json\/wp\/v2\/types\/product"}],"wp:attachment":[{"href":"https:\/\/roveyayinevi.com.tr\/index.php\/wp-json\/wp\/v2\/media?parent=757541"}],"wp:term":[{"taxonomy":"product_brand","embeddable":true,"href":"https:\/\/roveyayinevi.com.tr\/index.php\/wp-json\/wp\/v2\/product_brand?post=757541"},{"taxonomy":"product_cat","embeddable":true,"href":"https:\/\/roveyayinevi.com.tr\/index.php\/wp-json\/wp\/v2\/product_cat?post=757541"},{"taxonomy":"product_tag","embeddable":true,"href":"https:\/\/roveyayinevi.com.tr\/index.php\/wp-json\/wp\/v2\/product_tag?post=757541"}],"curies":[{"name":"wp","href":"https:\/\/api.w.org\/{rel}","templated":true}]}}