{"id":757539,"date":"2025-08-28T07:38:37","date_gmt":"2025-08-28T04:38:37","guid":{"rendered":"https:\/\/roveyayinevi.com.tr\/index.php\/urun\/denizin-gidisi-kemalin-gelisi-chp-uzerinden-turkiyeye-operasyon\/"},"modified":"2026-04-16T03:10:42","modified_gmt":"2026-04-16T00:10:42","slug":"denizin-gidisi-kemalin-gelisi-chp-uzerinden-turkiyeye-operasyon","status":"publish","type":"product","link":"https:\/\/roveyayinevi.com.tr\/index.php\/urun\/denizin-gidisi-kemalin-gelisi-chp-uzerinden-turkiyeye-operasyon\/","title":{"rendered":"Deniz&#8217;in Gidi\u015fi Kemal&#8217;in Geli\u015fi &#8211; CHP \u00dczerinden T\u00fcrkiye\u2019ye Operasyon"},"content":{"rendered":"<p>&#8211; Baykal, Irak\u2019a m\u00fcdahalenin siyasi, hukuki ve ahlaki olmad\u0131\u011f\u0131n\u0131 hangi ABD\u2019li yetkilinin y\u00fcz\u00fcne s\u00f6yledi? &#8211; \u201cABD, Baykal\u2019dan hesap sorar.\u201d diyen \u00fcnl\u00fc isim kim? &#8211; Baykal, \u201cT\u00fcrkiye, Kemalizm\u2019den kurtulmal\u0131\u2026\u201d diyen Avrupal\u0131 Sosyalistlere nas\u0131l rest \u00e7ekti? &#8211; \u201cBaykal istifa ettirilir, yerine\u2026 getirilir.\u201d ifadesi nerede kullan\u0131ld\u0131? &#8211; Baykal\u2019a hangi i\u015f adam\u0131 CHP y\u00f6netiminde istemedikleri isimlerin listesini verdi? &#8211; Baykal\u2019a g\u00f6nderilen imzas\u0131z mektupta, \u201cSat\u0131l\u0131k Laterna\u201d ilan\u0131 vermesini kimler istedi? &#8211; Baykal, kasetinin yay\u0131nlanaca\u011f\u0131n\u0131 biliyor muydu? &#8211; Baykal\u2019a kaset komplosunun arkas\u0131nda kimler var? &#8211; Baykal, kaset olay\u0131 \u00f6ncesi nas\u0131l, neden tehdit edildi, kim tehdit etti? &#8211; Baykal, kaset olay\u0131 patlak verdikten sonra neden \u201cPensilvanya\u2019n\u0131n samimiyetine inan\u0131yorum.\u201d dedi? &#8211; Baykal\u2019\u0131 kaset yay\u0131nland\u0131ktan sonra Fetullah G\u00fclen\u2019in yan\u0131ndan kim arad\u0131? &#8211; Baykal, CHP Genel Ba\u015fkanl\u0131\u011f\u0131ndan istifa sonras\u0131 gazetecileri atlat\u0131p nereye gitti, kimlerle g\u00f6r\u00fc\u015ft\u00fc? &#8211; 16 g\u00fcnde CHP\u2019nin ve T\u00fcrkiye\u2019nin gelece\u011fi nas\u0131l de\u011fi\u015ftirildi?   CHP \u00fczerinden T\u00fcrkiye\u2019ye nas\u0131l operasyon yap\u0131ld\u0131\u011f\u0131n\u0131, Atat\u00fcrk\u2019\u00fcn Partisinin ve \u00fclkemizin nas\u0131l d\u00f6n\u00fc\u015ft\u00fcr\u00fcld\u00fc\u011f\u00fcn\u00fc anlatan bu eseri okudu\u011funuzda \u00e7ok \u015fa\u015f\u0131racak, bir gazetecinin g\u00f6zlem, ara\u015ft\u0131rma ve an\u0131lar\u0131n\u0131 keyifle okuyacaks\u0131n\u0131z. <\/p>\n","protected":false},"excerpt":{"rendered":"<p>&#8211; Baykal, Irak\u2019a m\u00fcdahalenin siyasi, hukuki ve ahlaki olmad\u0131\u011f\u0131n\u0131 hangi ABD\u2019li yetkilinin y\u00fcz\u00fcne s\u00f6yledi? &#8211; \u201cABD, Baykal\u2019dan hesap sorar.\u201d diyen \u00fcnl\u00fc isim kim? &#8211; Baykal, \u201cT\u00fcrkiye,<span class=\"excerpt-hellip\"> [\u2026]<\/span><\/p>\n","protected":false},"featured_media":0,"template":"","meta":{"_monsterinsights_skip_tracking":false,"_monsterinsights_sitenote_active":false,"_monsterinsights_sitenote_note":"","_monsterinsights_sitenote_category":0},"product_brand":[],"product_cat":[12337],"product_tag":[],"class_list":{"0":"post-757539","1":"product","2":"type-product","3":"status-publish","5":"product_cat-politika-siyaset","6":"pa_cilt-ciltsiz","7":"pa_tur-kitap","8":"pa_yayinevi-galeati-yayincilik","9":"pa_yazar-senol-ates","11":"first","12":"instock","13":"sale","14":"shipping-taxable","15":"purchasable","16":"product-type-simple"},"_links":{"self":[{"href":"https:\/\/roveyayinevi.com.tr\/index.php\/wp-json\/wp\/v2\/product\/757539","targetHints":{"allow":["GET"]}}],"collection":[{"href":"https:\/\/roveyayinevi.com.tr\/index.php\/wp-json\/wp\/v2\/product"}],"about":[{"href":"https:\/\/roveyayinevi.com.tr\/index.php\/wp-json\/wp\/v2\/types\/product"}],"wp:attachment":[{"href":"https:\/\/roveyayinevi.com.tr\/index.php\/wp-json\/wp\/v2\/media?parent=757539"}],"wp:term":[{"taxonomy":"product_brand","embeddable":true,"href":"https:\/\/roveyayinevi.com.tr\/index.php\/wp-json\/wp\/v2\/product_brand?post=757539"},{"taxonomy":"product_cat","embeddable":true,"href":"https:\/\/roveyayinevi.com.tr\/index.php\/wp-json\/wp\/v2\/product_cat?post=757539"},{"taxonomy":"product_tag","embeddable":true,"href":"https:\/\/roveyayinevi.com.tr\/index.php\/wp-json\/wp\/v2\/product_tag?post=757539"}],"curies":[{"name":"wp","href":"https:\/\/api.w.org\/{rel}","templated":true}]}}