{"id":757522,"date":"2025-08-28T07:38:12","date_gmt":"2025-08-28T04:38:12","guid":{"rendered":"https:\/\/roveyayinevi.com.tr\/index.php\/urun\/ephesus-yayinlari-2024-planlama-ajandasi-ciltli\/"},"modified":"2026-04-16T03:10:42","modified_gmt":"2026-04-16T00:10:42","slug":"ephesus-yayinlari-2024-planlama-ajandasi-ciltli","status":"publish","type":"product","link":"https:\/\/roveyayinevi.com.tr\/index.php\/urun\/ephesus-yayinlari-2024-planlama-ajandasi-ciltli\/","title":{"rendered":"Ephesus Yay\u0131nlar\u0131 2024 Planlama Ajandas\u0131  (Ciltli)"},"content":{"rendered":"<p>Planlama Ajandas\u0131 ile ayl\u0131k ve haftal\u0131k programlar\u0131n\u0131z\u0131 yapabilir, her ay farkl\u0131 kategorilerde \u00f6nerilen kitaplar ile kendinize okuma plan\u0131 olu\u015fturabilirsiniz.   Ephesus Planlama Ajandas\u0131 i\u00e7inde yer alanlar:   -Her Aya \u00d6zel Kitap \u00d6nerileri -Mod \u00c7izelgeleri -Zinciri K\u0131r Etkinlikleri -Film ve Kitap Listesi -Do\u011fum G\u00fcn\u00fc Tablosu -G\u00fcnl\u00fck ve Ayl\u0131k Planlay\u0131c\u0131 <\/p>\n","protected":false},"excerpt":{"rendered":"<p>Planlama Ajandas\u0131 ile ayl\u0131k ve haftal\u0131k programlar\u0131n\u0131z\u0131 yapabilir, her ay farkl\u0131 kategorilerde \u00f6nerilen kitaplar ile kendinize okuma plan\u0131 olu\u015fturabilirsiniz. Ephesus Planlama Ajandas\u0131 i\u00e7inde yer alanlar: -Her<span class=\"excerpt-hellip\"> [\u2026]<\/span><\/p>\n","protected":false},"featured_media":0,"template":"","meta":{"_monsterinsights_skip_tracking":false,"_monsterinsights_sitenote_active":false,"_monsterinsights_sitenote_note":"","_monsterinsights_sitenote_category":0},"product_brand":[],"product_cat":[28265,15563],"product_tag":[],"class_list":{"0":"post-757522","1":"product","2":"type-product","3":"status-publish","5":"product_cat-diger-hobi","6":"product_cat-hobi","7":"pa_cilt-ciltli","8":"pa_tur-kitap20","9":"pa_yayinevi-ephesus-yayinlari","10":"pa_yazar-kolektif","12":"first","13":"instock","14":"sale","15":"shipping-taxable","16":"purchasable","17":"product-type-simple"},"_links":{"self":[{"href":"https:\/\/roveyayinevi.com.tr\/index.php\/wp-json\/wp\/v2\/product\/757522","targetHints":{"allow":["GET"]}}],"collection":[{"href":"https:\/\/roveyayinevi.com.tr\/index.php\/wp-json\/wp\/v2\/product"}],"about":[{"href":"https:\/\/roveyayinevi.com.tr\/index.php\/wp-json\/wp\/v2\/types\/product"}],"wp:attachment":[{"href":"https:\/\/roveyayinevi.com.tr\/index.php\/wp-json\/wp\/v2\/media?parent=757522"}],"wp:term":[{"taxonomy":"product_brand","embeddable":true,"href":"https:\/\/roveyayinevi.com.tr\/index.php\/wp-json\/wp\/v2\/product_brand?post=757522"},{"taxonomy":"product_cat","embeddable":true,"href":"https:\/\/roveyayinevi.com.tr\/index.php\/wp-json\/wp\/v2\/product_cat?post=757522"},{"taxonomy":"product_tag","embeddable":true,"href":"https:\/\/roveyayinevi.com.tr\/index.php\/wp-json\/wp\/v2\/product_tag?post=757522"}],"curies":[{"name":"wp","href":"https:\/\/api.w.org\/{rel}","templated":true}]}}