{"id":757493,"date":"2025-08-28T07:37:23","date_gmt":"2025-08-28T04:37:23","guid":{"rendered":"https:\/\/roveyayinevi.com.tr\/index.php\/urun\/nasil-prenses-oldum-3\/"},"modified":"2026-04-03T03:14:02","modified_gmt":"2026-04-03T00:14:02","slug":"nasil-prenses-oldum-3","status":"publish","type":"product","link":"https:\/\/roveyayinevi.com.tr\/index.php\/urun\/nasil-prenses-oldum-3\/","title":{"rendered":"Nas\u0131l Prenses Oldum 3"},"content":{"rendered":"<p>TAKD\u0130M BALOSU!   D\u00dcK ALPHEUS, BU SEFER DE JENNETTE\u2019N\u0130N CLAUDE\u2019UN KIZI OLDU\u011eUNU \u0130DD\u0130A EDECEK M\u0130?   E\u011eER \u0130DD\u0130A EDECEKSE&#8230; CLAUDE NASIL TEPK\u0130 VERECEK?   \u201cBUG\u00dcN BABAMLA B\u0130RL\u0130KTE OLAB\u0130LECE\u011e\u0130M \u0130\u00c7\u0130N MUTLUYUM.\u201d   \u201cAN\u0130DEN ORTAYA D\u00d6K\u00dcLENLER BEN\u0130M H\u0130SLER\u0130MD\u0130.\u201d   \u201cE\u011eER CLAUDE JENNETTE\u2019DEN DOLAYI BEN\u0130 SEVMEZSE DE O BEN\u0130M DE\u011eERL\u0130 BABAM VE ONU \u00c7OK SEVD\u0130M.\u201d   \u201cHO\u015e\u00c7A KAL BABA.\u201d <\/p>\n","protected":false},"excerpt":{"rendered":"<p>TAKD\u0130M BALOSU! D\u00dcK ALPHEUS, BU SEFER DE JENNETTE\u2019N\u0130N CLAUDE\u2019UN KIZI OLDU\u011eUNU \u0130DD\u0130A EDECEK M\u0130? E\u011eER \u0130DD\u0130A EDECEKSE&#8230; CLAUDE NASIL TEPK\u0130 VERECEK? \u201cBUG\u00dcN BABAMLA B\u0130RL\u0130KTE OLAB\u0130LECE\u011e\u0130M \u0130\u00c7\u0130N<span class=\"excerpt-hellip\"> [\u2026]<\/span><\/p>\n","protected":false},"featured_media":0,"template":"","meta":{"_monsterinsights_skip_tracking":false,"_monsterinsights_sitenote_active":false,"_monsterinsights_sitenote_note":"","_monsterinsights_sitenote_category":0},"product_brand":[],"product_cat":[12416,12291],"product_tag":[],"class_list":{"0":"post-757493","1":"product","2":"type-product","3":"status-publish","5":"product_cat-cizgi-roman","6":"product_cat-edebiyat","7":"pa_cilt-ciltsiz","8":"pa_tur-kitap","9":"pa_yayinevi-athica-yayinlari","10":"pa_yazar-plutus","12":"first","13":"instock","14":"sale","15":"shipping-taxable","16":"purchasable","17":"product-type-simple"},"_links":{"self":[{"href":"https:\/\/roveyayinevi.com.tr\/index.php\/wp-json\/wp\/v2\/product\/757493","targetHints":{"allow":["GET"]}}],"collection":[{"href":"https:\/\/roveyayinevi.com.tr\/index.php\/wp-json\/wp\/v2\/product"}],"about":[{"href":"https:\/\/roveyayinevi.com.tr\/index.php\/wp-json\/wp\/v2\/types\/product"}],"wp:attachment":[{"href":"https:\/\/roveyayinevi.com.tr\/index.php\/wp-json\/wp\/v2\/media?parent=757493"}],"wp:term":[{"taxonomy":"product_brand","embeddable":true,"href":"https:\/\/roveyayinevi.com.tr\/index.php\/wp-json\/wp\/v2\/product_brand?post=757493"},{"taxonomy":"product_cat","embeddable":true,"href":"https:\/\/roveyayinevi.com.tr\/index.php\/wp-json\/wp\/v2\/product_cat?post=757493"},{"taxonomy":"product_tag","embeddable":true,"href":"https:\/\/roveyayinevi.com.tr\/index.php\/wp-json\/wp\/v2\/product_tag?post=757493"}],"curies":[{"name":"wp","href":"https:\/\/api.w.org\/{rel}","templated":true}]}}