{"id":757488,"date":"2025-08-28T07:37:14","date_gmt":"2025-08-28T04:37:14","guid":{"rendered":"https:\/\/roveyayinevi.com.tr\/index.php\/urun\/duyusuzlar\/"},"modified":"2026-04-16T03:10:41","modified_gmt":"2026-04-16T00:10:41","slug":"duyusuzlar","status":"publish","type":"product","link":"https:\/\/roveyayinevi.com.tr\/index.php\/urun\/duyusuzlar\/","title":{"rendered":"Duyusuzlar"},"content":{"rendered":"<p>G\u00f6rmezden geldi\u011fin her \u015fey, tam da \u015fu an gelece\u011fini in\u015fa ediyor. G\u00f6rmek, duymak, tatmak, koklamak ve hissetmek&#8230; \u0130nsano\u011flunun y\u00f6netme ve geli\u015ftirme kabiliyetine sahip oldu\u011fu \u00fcst\u00fcn niteliklerinden say\u0131lan be\u015f duyu&#8230; Ne var ki art\u0131k hepsi k\u00f6reldi hatta \u00e7o\u011funda hi\u00e7biri \u00e7al\u0131\u015fm\u0131yor bile. G\u00f6zler var g\u00f6rm\u00fcyor, diller var tek s\u00f6z\u00fc yok, t\u00fcrl\u00fc \u00e7e\u015fitli lezzetler do\u011fmaya devam ediyor ama a\u011f\u0131zlar\u0131n tad\u0131 yok, pahal\u0131 parf\u00fcmlerden tenin ger\u00e7ek kokusuna ula\u015fmak, \u00f6tekini ay\u0131rt etmek, hissetmek neredeyse m\u00fcmk\u00fcn de\u011fil. Duyusuzluk \u00e7a\u011f\u0131, uzaklarda distopik bir evren gibi g\u00f6r\u00fcnse de asl\u0131nda tam olarak i\u00e7ine do\u011fdu\u011fumuz narsistik ve teknolojik d\u00fcnyan\u0131n tam da kendisi&#8230; Yazar Yelda K\u0131r\u00e7uval\u2019\u0131n kaleme ald\u0131\u011f\u0131 Duyusuzlar roman\u0131, hayat\u0131n i\u00e7inden kahramanlar\u0131n, suyun kaynamakta oldu\u011funu hissedene kadar \u00f6ld\u00fc\u011f\u00fcn\u00fc fark edemeyen kurba\u011falara nas\u0131l d\u00f6n\u00fc\u015ft\u00fcklerinin trajik ve son derece d\u00fc\u015f\u00fcnd\u00fcr\u00fcc\u00fc \u00f6yk\u00fcs\u00fcd\u00fcr. <\/p>\n","protected":false},"excerpt":{"rendered":"<p>G\u00f6rmezden geldi\u011fin her \u015fey, tam da \u015fu an gelece\u011fini in\u015fa ediyor. G\u00f6rmek, duymak, tatmak, koklamak ve hissetmek&#8230; \u0130nsano\u011flunun y\u00f6netme ve geli\u015ftirme kabiliyetine sahip oldu\u011fu \u00fcst\u00fcn niteliklerinden<span class=\"excerpt-hellip\"> [\u2026]<\/span><\/p>\n","protected":false},"featured_media":0,"template":"","meta":{"_monsterinsights_skip_tracking":false,"_monsterinsights_sitenote_active":false,"_monsterinsights_sitenote_note":"","_monsterinsights_sitenote_category":0},"product_brand":[],"product_cat":[12291,18202],"product_tag":[],"class_list":{"0":"post-757488","1":"product","2":"type-product","3":"status-publish","5":"product_cat-edebiyat","6":"product_cat-hikaye","7":"pa_cilt-ciltsiz","8":"pa_tur-kitap","9":"pa_yayinevi-destek-yayinlari","10":"pa_yazar-yelda-kircuval","12":"first","13":"instock","14":"sale","15":"shipping-taxable","16":"purchasable","17":"product-type-simple"},"_links":{"self":[{"href":"https:\/\/roveyayinevi.com.tr\/index.php\/wp-json\/wp\/v2\/product\/757488","targetHints":{"allow":["GET"]}}],"collection":[{"href":"https:\/\/roveyayinevi.com.tr\/index.php\/wp-json\/wp\/v2\/product"}],"about":[{"href":"https:\/\/roveyayinevi.com.tr\/index.php\/wp-json\/wp\/v2\/types\/product"}],"wp:attachment":[{"href":"https:\/\/roveyayinevi.com.tr\/index.php\/wp-json\/wp\/v2\/media?parent=757488"}],"wp:term":[{"taxonomy":"product_brand","embeddable":true,"href":"https:\/\/roveyayinevi.com.tr\/index.php\/wp-json\/wp\/v2\/product_brand?post=757488"},{"taxonomy":"product_cat","embeddable":true,"href":"https:\/\/roveyayinevi.com.tr\/index.php\/wp-json\/wp\/v2\/product_cat?post=757488"},{"taxonomy":"product_tag","embeddable":true,"href":"https:\/\/roveyayinevi.com.tr\/index.php\/wp-json\/wp\/v2\/product_tag?post=757488"}],"curies":[{"name":"wp","href":"https:\/\/api.w.org\/{rel}","templated":true}]}}