{"id":757440,"date":"2025-08-28T07:35:51","date_gmt":"2025-08-28T04:35:51","guid":{"rendered":"https:\/\/roveyayinevi.com.tr\/index.php\/urun\/ilk-yunan-filozoflarinda-tanri-dusuncesi\/"},"modified":"2026-04-16T03:10:40","modified_gmt":"2026-04-16T00:10:40","slug":"ilk-yunan-filozoflarinda-tanri-dusuncesi","status":"publish","type":"product","link":"https:\/\/roveyayinevi.com.tr\/index.php\/urun\/ilk-yunan-filozoflarinda-tanri-dusuncesi\/","title":{"rendered":"\u0130lk Yunan Filozoflar\u0131nda Tanr\u0131 D\u00fc\u015f\u00fcncesi"},"content":{"rendered":"<p>Werner Jaeger, Parmenides, Herakleitos, Empedokles gibi karanl\u0131k ve zor d\u00fc\u015f\u00fcn\u00fcrlerin metinlerini ayr\u0131nt\u0131l\u0131 bir \u015fekilde yorumlarken,Tanr\u0131 d\u00fc\u015f\u00fcncesinin Yunan felsefesinde en ba\u015f\u0131ndan itibarenoynad\u0131\u011f\u0131 belirleyici rol\u00fcn alt\u0131n\u0131 \u00e7iziyor.   \u201cBurada, Yunan felsefi d\u00fc\u015f\u00fcncesinde teolojinin ba\u015flang\u0131c\u0131n\u0131n izini s\u00fcrmek istiyorum\u2026Tanr\u0131 ve tanr\u0131sall\u0131k meselesinin, erken d\u00f6nem do\u011fa filozoflar\u0131n\u0131n d\u00fc\u015f\u00fcncesinde, genellikle kabul etmeye haz\u0131r oldu\u011fumuzdan \u00e7ok daha geni\u015f bir yer i\u015fgal etti\u011fini g\u00f6rece\u011fiz\u2026 Pozitivizm \u00e7a\u011f\u0131 ve onu temsil eden felsefe tarih\u00e7ileri, bu ilk d\u00f6nem d\u00fc\u015f\u00fcn\u00fcrlerinin s\u0131ras\u0131yla ampirik ve bilimsel karakterlerini vurgulad\u0131lar. Sokrates \u00f6ncesi filozoflar\u0131n modernli\u011fini kan\u0131tlama hevesiyle, bu kitapta do\u011fal teolojinin k\u00f6keni perspektifi i\u00e7inde ilgilendi\u011fimiz y\u00f6nlerini \u00e7o\u011fu zaman \u00f6nemsizle\u015ftirdiler. Halbuki bu, bizzat Antik \u00c7a\u011f d\u00fc\u015f\u00fcn\u00fcrlerinin bu filozoflar\u0131 g\u00f6rme bi\u00e7imidir.\u201d <\/p>\n","protected":false},"excerpt":{"rendered":"<p>Werner Jaeger, Parmenides, Herakleitos, Empedokles gibi karanl\u0131k ve zor d\u00fc\u015f\u00fcn\u00fcrlerin metinlerini ayr\u0131nt\u0131l\u0131 bir \u015fekilde yorumlarken,Tanr\u0131 d\u00fc\u015f\u00fcncesinin Yunan felsefesinde en ba\u015f\u0131ndan itibarenoynad\u0131\u011f\u0131 belirleyici rol\u00fcn alt\u0131n\u0131 \u00e7iziyor. \u201cBurada,<span class=\"excerpt-hellip\"> [\u2026]<\/span><\/p>\n","protected":false},"featured_media":0,"template":"","meta":{"_monsterinsights_skip_tracking":false,"_monsterinsights_sitenote_active":false,"_monsterinsights_sitenote_note":"","_monsterinsights_sitenote_category":0},"product_brand":[],"product_cat":[12388,14717],"product_tag":[],"class_list":{"0":"post-757440","1":"product","2":"type-product","3":"status-publish","5":"product_cat-felsefe","6":"product_cat-felsefe-tarihi","7":"pa_cilt-ciltsiz","8":"pa_tur-kitap","9":"pa_yayinevi-minotor-kitap","10":"pa_yazar-werner-jaeger","12":"first","13":"instock","14":"sale","15":"shipping-taxable","16":"purchasable","17":"product-type-simple"},"_links":{"self":[{"href":"https:\/\/roveyayinevi.com.tr\/index.php\/wp-json\/wp\/v2\/product\/757440","targetHints":{"allow":["GET"]}}],"collection":[{"href":"https:\/\/roveyayinevi.com.tr\/index.php\/wp-json\/wp\/v2\/product"}],"about":[{"href":"https:\/\/roveyayinevi.com.tr\/index.php\/wp-json\/wp\/v2\/types\/product"}],"wp:attachment":[{"href":"https:\/\/roveyayinevi.com.tr\/index.php\/wp-json\/wp\/v2\/media?parent=757440"}],"wp:term":[{"taxonomy":"product_brand","embeddable":true,"href":"https:\/\/roveyayinevi.com.tr\/index.php\/wp-json\/wp\/v2\/product_brand?post=757440"},{"taxonomy":"product_cat","embeddable":true,"href":"https:\/\/roveyayinevi.com.tr\/index.php\/wp-json\/wp\/v2\/product_cat?post=757440"},{"taxonomy":"product_tag","embeddable":true,"href":"https:\/\/roveyayinevi.com.tr\/index.php\/wp-json\/wp\/v2\/product_tag?post=757440"}],"curies":[{"name":"wp","href":"https:\/\/api.w.org\/{rel}","templated":true}]}}