{"id":757429,"date":"2025-08-28T07:35:25","date_gmt":"2025-08-28T04:35:25","guid":{"rendered":"https:\/\/roveyayinevi.com.tr\/index.php\/urun\/zayiflama-manifestingi\/"},"modified":"2026-04-16T03:10:40","modified_gmt":"2026-04-16T00:10:40","slug":"zayiflama-manifestingi","status":"publish","type":"product","link":"https:\/\/roveyayinevi.com.tr\/index.php\/urun\/zayiflama-manifestingi\/","title":{"rendered":"Zay\u0131flama Manifestingi"},"content":{"rendered":"<p>Karekodlu Meditasyon Uygulamalar\u0131 Oturarak da kilo verebilirsin! Ekmek yiyerek de istedi\u011fin bedende olabilirsin! T\u00fcm s\u00fclalen kilolu olsa dahi sen zay\u0131f kalabilirsin! Do\u011fumdan hemen sonra kilolar\u0131ndan kurtulabilirsin! Bedenin zay\u0131flayacak, ba\u011f\u0131\u015f\u0131kl\u0131k sistemin de\u011fil!             Yedi\u011fin hi\u00e7bir yemek sana kalori olmak i\u00e7in taba\u011f\u0131na gelmedi. Onun i\u00e7inde vitaminler, mineraller, proteinler ve besin maddeleri de mevcut. Sen o taba\u011fa kilo alma arac\u0131 g\u00f6z\u00fcyle bakt\u0131\u011f\u0131n m\u00fcddet\u00e7e o da sana bu y\u00f6nde hizmet edecektir. Yedikten sonra ya\u015fad\u0131\u011f\u0131n vicdan azab\u0131, \u201cke\u015fke yemeseydim\u201d pi\u015fmanl\u0131\u011f\u0131, \u201cyine kilo alaca\u011f\u0131m\u201d kayg\u0131s\u0131, o taba\u011f\u0131 tam bir kilo arac\u0131 yapmaktan ba\u015fka bir i\u015fe yaram\u0131yor. Oysa beslenmeye bak\u0131\u015f a\u00e7\u0131n, taba\u011f\u0131na y\u00fckledi\u011fin anlam, yiyeceklerle kurdu\u011fun duygusal ba\u011f, tam olarak en \u00f6nemli etkendir. Peki, senin bedeninde ka\u00e7 ki\u015finin d\u00fc\u015f\u00fcnceleri ve inan\u00e7lar\u0131 var biliyor musun?             Eritmeye \u00e7al\u0131\u015ft\u0131\u011f\u0131n kar\u0131n ya\u011flar\u0131nda kimin duygular\u0131, kollar\u0131nda kimin d\u00fc\u015f\u00fcnceleri, basenlerinde kimin endi\u015feleri var?             \u0130\u015fte bunlar\u0131n hepsini birlikte konu\u015fup bulaca\u011f\u0131z&#8230; <\/p>\n","protected":false},"excerpt":{"rendered":"<p>Karekodlu Meditasyon Uygulamalar\u0131 Oturarak da kilo verebilirsin! Ekmek yiyerek de istedi\u011fin bedende olabilirsin! T\u00fcm s\u00fclalen kilolu olsa dahi sen zay\u0131f kalabilirsin! Do\u011fumdan hemen sonra kilolar\u0131ndan kurtulabilirsin!<span class=\"excerpt-hellip\"> [\u2026]<\/span><\/p>\n","protected":false},"featured_media":0,"template":"","meta":{"_monsterinsights_skip_tracking":false,"_monsterinsights_sitenote_active":false,"_monsterinsights_sitenote_note":"","_monsterinsights_sitenote_category":0},"product_brand":[],"product_cat":[12364,12376],"product_tag":[],"class_list":{"0":"post-757429","1":"product","2":"type-product","3":"status-publish","5":"product_cat-genel-konular","6":"product_cat-kisisel-gelisim","7":"pa_cilt-ciltsiz","8":"pa_tur-kitap","9":"pa_yayinevi-fa-yayinlari","10":"pa_yazar-kamile-tilavel-fidan","12":"first","13":"instock","14":"sale","15":"shipping-taxable","16":"purchasable","17":"product-type-simple"},"_links":{"self":[{"href":"https:\/\/roveyayinevi.com.tr\/index.php\/wp-json\/wp\/v2\/product\/757429","targetHints":{"allow":["GET"]}}],"collection":[{"href":"https:\/\/roveyayinevi.com.tr\/index.php\/wp-json\/wp\/v2\/product"}],"about":[{"href":"https:\/\/roveyayinevi.com.tr\/index.php\/wp-json\/wp\/v2\/types\/product"}],"wp:attachment":[{"href":"https:\/\/roveyayinevi.com.tr\/index.php\/wp-json\/wp\/v2\/media?parent=757429"}],"wp:term":[{"taxonomy":"product_brand","embeddable":true,"href":"https:\/\/roveyayinevi.com.tr\/index.php\/wp-json\/wp\/v2\/product_brand?post=757429"},{"taxonomy":"product_cat","embeddable":true,"href":"https:\/\/roveyayinevi.com.tr\/index.php\/wp-json\/wp\/v2\/product_cat?post=757429"},{"taxonomy":"product_tag","embeddable":true,"href":"https:\/\/roveyayinevi.com.tr\/index.php\/wp-json\/wp\/v2\/product_tag?post=757429"}],"curies":[{"name":"wp","href":"https:\/\/api.w.org\/{rel}","templated":true}]}}