{"id":757384,"date":"2025-08-28T07:34:15","date_gmt":"2025-08-28T04:34:15","guid":{"rendered":"https:\/\/roveyayinevi.com.tr\/index.php\/urun\/gonul-muallime\/"},"modified":"2026-02-03T03:24:44","modified_gmt":"2026-02-03T00:24:44","slug":"gonul-muallime","status":"publish","type":"product","link":"https:\/\/roveyayinevi.com.tr\/index.php\/urun\/gonul-muallime\/","title":{"rendered":"G\u00f6n\u00fcl Muallime"},"content":{"rendered":"<p>Elinizdeki bu roman, idealist bir \u00f6\u011fretmenin, \u00f6n\u00fcne \u00e7\u0131kan her engeli kararl\u0131 ve \u0131srarl\u0131 m\u00fccadelelerle a\u015farak kutlu ba\u015far\u0131lara ula\u015fmas\u0131n\u0131n hik\u00e2yesidir. Bu romanda y\u0131llarca ihmal edilen Anadolu T\u00fcrk k\u00f6yl\u00fcs\u00fcn\u00fc idealist, vefak\u00e2r ve fedak\u00e2r \u00f6\u011fretmen han\u0131mlarla kalk\u0131nd\u0131rma \u00e7abalar\u0131 sergileniyor. \u015eehirde \u00f6\u011fretmen olma \u015fevkiyle yeti\u015fip Anadolu k\u00f6ylerine giderek b\u00fcy\u00fck i\u015fler ba\u015faran T\u00fcrk kad\u0131n\u0131, bu milletin ana dire\u011fidir. Bu roman, bize e\u011fitimin sadece ders bilgileriyle s\u0131n\u0131rl\u0131 olmad\u0131\u011f\u0131n\u0131, bunun yan\u0131nda halk\u0131n da her alanda e\u011fitilmesi gerekti\u011fini a\u00e7\u0131k bir \u015fekilde g\u00f6steriyor. T\u00fcrk kad\u0131n\u0131n\u0131n toplumsal hayat\u0131n her alan\u0131ndaki \u00e7arp\u0131c\u0131 ba\u015far\u0131lar\u0131, kalk\u0131nma hamlemizin itici g\u00fcc\u00fc olmu\u015ftur. Hevesli gen\u00e7 \u00f6\u011fretmenler var olduk\u00e7a milletimizin gelece\u011finden her zaman emin olabiliriz. <\/p>\n","protected":false},"excerpt":{"rendered":"<p>Elinizdeki bu roman, idealist bir \u00f6\u011fretmenin, \u00f6n\u00fcne \u00e7\u0131kan her engeli kararl\u0131 ve \u0131srarl\u0131 m\u00fccadelelerle a\u015farak kutlu ba\u015far\u0131lara ula\u015fmas\u0131n\u0131n hik\u00e2yesidir. Bu romanda y\u0131llarca ihmal edilen Anadolu T\u00fcrk<span class=\"excerpt-hellip\"> [\u2026]<\/span><\/p>\n","protected":false},"featured_media":0,"template":"","meta":{"_monsterinsights_skip_tracking":false,"_monsterinsights_sitenote_active":false,"_monsterinsights_sitenote_note":"","_monsterinsights_sitenote_category":0},"product_brand":[],"product_cat":[12291,12711],"product_tag":[],"class_list":{"0":"post-757384","1":"product","2":"type-product","3":"status-publish","5":"product_cat-edebiyat","6":"product_cat-roman-oyku","7":"pa_cilt-ciltsiz","8":"pa_tur-kitap","9":"pa_yayinevi-korkut-yayinlari","10":"pa_yazar-sener-danyildiz","12":"first","13":"instock","14":"sale","15":"shipping-taxable","16":"purchasable","17":"product-type-simple"},"_links":{"self":[{"href":"https:\/\/roveyayinevi.com.tr\/index.php\/wp-json\/wp\/v2\/product\/757384","targetHints":{"allow":["GET"]}}],"collection":[{"href":"https:\/\/roveyayinevi.com.tr\/index.php\/wp-json\/wp\/v2\/product"}],"about":[{"href":"https:\/\/roveyayinevi.com.tr\/index.php\/wp-json\/wp\/v2\/types\/product"}],"wp:attachment":[{"href":"https:\/\/roveyayinevi.com.tr\/index.php\/wp-json\/wp\/v2\/media?parent=757384"}],"wp:term":[{"taxonomy":"product_brand","embeddable":true,"href":"https:\/\/roveyayinevi.com.tr\/index.php\/wp-json\/wp\/v2\/product_brand?post=757384"},{"taxonomy":"product_cat","embeddable":true,"href":"https:\/\/roveyayinevi.com.tr\/index.php\/wp-json\/wp\/v2\/product_cat?post=757384"},{"taxonomy":"product_tag","embeddable":true,"href":"https:\/\/roveyayinevi.com.tr\/index.php\/wp-json\/wp\/v2\/product_tag?post=757384"}],"curies":[{"name":"wp","href":"https:\/\/api.w.org\/{rel}","templated":true}]}}