{"id":757380,"date":"2025-08-28T07:34:08","date_gmt":"2025-08-28T04:34:08","guid":{"rendered":"https:\/\/roveyayinevi.com.tr\/index.php\/urun\/bir-turk-ikonu-bori\/"},"modified":"2026-04-16T03:10:39","modified_gmt":"2026-04-16T00:10:39","slug":"bir-turk-ikonu-bori","status":"publish","type":"product","link":"https:\/\/roveyayinevi.com.tr\/index.php\/urun\/bir-turk-ikonu-bori\/","title":{"rendered":"Bir T\u00fcrk \u0130konu: B\u00f6ri"},"content":{"rendered":"<p>Efsanevi motiflerle bezenmi\u015f T\u00fcrk sanat\u0131, mitolojisi ve k\u00fclt\u00fcr\u00fcnde hem korkulan hem de sayg\u0131 duyulan \u201cb\u00f6ri\u201d, yani kurt, do\u011fan\u0131n g\u00fcc\u00fcn\u00fc ve gizemini temsil ederken ayn\u0131 zamanda insan\u0131n ruhsal d\u00fcnyas\u0131n\u0131n derinliklerinin de tezah\u00fcr\u00fc olarak kar\u015f\u0131m\u0131za \u00e7\u0131kmaktad\u0131r. G\u00fc\u00e7l\u00fc bir sembol olarak biny\u0131llard\u0131r varl\u0131\u011f\u0131n\u0131 s\u00fcrd\u00fcren bu hayvan, T\u00fcrk k\u00fclt\u00fcr, sanat ve mitolojisinde ba\u015fat bir yer edinmi\u015f ve kurtta \u201ckurttan fazlas\u0131n\u0131\u201d g\u00f6ren T\u00fcrkler, \u00e7e\u015fitli zaman dilimlerinde ba\u015fta hem siyasal hem sanatsal olmak \u00fczere bir\u00e7ok alanda \u00f6nemli bir imge olarak kullanm\u0131\u015flard\u0131r.Sanat tarih\u00e7ili\u011fimizin \u00f6nde gelen isimlerinden Prof. Dr. Ya\u015far \u00c7oruhlu, yedi ana ba\u015fl\u0131k alt\u0131nda Proto-T\u00fcrk devirlerinden Hunlara, G\u00f6kt\u00fcrklerden Uygurlara ve T\u00fcrk-\u0130slam devirlerinden T\u00fcrkiye Cumhuriyeti\u2019ne kadar do\u011fada g\u00f6r\u00fclen kurttan ba\u011f\u0131ms\u0131z, G\u00f6k\u2019le ili\u015fkili, dolay\u0131s\u0131yla tanr\u0131sal varl\u0131k olan \u201cb\u00f6ri\u201dnin izini, yakla\u015f\u0131k 250 g\u00f6rsel malzemeyi de i\u015fleyerek s\u00fcrmektedir.Bir T\u00fcrk \u0130konu: B\u00f6ri, kurt imgesinin T\u00fcrk sanat\u0131, k\u00fclt\u00fcr\u00fc ve mitolojisindeki k\u00f6kenlerini ve d\u00f6nemsel de\u011fi\u015fimlerini kozmolojik, mitolojik, din\u00ee ve edeb\u00ee kaynaklar\u0131n yan\u0131 s\u0131ra yaz\u0131tlar ve s\u00f6ylenceler \u00fczerinden incelemekle kalmay\u0131p ayn\u0131 zamanda i\u015flenen d\u00f6nemlerin di\u011fer k\u00fclt\u00fcr, sanat ve mitolojilerindeki kurt imgelerinin yans\u0131malar\u0131n\u0131 da g\u00f6zler \u00f6n\u00fcne sermektedir.Alan\u0131ndaki en kapsaml\u0131, ilk ve tek eser olma \u00f6zelli\u011fini haiz bu kitap, uzun y\u0131llar \u0130slam \u00f6ncesi ve \u0130slam sonras\u0131 T\u00fcrk sanat\u0131, T\u00fcrk mitolojisi, T\u00fcrk sanat\u0131nda ikonografi, hayvan sembolizmi ve daha bir\u00e7ok alanda onlarca eser kazand\u0131ran yazar\u0131 Prof. Dr. Ya\u015far \u00c7oruhlu taraf\u0131ndan Cumhuriyetimizin 100. y\u0131l\u0131na arma\u011fan ve son \u201cB\u00f6ri\u201d Mustafa Kemal Atat\u00fcrk\u2019e ithaf edilerek m\u00fcnevver T\u00fcrk milletinin takdirine, \u00f6zenli ne\u015friyle sunulmu\u015ftur.<\/p>\n","protected":false},"excerpt":{"rendered":"<p>Efsanevi motiflerle bezenmi\u015f T\u00fcrk sanat\u0131, mitolojisi ve k\u00fclt\u00fcr\u00fcnde hem korkulan hem de sayg\u0131 duyulan \u201cb\u00f6ri\u201d, yani kurt, do\u011fan\u0131n g\u00fcc\u00fcn\u00fc ve gizemini temsil ederken ayn\u0131 zamanda insan\u0131n<span class=\"excerpt-hellip\"> [\u2026]<\/span><\/p>\n","protected":false},"featured_media":0,"template":"","meta":{"_monsterinsights_skip_tracking":false,"_monsterinsights_sitenote_active":false,"_monsterinsights_sitenote_note":"","_monsterinsights_sitenote_category":0},"product_brand":[],"product_cat":[12408,14197],"product_tag":[],"class_list":{"0":"post-757380","1":"product","2":"type-product","3":"status-publish","5":"product_cat-sanat","6":"product_cat-sanat-tarihi","7":"pa_cilt-ciltli","8":"pa_tur-kitap","9":"pa_yayinevi-otuken-nesriyat","10":"pa_yazar-yasar-coruhlu","12":"first","13":"instock","14":"sale","15":"shipping-taxable","16":"purchasable","17":"product-type-simple"},"_links":{"self":[{"href":"https:\/\/roveyayinevi.com.tr\/index.php\/wp-json\/wp\/v2\/product\/757380","targetHints":{"allow":["GET"]}}],"collection":[{"href":"https:\/\/roveyayinevi.com.tr\/index.php\/wp-json\/wp\/v2\/product"}],"about":[{"href":"https:\/\/roveyayinevi.com.tr\/index.php\/wp-json\/wp\/v2\/types\/product"}],"wp:attachment":[{"href":"https:\/\/roveyayinevi.com.tr\/index.php\/wp-json\/wp\/v2\/media?parent=757380"}],"wp:term":[{"taxonomy":"product_brand","embeddable":true,"href":"https:\/\/roveyayinevi.com.tr\/index.php\/wp-json\/wp\/v2\/product_brand?post=757380"},{"taxonomy":"product_cat","embeddable":true,"href":"https:\/\/roveyayinevi.com.tr\/index.php\/wp-json\/wp\/v2\/product_cat?post=757380"},{"taxonomy":"product_tag","embeddable":true,"href":"https:\/\/roveyayinevi.com.tr\/index.php\/wp-json\/wp\/v2\/product_tag?post=757380"}],"curies":[{"name":"wp","href":"https:\/\/api.w.org\/{rel}","templated":true}]}}