{"id":757365,"date":"2025-08-28T07:33:42","date_gmt":"2025-08-28T04:33:42","guid":{"rendered":"https:\/\/roveyayinevi.com.tr\/index.php\/urun\/kurmacanin-yolculugu\/"},"modified":"2026-04-16T03:10:38","modified_gmt":"2026-04-16T00:10:38","slug":"kurmacanin-yolculugu","status":"publish","type":"product","link":"https:\/\/roveyayinevi.com.tr\/index.php\/urun\/kurmacanin-yolculugu\/","title":{"rendered":"Kurmacan\u0131n Yolculu\u011fu"},"content":{"rendered":"<p>Erin\u00e7 B\u00fcy\u00fcka\u015f\u0131k, \u201cKurmacan\u0131n Yolculu\u011fu\u201d adl\u0131 bu eserindeki 28 yaz\u0131da; \u015fiir, tiyatro, roman, \u00f6yk\u00fc gibi edebiyat\u0131n i\u00e7inden konular\u0131 derinlemesine irdelemenin yan\u0131nda, yeri geldik\u00e7e Orta Do\u011fu sorunu ba\u015fta olmak \u00fczere, edebiyat \u00e7er\u00e7evesinden yola \u00e7\u0131karak siyasal de\u011ferlendirmeler de yap\u0131yor. Merakla okuyaca\u011f\u0131n\u0131z\u0131 umuyoruz.  <\/p>\n","protected":false},"excerpt":{"rendered":"<p>Erin\u00e7 B\u00fcy\u00fcka\u015f\u0131k, \u201cKurmacan\u0131n Yolculu\u011fu\u201d adl\u0131 bu eserindeki 28 yaz\u0131da; \u015fiir, tiyatro, roman, \u00f6yk\u00fc gibi edebiyat\u0131n i\u00e7inden konular\u0131 derinlemesine irdelemenin yan\u0131nda, yeri geldik\u00e7e Orta Do\u011fu sorunu ba\u015fta<span class=\"excerpt-hellip\"> [\u2026]<\/span><\/p>\n","protected":false},"featured_media":0,"template":"","meta":{"_monsterinsights_skip_tracking":false,"_monsterinsights_sitenote_active":false,"_monsterinsights_sitenote_note":"","_monsterinsights_sitenote_category":0},"product_brand":[],"product_cat":[12777,12291],"product_tag":[],"class_list":{"0":"post-757365","1":"product","2":"type-product","3":"status-publish","5":"product_cat-deneme","6":"product_cat-edebiyat","7":"pa_cilt-ciltsiz","8":"pa_tur-kitap","9":"pa_yayinevi-myrina-yayinlari","10":"pa_yazar-erinc-buyukasik","12":"first","13":"instock","14":"sale","15":"shipping-taxable","16":"purchasable","17":"product-type-simple"},"_links":{"self":[{"href":"https:\/\/roveyayinevi.com.tr\/index.php\/wp-json\/wp\/v2\/product\/757365","targetHints":{"allow":["GET"]}}],"collection":[{"href":"https:\/\/roveyayinevi.com.tr\/index.php\/wp-json\/wp\/v2\/product"}],"about":[{"href":"https:\/\/roveyayinevi.com.tr\/index.php\/wp-json\/wp\/v2\/types\/product"}],"wp:attachment":[{"href":"https:\/\/roveyayinevi.com.tr\/index.php\/wp-json\/wp\/v2\/media?parent=757365"}],"wp:term":[{"taxonomy":"product_brand","embeddable":true,"href":"https:\/\/roveyayinevi.com.tr\/index.php\/wp-json\/wp\/v2\/product_brand?post=757365"},{"taxonomy":"product_cat","embeddable":true,"href":"https:\/\/roveyayinevi.com.tr\/index.php\/wp-json\/wp\/v2\/product_cat?post=757365"},{"taxonomy":"product_tag","embeddable":true,"href":"https:\/\/roveyayinevi.com.tr\/index.php\/wp-json\/wp\/v2\/product_tag?post=757365"}],"curies":[{"name":"wp","href":"https:\/\/api.w.org\/{rel}","templated":true}]}}