{"id":757363,"date":"2025-08-28T07:33:39","date_gmt":"2025-08-28T04:33:39","guid":{"rendered":"https:\/\/roveyayinevi.com.tr\/index.php\/urun\/borsa-istanbul-ile-secilmis-ulke-borsalarinda-rasyonel-balon-varliginin-karsilastirmali-analizi\/"},"modified":"2026-04-16T03:10:38","modified_gmt":"2026-04-16T00:10:38","slug":"borsa-istanbul-ile-secilmis-ulke-borsalarinda-rasyonel-balon-varliginin-karsilastirmali-analizi","status":"publish","type":"product","link":"https:\/\/roveyayinevi.com.tr\/index.php\/urun\/borsa-istanbul-ile-secilmis-ulke-borsalarinda-rasyonel-balon-varliginin-karsilastirmali-analizi\/","title":{"rendered":"Borsa \u0130stanbul \u0130le Se\u00e7ilmi\u015f \u00dclke Borsalar\u0131nda Rasyonel Balon Varl\u0131\u011f\u0131n\u0131n Kar\u015f\u0131la\u015ft\u0131rmal\u0131 Analizi"},"content":{"rendered":"<p>\u0130\u00e7indekiler     1.      G\u0130R\u0130\u015e   2.      F\u0130NANSAL VARLIK F\u0130YATI BALONLARININ KAVRAMSAL \u00c7ER\u00c7EVES\u0130 VE TAR\u0130H\u00c7ES\u0130   3.      G20 \u00dcLKELER\u0130, PAY SENED\u0130 P\u0130YASALARININ SINIFLANDIRILMASI, G\u00d6R\u00dcN\u00dcM\u00dc VE L\u0130TERAT\u00dcR TARAMASI   4.      F\u0130YAT BALONU VARLI\u011eININ \u0130NCELENMES\u0130   5.      SONU\u00c7 VE \u00d6NER\u0130LER <\/p>\n","protected":false},"excerpt":{"rendered":"<p>\u0130\u00e7indekiler 1. G\u0130R\u0130\u015e 2. F\u0130NANSAL VARLIK F\u0130YATI BALONLARININ KAVRAMSAL \u00c7ER\u00c7EVES\u0130 VE TAR\u0130H\u00c7ES\u0130 3. G20 \u00dcLKELER\u0130, PAY SENED\u0130 P\u0130YASALARININ SINIFLANDIRILMASI, G\u00d6R\u00dcN\u00dcM\u00dc VE L\u0130TERAT\u00dcR TARAMASI 4. F\u0130YAT BALONU<span class=\"excerpt-hellip\"> [\u2026]<\/span><\/p>\n","protected":false},"featured_media":0,"template":"","meta":{"_monsterinsights_skip_tracking":false,"_monsterinsights_sitenote_active":false,"_monsterinsights_sitenote_note":"","_monsterinsights_sitenote_category":0},"product_brand":[],"product_cat":[13043],"product_tag":[],"class_list":{"0":"post-757363","1":"product","2":"type-product","3":"status-publish","5":"product_cat-ekonomi","6":"pa_cilt-ciltsiz","7":"pa_tur-kitap","8":"pa_yayinevi-gazi-kitabevi","9":"pa_yazar-yasemin-yurtoglu","11":"first","12":"instock","13":"sale","14":"shipping-taxable","15":"purchasable","16":"product-type-simple"},"_links":{"self":[{"href":"https:\/\/roveyayinevi.com.tr\/index.php\/wp-json\/wp\/v2\/product\/757363","targetHints":{"allow":["GET"]}}],"collection":[{"href":"https:\/\/roveyayinevi.com.tr\/index.php\/wp-json\/wp\/v2\/product"}],"about":[{"href":"https:\/\/roveyayinevi.com.tr\/index.php\/wp-json\/wp\/v2\/types\/product"}],"wp:attachment":[{"href":"https:\/\/roveyayinevi.com.tr\/index.php\/wp-json\/wp\/v2\/media?parent=757363"}],"wp:term":[{"taxonomy":"product_brand","embeddable":true,"href":"https:\/\/roveyayinevi.com.tr\/index.php\/wp-json\/wp\/v2\/product_brand?post=757363"},{"taxonomy":"product_cat","embeddable":true,"href":"https:\/\/roveyayinevi.com.tr\/index.php\/wp-json\/wp\/v2\/product_cat?post=757363"},{"taxonomy":"product_tag","embeddable":true,"href":"https:\/\/roveyayinevi.com.tr\/index.php\/wp-json\/wp\/v2\/product_tag?post=757363"}],"curies":[{"name":"wp","href":"https:\/\/api.w.org\/{rel}","templated":true}]}}