{"id":757361,"date":"2025-08-28T07:33:37","date_gmt":"2025-08-28T04:33:37","guid":{"rendered":"https:\/\/roveyayinevi.com.tr\/index.php\/urun\/iktisat-ve-toplum-dergisi-159-sayi\/"},"modified":"2026-04-16T03:10:38","modified_gmt":"2026-04-16T00:10:38","slug":"iktisat-ve-toplum-dergisi-159-sayi","status":"publish","type":"product","link":"https:\/\/roveyayinevi.com.tr\/index.php\/urun\/iktisat-ve-toplum-dergisi-159-sayi\/","title":{"rendered":"\u0130ktisat ve Toplum Dergisi 159. Say\u0131"},"content":{"rendered":"<p>Bu say\u0131da: T\u00fcrkiye\u2019de \u0130\u015fsizlik &#8211; Mahfi Eg\u0306ilmez          2018 Ba\u015flang\u0131\u00e7l\u0131 Krizde \u201cRasyonel Ekonomi Politikas\u0131\u201dna D\u00f6n\u00fc\u015f &#8211; Nur Keyder                Cumhuriyetimiz, Demokrasimiz ve Biz &#8211; M. Aykut Attar              Bo\u011fazi\u00e7i \u00dcniversitesi\u2019nde Neler Oluyor? &#8211; A. Erin\u00e7 Yeldan ve \u015eevket Pamuk            21. Yu\u0308zy\u0131l\u0131n \u0130lk \u00c7eyre\u011fi Biterken Laiklik Tart\u0131\u015fmak &#8211; Ersin Kalayc\u0131og\u0306lu          Neoklasik Modelde \u0130\u00e7bu\u0308key \u00dcretim Olanaklar\u0131 S\u0131n\u0131r\u0131n\u0131n Ele\u015ftirisi (3) &#8211; Samuelson &#8211; Turan Subas\u0327at              H\u0131zl\u0131 Bu\u0308yu\u0308yen Firmalar (HBF) ve Tu\u0308rkiye: Mevcut Durum Nedir? &#8211; M. Teoman Pamuk\u00e7u          \u00d6mer Celal Sarc (1901-1988): Alman Tarih\u00e7i Okulu &#8211; Ercan Eren         Cumhuriyetin Kurulu\u015f Y\u0131llar\u0131nda Ekonomi Politikalar\u0131n\u0131n Y\u00f6nu\u0308 ve Devlet\u00e7ilik &#8211; Binhan Elif Y\u0131lmaz          2020\u2019li Y\u0131llarda ABD\u2019de Sendikalar\u0131n Yeniden Do\u011fu\u015fu (mu?) &#8211; Banu U\u00e7kan Hekimler               Hint-Pasifik\u2019te Neler Oluyor? Du\u0308nya Kamuoyunun \u0130lgi Alan\u0131 Hint-Pasifik\u2019teki \u00c7in ile ABD Aras\u0131ndaki Su\u0308per Gu\u0308\u00e7 Mu\u0308cadelesine Yo\u011funla\u015f\u0131yor &#8211; Bahri Y\u0131lmaz          \u0130ktisadi Sistem Ele\u015ftirisi Olarak Edebiyat &#8211; Arda Tunca               R\u00f6portaj: Cristiano Bedin &#8211; G\u00fcl\u00e7in Elif Y\u00fccel<\/p>\n","protected":false},"excerpt":{"rendered":"<p>Bu say\u0131da: T\u00fcrkiye\u2019de \u0130\u015fsizlik &#8211; Mahfi Eg\u0306ilmez 2018 Ba\u015flang\u0131\u00e7l\u0131 Krizde \u201cRasyonel Ekonomi Politikas\u0131\u201dna D\u00f6n\u00fc\u015f &#8211; Nur Keyder Cumhuriyetimiz, Demokrasimiz ve Biz &#8211; M. Aykut Attar Bo\u011fazi\u00e7i<span class=\"excerpt-hellip\"> [\u2026]<\/span><\/p>\n","protected":false},"featured_media":0,"template":"","meta":{"_monsterinsights_skip_tracking":false,"_monsterinsights_sitenote_active":false,"_monsterinsights_sitenote_note":"","_monsterinsights_sitenote_category":0},"product_brand":[],"product_cat":[13527],"product_tag":[],"class_list":{"0":"post-757361","1":"product","2":"type-product","3":"status-publish","5":"product_cat-sureli-yayinlar","6":"pa_cilt-ciltsiz","7":"pa_tur-dergi","8":"pa_yayinevi-efil-yayinevi-dergi","9":"pa_yazar-kolektif","11":"first","12":"instock","13":"sale","14":"shipping-taxable","15":"purchasable","16":"product-type-simple"},"_links":{"self":[{"href":"https:\/\/roveyayinevi.com.tr\/index.php\/wp-json\/wp\/v2\/product\/757361","targetHints":{"allow":["GET"]}}],"collection":[{"href":"https:\/\/roveyayinevi.com.tr\/index.php\/wp-json\/wp\/v2\/product"}],"about":[{"href":"https:\/\/roveyayinevi.com.tr\/index.php\/wp-json\/wp\/v2\/types\/product"}],"wp:attachment":[{"href":"https:\/\/roveyayinevi.com.tr\/index.php\/wp-json\/wp\/v2\/media?parent=757361"}],"wp:term":[{"taxonomy":"product_brand","embeddable":true,"href":"https:\/\/roveyayinevi.com.tr\/index.php\/wp-json\/wp\/v2\/product_brand?post=757361"},{"taxonomy":"product_cat","embeddable":true,"href":"https:\/\/roveyayinevi.com.tr\/index.php\/wp-json\/wp\/v2\/product_cat?post=757361"},{"taxonomy":"product_tag","embeddable":true,"href":"https:\/\/roveyayinevi.com.tr\/index.php\/wp-json\/wp\/v2\/product_tag?post=757361"}],"curies":[{"name":"wp","href":"https:\/\/api.w.org\/{rel}","templated":true}]}}