{"id":757335,"date":"2025-08-28T07:32:51","date_gmt":"2025-08-28T04:32:51","guid":{"rendered":"https:\/\/roveyayinevi.com.tr\/index.php\/urun\/basit-yasama-felsefesi\/"},"modified":"2026-04-16T03:10:38","modified_gmt":"2026-04-16T00:10:38","slug":"basit-yasama-felsefesi","status":"publish","type":"product","link":"https:\/\/roveyayinevi.com.tr\/index.php\/urun\/basit-yasama-felsefesi\/","title":{"rendered":"Basit Ya\u015fama Felsefesi"},"content":{"rendered":"<p>\u201cAncak basit ya\u015fam, uyuyan hayalg\u00fcc\u00fcn\u00fc uyand\u0131rabilir; al\u0131\u015fkanl\u0131klar\u0131n g\u00fcc\u00fcn\u00fc zay\u0131flatabilir. Basit ya\u015fam, her \u015feyin yayd\u0131\u011f\u0131 ve her \u015feyde yank\u0131lanan hayat\u0131n durgun, dingin sesini dinlemeye istekli olanlara, d\u00fcnyada var olmaya ili\u015fkin \u00f6neriler sunar.\u201d Basit Ya\u015fama Felsefesi antik \u00e7a\u011flardan g\u00fcn\u00fcm\u00fcze basitli\u011fi bir ya\u015fam bi\u00e7imi olarak g\u00f6ren ve benimseyen tarihi fig\u00fcrlerin motivasyonlar\u0131n\u0131 ve uygulamalar\u0131n\u0131 anlat\u0131rken Henry David Thoreau&#8217;dan Steve Jobs&#8217;a, Diogenes\u2019den Jean-Jacques Rousseau\u2019ya, Kinikler ve Quakerlardan g\u00f6n\u00fcll\u00fc basitlik ve k\u00fc\u00e7\u00fclme gibi kavramlara dek bir dizi insan\u0131, uygulamay\u0131 ve hareketi bir araya getiriyor. J\u00e9r\u00f4me Brillaud insanlar\u0131n hemen her \u015feye sahip olmak istedi\u011fi, her t\u00fcrl\u00fc deneyimi sat\u0131n almaya g\u00f6n\u00fcll\u00fc oldu\u011fu fakat yaln\u0131z kalmamak, eksilmemek ve elindekileri kaybetmemek i\u00e7in bitmez t\u00fckenmez bir \u00e7aba g\u00f6sterdi\u011fi e\u015fi benzeri g\u00f6r\u00fclmemi\u015f bir karma\u015fa ve t\u00fcketim \u00e7a\u011f\u0131nda, okuruna basit ya\u015fama dair son derece yo\u011fun ve kapsaml\u0131 bir anlat\u0131 sunuyor. <\/p>\n","protected":false},"excerpt":{"rendered":"<p>\u201cAncak basit ya\u015fam, uyuyan hayalg\u00fcc\u00fcn\u00fc uyand\u0131rabilir; al\u0131\u015fkanl\u0131klar\u0131n g\u00fcc\u00fcn\u00fc zay\u0131flatabilir. Basit ya\u015fam, her \u015feyin yayd\u0131\u011f\u0131 ve her \u015feyde yank\u0131lanan hayat\u0131n durgun, dingin sesini dinlemeye istekli olanlara, d\u00fcnyada<span class=\"excerpt-hellip\"> [\u2026]<\/span><\/p>\n","protected":false},"featured_media":0,"template":"","meta":{"_monsterinsights_skip_tracking":false,"_monsterinsights_sitenote_active":false,"_monsterinsights_sitenote_note":"","_monsterinsights_sitenote_category":0},"product_brand":[],"product_cat":[12388,14717],"product_tag":[],"class_list":{"0":"post-757335","1":"product","2":"type-product","3":"status-publish","5":"product_cat-felsefe","6":"product_cat-felsefe-tarihi","7":"pa_cilt-ciltsiz","8":"pa_tur-kitap","9":"pa_yayinevi-kolektif-kitap","10":"pa_yazar-jerome-brillaud","12":"first","13":"instock","14":"sale","15":"shipping-taxable","16":"purchasable","17":"product-type-simple"},"_links":{"self":[{"href":"https:\/\/roveyayinevi.com.tr\/index.php\/wp-json\/wp\/v2\/product\/757335","targetHints":{"allow":["GET"]}}],"collection":[{"href":"https:\/\/roveyayinevi.com.tr\/index.php\/wp-json\/wp\/v2\/product"}],"about":[{"href":"https:\/\/roveyayinevi.com.tr\/index.php\/wp-json\/wp\/v2\/types\/product"}],"wp:attachment":[{"href":"https:\/\/roveyayinevi.com.tr\/index.php\/wp-json\/wp\/v2\/media?parent=757335"}],"wp:term":[{"taxonomy":"product_brand","embeddable":true,"href":"https:\/\/roveyayinevi.com.tr\/index.php\/wp-json\/wp\/v2\/product_brand?post=757335"},{"taxonomy":"product_cat","embeddable":true,"href":"https:\/\/roveyayinevi.com.tr\/index.php\/wp-json\/wp\/v2\/product_cat?post=757335"},{"taxonomy":"product_tag","embeddable":true,"href":"https:\/\/roveyayinevi.com.tr\/index.php\/wp-json\/wp\/v2\/product_tag?post=757335"}],"curies":[{"name":"wp","href":"https:\/\/api.w.org\/{rel}","templated":true}]}}