{"id":757329,"date":"2025-08-28T07:32:43","date_gmt":"2025-08-28T04:32:43","guid":{"rendered":"https:\/\/roveyayinevi.com.tr\/index.php\/urun\/islam-sanati-calismalarinin-insasi-iii-islam-sanati-ve-otesi\/"},"modified":"2026-03-02T03:22:25","modified_gmt":"2026-03-02T00:22:25","slug":"islam-sanati-calismalarinin-insasi-iii-islam-sanati-ve-otesi","status":"publish","type":"product","link":"https:\/\/roveyayinevi.com.tr\/index.php\/urun\/islam-sanati-calismalarinin-insasi-iii-islam-sanati-ve-otesi\/","title":{"rendered":"\u0130slam Sanat\u0131  \u00c7al\u0131\u015fmalar\u0131n\u0131n \u0130n\u015fas\u0131 III &#8211; \u0130slam Sanat\u0131 ve \u00d6tesi"},"content":{"rendered":"<p>Oleg Grabar, \u0130slam Sanat\u0131 \u00c7al\u0131\u015fmalar\u0131n\u0131n \u0130n\u015fas\u0131 ba\u015fl\u0131kl\u0131 d\u00f6rt ciltlik eseriyle \u0130slam sanat\u0131na yo\u011funla\u015fmaktad\u0131r. Bu alan hakk\u0131ndaki bilgimizi, \u0130slam k\u00fclt\u00fcr\u00fc ve tarihi ile b\u00fct\u00fcnle\u015ftirmekte; okura geni\u015f bir perspektif sunmaktad\u0131r. Sanat teorilerinin ve Bat\u0131 sanat\u0131na ait unsurlar\u0131n da g\u00f6z ard\u0131 edilmedi\u011fi bu eserde \u0130slam sanat\u0131na dair \u00e7e\u015fitli \u00f6rnekler, g\u00f6rselleriyle birlikte, evrensel bir sanat literat\u00fcr\u00fc \u00e7er\u00e7evesinde sunulmaktad\u0131r. \u00c7e\u015fitli makalelerden olu\u015fan bu eser, \u0130slam sanat\u0131n\u0131 mimari, resim, obje, ikonografi, estetik ve s\u00fcsleme gibi \u00e7e\u015fitli kavramlar\u0131n merce\u011fi alt\u0131nda incelemektedir. \u00dcc\u0327u\u0308ncu\u0308 cilt, kendi zaman\u0131m\u0131za denk gelen, I\u0307slam sanat\u0131 u\u0308zerine genel fikirlere ve I\u0307slam sanat\u0131ndan tu\u0308retilen veya ona uygulanan kuramlara ayr\u0131lm\u0131s\u0327t\u0131r. Bu ciltteki makaleler, u\u0308c\u0327 kutup aras\u0131ndaki zor bir dengeyi yans\u0131t\u0131yor: Genel olarak sanat tarihc\u0327ilerinin yo\u0308ntem ve prosedu\u0308rleri, I\u0307slam sanat\u0131na o\u0308zgu\u0308nlu\u0308g\u0306u\u0308nu\u0308 kazand\u0131ran k\u0131s\u0131tlamalar ve beklentiler, c\u0327ag\u0306das\u0327 Bat\u0131 ve geleneksel I\u0307slam sanatlar\u0131 aras\u0131ndaki go\u0308rsel bag\u0306lant\u0131lar.<\/p>\n","protected":false},"excerpt":{"rendered":"<p>Oleg Grabar, \u0130slam Sanat\u0131 \u00c7al\u0131\u015fmalar\u0131n\u0131n \u0130n\u015fas\u0131 ba\u015fl\u0131kl\u0131 d\u00f6rt ciltlik eseriyle \u0130slam sanat\u0131na yo\u011funla\u015fmaktad\u0131r. Bu alan hakk\u0131ndaki bilgimizi, \u0130slam k\u00fclt\u00fcr\u00fc ve tarihi ile b\u00fct\u00fcnle\u015ftirmekte; okura geni\u015f bir<span class=\"excerpt-hellip\"> [\u2026]<\/span><\/p>\n","protected":false},"featured_media":0,"template":"","meta":{"_monsterinsights_skip_tracking":false,"_monsterinsights_sitenote_active":false,"_monsterinsights_sitenote_note":"","_monsterinsights_sitenote_category":0},"product_brand":[],"product_cat":[12718,12719],"product_tag":[],"class_list":{"0":"post-757329","1":"product","2":"type-product","3":"status-publish","5":"product_cat-din","6":"product_cat-islam","7":"pa_cilt-ciltsiz","8":"pa_tur-kitap","9":"pa_yayinevi-albaraka-yayinlari","10":"pa_yazar-oleg-grabar","12":"first","13":"instock","14":"sale","15":"shipping-taxable","16":"purchasable","17":"product-type-simple"},"_links":{"self":[{"href":"https:\/\/roveyayinevi.com.tr\/index.php\/wp-json\/wp\/v2\/product\/757329","targetHints":{"allow":["GET"]}}],"collection":[{"href":"https:\/\/roveyayinevi.com.tr\/index.php\/wp-json\/wp\/v2\/product"}],"about":[{"href":"https:\/\/roveyayinevi.com.tr\/index.php\/wp-json\/wp\/v2\/types\/product"}],"wp:attachment":[{"href":"https:\/\/roveyayinevi.com.tr\/index.php\/wp-json\/wp\/v2\/media?parent=757329"}],"wp:term":[{"taxonomy":"product_brand","embeddable":true,"href":"https:\/\/roveyayinevi.com.tr\/index.php\/wp-json\/wp\/v2\/product_brand?post=757329"},{"taxonomy":"product_cat","embeddable":true,"href":"https:\/\/roveyayinevi.com.tr\/index.php\/wp-json\/wp\/v2\/product_cat?post=757329"},{"taxonomy":"product_tag","embeddable":true,"href":"https:\/\/roveyayinevi.com.tr\/index.php\/wp-json\/wp\/v2\/product_tag?post=757329"}],"curies":[{"name":"wp","href":"https:\/\/api.w.org\/{rel}","templated":true}]}}