{"id":757311,"date":"2025-08-28T07:32:17","date_gmt":"2025-08-28T04:32:17","guid":{"rendered":"https:\/\/roveyayinevi.com.tr\/index.php\/urun\/tek-basina-hayatin-tadini-cikarabilme\/"},"modified":"2026-04-16T03:10:09","modified_gmt":"2026-04-16T00:10:09","slug":"tek-basina-hayatin-tadini-cikarabilme","status":"publish","type":"product","link":"https:\/\/roveyayinevi.com.tr\/index.php\/urun\/tek-basina-hayatin-tadini-cikarabilme\/","title":{"rendered":"Tek Ba\u015f\u0131na Hayat\u0131n Tad\u0131n\u0131 \u00c7\u0131karabilme"},"content":{"rendered":"<p>Anlam dolu bir hayat i\u00e7in s\u0131rlar: Sana yaln\u0131zken ya\u015fam\u0131n tad\u0131n\u0131 \u00e7\u0131karamayaca\u011f\u0131n\u0131 s\u00f6yleyen d\u00fc\u015f\u00fcnceyi kafandan at. Bu kitap seni, kendi kararlar\u0131n ve se\u00e7imlerin d\u0131\u015f\u0131nda hi\u00e7bir \u015feye ba\u011fl\u0131 kalmadan kaderinin kontrol\u00fcn\u00fc eline almaya davet ediyor. Bunun anahtar\u0131ysa tek ba\u015f\u0131nayken hayat\u0131n tad\u0131n\u0131 \u00e7\u0131karabilme sanat\u0131 olan yaln\u0131zl\u0131k felsefesidir. Zaman\u0131n ve mek\u00e2n\u0131n sahibi olma se\u00e7imini kutla! \u0130lkelerinle, de\u011ferlerinle, ihtiya\u00e7lar\u0131nla ve duygular\u0131nla uyum i\u00e7inde ya\u015fa, se\u00e7imlerine sayg\u0131 g\u00f6ster ve kendine sevgiyle bak. Yaln\u0131zl\u0131k felsefesi sanat\u0131n\u0131 geli\u015ftirmek i\u00e7in \u015fimdiyi ya\u015famay\u0131 ve bunu be\u015f duyuyla yapmay\u0131 \u00f6\u011frenmelisin. Yaln\u0131z olman\u0131n yaln\u0131z hissetmekle ayn\u0131 \u015fey olmad\u0131\u011f\u0131n\u0131, tam tersine mutlulu\u011fun anahtar\u0131 olabilece\u011fini \u00f6\u011frenece\u011fin bu s\u00fcre\u00e7te sana Nika V\u00e1zquez e\u015flik ediyor. <\/p>\n","protected":false},"excerpt":{"rendered":"<p>Anlam dolu bir hayat i\u00e7in s\u0131rlar: Sana yaln\u0131zken ya\u015fam\u0131n tad\u0131n\u0131 \u00e7\u0131karamayaca\u011f\u0131n\u0131 s\u00f6yleyen d\u00fc\u015f\u00fcnceyi kafandan at. Bu kitap seni, kendi kararlar\u0131n ve se\u00e7imlerin d\u0131\u015f\u0131nda hi\u00e7bir \u015feye ba\u011fl\u0131<span class=\"excerpt-hellip\"> [\u2026]<\/span><\/p>\n","protected":false},"featured_media":0,"template":"","meta":{"_monsterinsights_skip_tracking":false,"_monsterinsights_sitenote_active":false,"_monsterinsights_sitenote_note":"","_monsterinsights_sitenote_category":0},"product_brand":[],"product_cat":[12364,12376],"product_tag":[],"class_list":{"0":"post-757311","1":"product","2":"type-product","3":"status-publish","5":"product_cat-genel-konular","6":"product_cat-kisisel-gelisim","7":"pa_cilt-ciltsiz","8":"pa_tur-kitap","9":"pa_yayinevi-destek-yayinlari","10":"pa_yazar-nika-vazquez-segui","12":"first","13":"instock","14":"sale","15":"shipping-taxable","16":"purchasable","17":"product-type-simple"},"_links":{"self":[{"href":"https:\/\/roveyayinevi.com.tr\/index.php\/wp-json\/wp\/v2\/product\/757311","targetHints":{"allow":["GET"]}}],"collection":[{"href":"https:\/\/roveyayinevi.com.tr\/index.php\/wp-json\/wp\/v2\/product"}],"about":[{"href":"https:\/\/roveyayinevi.com.tr\/index.php\/wp-json\/wp\/v2\/types\/product"}],"wp:attachment":[{"href":"https:\/\/roveyayinevi.com.tr\/index.php\/wp-json\/wp\/v2\/media?parent=757311"}],"wp:term":[{"taxonomy":"product_brand","embeddable":true,"href":"https:\/\/roveyayinevi.com.tr\/index.php\/wp-json\/wp\/v2\/product_brand?post=757311"},{"taxonomy":"product_cat","embeddable":true,"href":"https:\/\/roveyayinevi.com.tr\/index.php\/wp-json\/wp\/v2\/product_cat?post=757311"},{"taxonomy":"product_tag","embeddable":true,"href":"https:\/\/roveyayinevi.com.tr\/index.php\/wp-json\/wp\/v2\/product_tag?post=757311"}],"curies":[{"name":"wp","href":"https:\/\/api.w.org\/{rel}","templated":true}]}}