{"id":757302,"date":"2025-08-28T07:32:05","date_gmt":"2025-08-28T04:32:05","guid":{"rendered":"https:\/\/roveyayinevi.com.tr\/index.php\/urun\/is-hayatinda-kopekbaliklariyla-yuzmek\/"},"modified":"2026-04-16T03:10:09","modified_gmt":"2026-04-16T00:10:09","slug":"is-hayatinda-kopekbaliklariyla-yuzmek","status":"publish","type":"product","link":"https:\/\/roveyayinevi.com.tr\/index.php\/urun\/is-hayatinda-kopekbaliklariyla-yuzmek\/","title":{"rendered":"\u0130\u015f Hayat\u0131nda K\u00f6pekbal\u0131klar\u0131yla Y\u00fczmek"},"content":{"rendered":"<p>Epsilon Yay\u0131nevi&#8217;nin k\u00fclt kitaplar\u0131ndan \u0130\u015f Hayat\u0131nda K\u00f6pekbal\u0131klar\u0131yla Y\u00fczmek, 30 y\u0131l sonra g\u00fcncellenmi\u015f yeni bask\u0131s\u0131yla tekrar okurlarla bulu\u015fuyor. \u0130\u015f d\u00fcnyas\u0131n\u0131n zorluklar\u0131na meydan okumak ve ba\u015far\u0131n\u0131n s\u0131rlar\u0131n\u0131 ke\u015ffetmek istiyorsan\u0131z do\u011fru yerdesiniz. Harvey Mackay, kendi tecr\u00fcbeleriyle ve benzersiz bak\u0131\u015f a\u00e7\u0131s\u0131yla i\u015f d\u00fcnyas\u0131n\u0131n zorluklar\u0131na kar\u015f\u0131 cesaret ve strateji dolu bir rehber sunuyor. Mackay&#8217;in kendi giri\u015fimcilik hik\u00e2yelerinden yola \u00e7\u0131karak kaleme ald\u0131\u011f\u0131 bu kitap, sadece i\u015f d\u00fcnyas\u0131na dair pratik ipu\u00e7lar\u0131 sunmakla kalm\u0131yor, ayn\u0131 zamanda ki\u015fisel geli\u015fim ve motivasyon konular\u0131n\u0131 da inceliyor. Kitapta bulunan ba\u015fl\u0131ca konular: \u2022 \u0130\u015f d\u00fcnyas\u0131ndaki zorluklarla ba\u015fa \u00e7\u0131kma stratejileri\u2022 Liderlik ve y\u00f6neticilikte etkili olman\u0131n yollar\u0131\u2022 \u0130leti\u015fim becerilerini geli\u015ftirme ve i\u015f ili\u015fkilerini kuvvetlendirme y\u00f6ntemleri\u2022 Ki\u015fisel geli\u015fim ve hedef belirleme Harvey Mackay&#8217;in s\u00fcr\u00fckleyici anlat\u0131m\u0131 ve \u015fahsi tecr\u00fcbeleriyle zenginle\u015ftirdi\u011fi bu rehber, i\u015f d\u00fcnyas\u0131n\u0131 takip eden t\u00fcm okurlara  muhte\u015fem bir ba\u015flang\u0131\u00e7 vadediyor. Kendi ba\u015far\u0131 hik\u00e2yenizi yazmak ve i\u015f d\u00fcnyas\u0131n\u0131n k\u00f6pekbal\u0131klar\u0131yla ba\u015fa \u00e7\u0131kmak i\u00e7in arad\u0131\u011f\u0131n\u0131z her \u015feyi bu ilham verici kitapta bulacaks\u0131n\u0131z.  <\/p>\n","protected":false},"excerpt":{"rendered":"<p>Epsilon Yay\u0131nevi&#8217;nin k\u00fclt kitaplar\u0131ndan \u0130\u015f Hayat\u0131nda K\u00f6pekbal\u0131klar\u0131yla Y\u00fczmek, 30 y\u0131l sonra g\u00fcncellenmi\u015f yeni bask\u0131s\u0131yla tekrar okurlarla bulu\u015fuyor. \u0130\u015f d\u00fcnyas\u0131n\u0131n zorluklar\u0131na meydan okumak ve ba\u015far\u0131n\u0131n s\u0131rlar\u0131n\u0131 ke\u015ffetmek<span class=\"excerpt-hellip\"> [\u2026]<\/span><\/p>\n","protected":false},"featured_media":0,"template":"","meta":{"_monsterinsights_skip_tracking":false,"_monsterinsights_sitenote_active":false,"_monsterinsights_sitenote_note":"","_monsterinsights_sitenote_category":0},"product_brand":[],"product_cat":[13043,17647],"product_tag":[],"class_list":{"0":"post-757302","1":"product","2":"type-product","3":"status-publish","5":"product_cat-ekonomi","6":"product_cat-is-dunyasi","7":"pa_cilt-ciltsiz","8":"pa_tur-kitap","9":"pa_yayinevi-epsilon-yayinlari","10":"pa_yazar-harvey-mackay","12":"first","13":"instock","14":"sale","15":"shipping-taxable","16":"purchasable","17":"product-type-simple"},"_links":{"self":[{"href":"https:\/\/roveyayinevi.com.tr\/index.php\/wp-json\/wp\/v2\/product\/757302","targetHints":{"allow":["GET"]}}],"collection":[{"href":"https:\/\/roveyayinevi.com.tr\/index.php\/wp-json\/wp\/v2\/product"}],"about":[{"href":"https:\/\/roveyayinevi.com.tr\/index.php\/wp-json\/wp\/v2\/types\/product"}],"wp:attachment":[{"href":"https:\/\/roveyayinevi.com.tr\/index.php\/wp-json\/wp\/v2\/media?parent=757302"}],"wp:term":[{"taxonomy":"product_brand","embeddable":true,"href":"https:\/\/roveyayinevi.com.tr\/index.php\/wp-json\/wp\/v2\/product_brand?post=757302"},{"taxonomy":"product_cat","embeddable":true,"href":"https:\/\/roveyayinevi.com.tr\/index.php\/wp-json\/wp\/v2\/product_cat?post=757302"},{"taxonomy":"product_tag","embeddable":true,"href":"https:\/\/roveyayinevi.com.tr\/index.php\/wp-json\/wp\/v2\/product_tag?post=757302"}],"curies":[{"name":"wp","href":"https:\/\/api.w.org\/{rel}","templated":true}]}}