{"id":757297,"date":"2025-08-28T07:31:58","date_gmt":"2025-08-28T04:31:58","guid":{"rendered":"https:\/\/roveyayinevi.com.tr\/index.php\/urun\/cografi-ve-zihinsel-isgalin-arka-plani-kusatma\/"},"modified":"2026-04-16T03:10:08","modified_gmt":"2026-04-16T00:10:08","slug":"cografi-ve-zihinsel-isgalin-arka-plani-kusatma","status":"publish","type":"product","link":"https:\/\/roveyayinevi.com.tr\/index.php\/urun\/cografi-ve-zihinsel-isgalin-arka-plani-kusatma\/","title":{"rendered":"Co\u011frafi ve Zihinsel \u0130\u015fgalin Arka Plan\u0131 &#8211; Ku\u015fatma"},"content":{"rendered":"<p>Haberlerde dinledi\u011finiz, gazetelerde okudu\u011funuz ve televizyonlarda izledi\u011finiz her \u015feyi unutun. Bu kitap size, birbiriyle ba\u011f\u0131 ve ortak y\u00f6n\u00fc olan d\u00f6rt b\u00fcy\u00fck ku\u015fatma ve d\u00f6rt b\u00fcy\u00fck i\u015fgali anlatacak&#8230; Tarihten bug\u00fcne kadar ya\u015fad\u0131\u011f\u0131m\u0131z co\u011frafi ve zihinsel i\u015fgalin gizli kodlar\u0131 vard\u0131. D\u00fc\u015fman\u0131n yok etmek i\u00e7in planlad\u0131\u011f\u0131 her sald\u0131r\u0131, bu kodlar \u00fczerinden ger\u00e7ekle\u015ftiriliyordu. Ger\u00e7e\u011fi bilmemiz istenmiyordu. Anlatacaklar\u0131m\u0131z komplo teorisi, masal ve hik\u00e2ye de\u011fildir. Okuduk\u00e7a \u015fa\u015f\u0131racak, anlad\u0131k\u00e7a ku\u015fatman\u0131n ne kadar derin ve kirli oldu\u011funu fark edeceksiniz&#8230; D\u00fcn\u00fc okuyup bug\u00fcn\u00fc g\u00f6rmek, bug\u00fcn\u00fc g\u00f6r\u00fcp yar\u0131n\u0131 sezmek istiyorsan\u0131z bu kitap tam size g\u00f6re\u2026 \u2018\u2019\u0130nsan okuduk\u00e7a, nas\u0131l oyuna getirilip kand\u0131r\u0131ld\u0131\u011f\u0131m\u0131z\u0131 ve yap\u0131lan zihinsel ku\u015fatmay\u0131 ac\u0131 ile okuyor, mola vermeden her \u015feyi \u00f6\u011frenmek istiyor.\u2019\u2019 Halil Ya\u015far Kollu<\/p>\n","protected":false},"excerpt":{"rendered":"<p>Haberlerde dinledi\u011finiz, gazetelerde okudu\u011funuz ve televizyonlarda izledi\u011finiz her \u015feyi unutun. Bu kitap size, birbiriyle ba\u011f\u0131 ve ortak y\u00f6n\u00fc olan d\u00f6rt b\u00fcy\u00fck ku\u015fatma ve d\u00f6rt b\u00fcy\u00fck i\u015fgali<span class=\"excerpt-hellip\"> [\u2026]<\/span><\/p>\n","protected":false},"featured_media":0,"template":"","meta":{"_monsterinsights_skip_tracking":false,"_monsterinsights_sitenote_active":false,"_monsterinsights_sitenote_note":"","_monsterinsights_sitenote_category":0},"product_brand":[],"product_cat":[12777,12291],"product_tag":[],"class_list":{"0":"post-757297","1":"product","2":"type-product","3":"status-publish","5":"product_cat-deneme","6":"product_cat-edebiyat","7":"pa_cilt-ciltsiz","8":"pa_tur-kitap","9":"pa_yayinevi-lopus-yayinlari","10":"pa_yazar-mustafa-guldagi","12":"first","13":"instock","14":"sale","15":"shipping-taxable","16":"purchasable","17":"product-type-simple"},"_links":{"self":[{"href":"https:\/\/roveyayinevi.com.tr\/index.php\/wp-json\/wp\/v2\/product\/757297","targetHints":{"allow":["GET"]}}],"collection":[{"href":"https:\/\/roveyayinevi.com.tr\/index.php\/wp-json\/wp\/v2\/product"}],"about":[{"href":"https:\/\/roveyayinevi.com.tr\/index.php\/wp-json\/wp\/v2\/types\/product"}],"wp:attachment":[{"href":"https:\/\/roveyayinevi.com.tr\/index.php\/wp-json\/wp\/v2\/media?parent=757297"}],"wp:term":[{"taxonomy":"product_brand","embeddable":true,"href":"https:\/\/roveyayinevi.com.tr\/index.php\/wp-json\/wp\/v2\/product_brand?post=757297"},{"taxonomy":"product_cat","embeddable":true,"href":"https:\/\/roveyayinevi.com.tr\/index.php\/wp-json\/wp\/v2\/product_cat?post=757297"},{"taxonomy":"product_tag","embeddable":true,"href":"https:\/\/roveyayinevi.com.tr\/index.php\/wp-json\/wp\/v2\/product_tag?post=757297"}],"curies":[{"name":"wp","href":"https:\/\/api.w.org\/{rel}","templated":true}]}}