{"id":757293,"date":"2025-08-28T07:31:53","date_gmt":"2025-08-28T04:31:53","guid":{"rendered":"https:\/\/roveyayinevi.com.tr\/index.php\/urun\/hatirla-hafiza-bilimi-ve-unutma-sanati\/"},"modified":"2026-04-16T03:10:08","modified_gmt":"2026-04-16T00:10:08","slug":"hatirla-hafiza-bilimi-ve-unutma-sanati","status":"publish","type":"product","link":"https:\/\/roveyayinevi.com.tr\/index.php\/urun\/hatirla-hafiza-bilimi-ve-unutma-sanati\/","title":{"rendered":"Hat\u0131rla! &#8211; Haf\u0131za Bilimi ve Unutma Sanat\u0131"},"content":{"rendered":"<p>Lisa Genova\u2019dan nas\u0131l hat\u0131rlad\u0131\u011f\u0131m\u0131za, neden unuttu\u011fumuza ve an\u0131lar\u0131m\u0131z\u0131 muhafaza etmek i\u00e7in neler yapabilece\u011fimize y\u00f6nelik b\u00fcy\u00fcleyici bir inceleme.   Hi\u00e7 ge\u00e7en hafta izledi\u011finiz filmdeki akt\u00f6r\u00fcn ismini hat\u0131rlayamay\u0131nca panik oldunuz mu? Peki ya odaya ne yapmak i\u00e7in girdi\u011finizi hat\u0131rlayamad\u0131\u011f\u0131n\u0131zda? E\u011fer k\u0131rkl\u0131 ya\u015flar\u0131n\u0131zdaysan\u0131z, muhtemelen bu ufak \u015feyler sizi g\u00fcld\u00fcrmek yerine tedirgin ediyor. T\u00fcm bunlar\u0131n Alzheimer\u2019\u0131n ya da demans\u0131n habercisi oldu\u011funu d\u00fc\u015f\u00fcnseniz de, bu \u00f6rneklerdeki unutma eylemi tamamen normal. \u00c7\u00fcnk\u00fc haf\u0131za ne kadar harika olsa da m\u00fckemmel olmaktan uzakt\u0131r ve unutmak, insan olman\u0131n en tabii par\u00e7as\u0131d\u0131r.   N\u00f6rolog ve edebiyat\u00e7\u0131 Lisa Genova, Hat\u0131rla! Haf\u0131za Bilimi ve Unutma Sanat\u0131\u2019nda an\u0131lar\u0131m\u0131z\u0131 nas\u0131l \u00fcretti\u011fimizi ve onlar\u0131 nas\u0131l hat\u0131rlamaya devam edebilece\u011fimizi inceliyor. Bu kitapta, hangi hat\u0131ralar\u0131n ge\u00e7ici olarak olu\u015furken hangilerinin sonsuza kadar silinece\u011fini; neden baz\u0131 an\u0131lar\u0131n saniyeler i\u00e7inde unutulurken (mesela \u015fifreler) baz\u0131lar\u0131n\u0131n sonsuza kadar unutulmamak \u00fczere kodland\u0131\u011f\u0131n\u0131 (mesela d\u00fc\u011f\u00fcn\u00fcn\u00fcz); an\u0131lar\u0131n duygu, uyku, stres durumlar\u0131 ve \u00e7e\u015fitli ba\u011flamlara g\u00f6re nas\u0131l de\u011fi\u015febildi\u011fini g\u00f6receksiniz.   Haf\u0131zan\u0131z i\u00e7in \u00f6\u011frenilmi\u015f beklentiler olu\u015fturdu\u011funuzda, onunla \u00e7ok daha iyi bir ili\u015fki kurars\u0131n\u0131z. Bu, unutmaktan korktu\u011funuz bir hayat\u0131 tamamen de\u011fi\u015ftirebilir.   \u201cBeyin bilimi haf\u0131zan\u0131n gizemlerini \u00e7\u00f6z\u00fcyor ve bu heyecan verici hik\u00e2yeyi anlatmak i\u00e7in Dr. Genova\u2019dan daha iyisini bulamazs\u0131n\u0131z.\u201d \u2014David Eagleman   \u201c\u2026 Lisa Genova, pop\u00fcler bilimle ki\u015fisel geli\u015fimi harmanlayarak haf\u0131zan\u0131n i\u015flevine dair kolay okunur bir metin olu\u015ftururken, iyi haf\u0131za i\u00e7in ipu\u00e7lar\u0131 da payla\u015f\u0131yor&#8230; Bu ara\u015ft\u0131rma, araba anahtarlar\u0131n\u0131 nerede b\u0131rakt\u0131klar\u0131n\u0131 nas\u0131l ve neden s\u00fcrekli unuttuklar\u0131n\u0131 merak eden herkes i\u00e7in kolay bir ba\u015flang\u0131\u00e7 noktas\u0131.\u201d \u2014Publishers Weekly <\/p>\n","protected":false},"excerpt":{"rendered":"<p>Lisa Genova\u2019dan nas\u0131l hat\u0131rlad\u0131\u011f\u0131m\u0131za, neden unuttu\u011fumuza ve an\u0131lar\u0131m\u0131z\u0131 muhafaza etmek i\u00e7in neler yapabilece\u011fimize y\u00f6nelik b\u00fcy\u00fcleyici bir inceleme. Hi\u00e7 ge\u00e7en hafta izledi\u011finiz filmdeki akt\u00f6r\u00fcn ismini hat\u0131rlayamay\u0131nca panik<span class=\"excerpt-hellip\"> [\u2026]<\/span><\/p>\n","protected":false},"featured_media":0,"template":"","meta":{"_monsterinsights_skip_tracking":false,"_monsterinsights_sitenote_active":false,"_monsterinsights_sitenote_note":"","_monsterinsights_sitenote_category":0},"product_brand":[],"product_cat":[13005,13006],"product_tag":[],"class_list":{"0":"post-757293","1":"product","2":"type-product","3":"status-publish","5":"product_cat-bilim-muhendislik","6":"product_cat-populer-bilim","7":"pa_cilt-ciltsiz","8":"pa_tur-kitap","9":"pa_yayinevi-nova-kitap","10":"pa_yazar-lisa-genova","12":"first","13":"instock","14":"sale","15":"shipping-taxable","16":"purchasable","17":"product-type-simple"},"_links":{"self":[{"href":"https:\/\/roveyayinevi.com.tr\/index.php\/wp-json\/wp\/v2\/product\/757293","targetHints":{"allow":["GET"]}}],"collection":[{"href":"https:\/\/roveyayinevi.com.tr\/index.php\/wp-json\/wp\/v2\/product"}],"about":[{"href":"https:\/\/roveyayinevi.com.tr\/index.php\/wp-json\/wp\/v2\/types\/product"}],"wp:attachment":[{"href":"https:\/\/roveyayinevi.com.tr\/index.php\/wp-json\/wp\/v2\/media?parent=757293"}],"wp:term":[{"taxonomy":"product_brand","embeddable":true,"href":"https:\/\/roveyayinevi.com.tr\/index.php\/wp-json\/wp\/v2\/product_brand?post=757293"},{"taxonomy":"product_cat","embeddable":true,"href":"https:\/\/roveyayinevi.com.tr\/index.php\/wp-json\/wp\/v2\/product_cat?post=757293"},{"taxonomy":"product_tag","embeddable":true,"href":"https:\/\/roveyayinevi.com.tr\/index.php\/wp-json\/wp\/v2\/product_tag?post=757293"}],"curies":[{"name":"wp","href":"https:\/\/api.w.org\/{rel}","templated":true}]}}