{"id":757282,"date":"2025-08-28T07:31:37","date_gmt":"2025-08-28T04:31:37","guid":{"rendered":"https:\/\/roveyayinevi.com.tr\/index.php\/urun\/mimar\/"},"modified":"2026-04-16T03:10:08","modified_gmt":"2026-04-16T00:10:08","slug":"mimar","status":"publish","type":"product","link":"https:\/\/roveyayinevi.com.tr\/index.php\/urun\/mimar\/","title":{"rendered":"Mimar"},"content":{"rendered":"<p>\u201cTanr\u0131m ne yapt\u0131m ben!\u201d Dizlerini kendine do\u011fru \u00e7ekip ba\u015f\u0131n\u0131 dizlerinin aras\u0131na alarak a\u011flamaya ba\u015flad\u0131. A\u011flamas\u0131n\u0131n aras\u0131ndan s\u00fcrekli ayn\u0131 hayk\u0131r\u0131\u015f y\u00fckseldi ama bu sefer hayk\u0131r\u0131\u015flar\u0131n\u0131 duyabilen tek ki\u015fi kendisiydi. \u201cNe yapt\u0131m ben!\u201d   Birbiriyle alakas\u0131z gibi g\u00f6r\u00fcnen alt\u0131 farkl\u0131 evde i\u015flenen paranormal cinayetler bir polis memurunun ve bir i\u00e7 mimar\u0131n ayn\u0131 karanl\u0131k taraf\u0131ndan yutulmas\u0131na neden olur. Ayn\u0131 noktaya \u00e7ekilmelerine neden olan ise i\u00e7ine kar\u0131\u015ft\u0131klar\u0131 davad\u0131r. Bu davada ikisi de su\u00e7luyu arar ama ikisinin de bulduklar\u0131 \u015fey kendileridir.   Mimar, kendine has \u00fcslubuyla okuyucuyu derinden sars\u0131yor&#8230;<\/p>\n","protected":false},"excerpt":{"rendered":"<p>\u201cTanr\u0131m ne yapt\u0131m ben!\u201d Dizlerini kendine do\u011fru \u00e7ekip ba\u015f\u0131n\u0131 dizlerinin aras\u0131na alarak a\u011flamaya ba\u015flad\u0131. A\u011flamas\u0131n\u0131n aras\u0131ndan s\u00fcrekli ayn\u0131 hayk\u0131r\u0131\u015f y\u00fckseldi ama bu sefer hayk\u0131r\u0131\u015flar\u0131n\u0131 duyabilen tek<span class=\"excerpt-hellip\"> [\u2026]<\/span><\/p>\n","protected":false},"featured_media":0,"template":"","meta":{"_monsterinsights_skip_tracking":false,"_monsterinsights_sitenote_active":false,"_monsterinsights_sitenote_note":"","_monsterinsights_sitenote_category":0},"product_brand":[],"product_cat":[12291,12711],"product_tag":[],"class_list":{"0":"post-757282","1":"product","2":"type-product","3":"status-publish","5":"product_cat-edebiyat","6":"product_cat-roman-oyku","7":"pa_cilt-ciltsiz","8":"pa_tur-kitap","9":"pa_yayinevi-perseus","10":"pa_yazar-ceylan-govsa","12":"first","13":"instock","14":"sale","15":"shipping-taxable","16":"purchasable","17":"product-type-simple"},"_links":{"self":[{"href":"https:\/\/roveyayinevi.com.tr\/index.php\/wp-json\/wp\/v2\/product\/757282","targetHints":{"allow":["GET"]}}],"collection":[{"href":"https:\/\/roveyayinevi.com.tr\/index.php\/wp-json\/wp\/v2\/product"}],"about":[{"href":"https:\/\/roveyayinevi.com.tr\/index.php\/wp-json\/wp\/v2\/types\/product"}],"wp:attachment":[{"href":"https:\/\/roveyayinevi.com.tr\/index.php\/wp-json\/wp\/v2\/media?parent=757282"}],"wp:term":[{"taxonomy":"product_brand","embeddable":true,"href":"https:\/\/roveyayinevi.com.tr\/index.php\/wp-json\/wp\/v2\/product_brand?post=757282"},{"taxonomy":"product_cat","embeddable":true,"href":"https:\/\/roveyayinevi.com.tr\/index.php\/wp-json\/wp\/v2\/product_cat?post=757282"},{"taxonomy":"product_tag","embeddable":true,"href":"https:\/\/roveyayinevi.com.tr\/index.php\/wp-json\/wp\/v2\/product_tag?post=757282"}],"curies":[{"name":"wp","href":"https:\/\/api.w.org\/{rel}","templated":true}]}}