{"id":757281,"date":"2025-08-28T07:31:35","date_gmt":"2025-08-28T04:31:35","guid":{"rendered":"https:\/\/roveyayinevi.com.tr\/index.php\/urun\/hasbelkader-ask\/"},"modified":"2026-04-16T03:10:08","modified_gmt":"2026-04-16T00:10:08","slug":"hasbelkader-ask","status":"publish","type":"product","link":"https:\/\/roveyayinevi.com.tr\/index.php\/urun\/hasbelkader-ask\/","title":{"rendered":"Hasbelkader A\u015fk"},"content":{"rendered":"<p>Y\u00fcce Yarat\u0131c\u0131m\u0131z\u0131n bizlere g\u00f6sterdi\u011fi merhamet dolu sevgi, insanl\u0131k tarihindeki en b\u00fcy\u00fck a\u015fk \u00f6yk\u00fcs\u00fcd\u00fcr. Bu kitapta, \u0130slam&#8217;\u0131n sevgi dolu \u00f6\u011fretileri ve Kur&#8217;an&#8217;\u0131n a\u015fk dolu mesajlar\u0131 ke\u015ffedilerek, kalplerimizin doldurulmas\u0131 ve hayatlar\u0131m\u0131z\u0131n anlamland\u0131r\u0131lmas\u0131 hedeflenmektedir.   \u0130slam dininde a\u015fk, sadece insanlar aras\u0131ndaki romantik bir duygu de\u011fildir. A\u015fk, Y\u00fcce Yarat\u0131c\u0131m\u0131za, peygamberimize ve yarat\u0131lm\u0131\u015f t\u00fcm varl\u0131klara olan sevgimizi ifade etmenin de bir yolu olarak kabul edilir. \u0130slam, sevginin bireysel ve toplumsal ya\u015famdaki \u00f6nemine vurgu yapar. Sevgi, insanlar\u0131n birbirleriyle sa\u011fl\u0131kl\u0131 bir \u015fekilde ileti\u015fim kurmalar\u0131n\u0131, birbirlerine yard\u0131m etmelerini, birbirlerine destek olmalar\u0131n\u0131 ve bir arada huzurlu bir \u015fekilde ya\u015famalar\u0131n\u0131 sa\u011flayan temel bir \u00f6zelliktir. \u0130slam&#8217;\u0131n \u00f6\u011fretileri, insanlar\u0131n kalplerindeki sevgi kayna\u011f\u0131n\u0131 ke\u015ffetmelerine ve onu d\u00fcnyada yaymalar\u0131na yard\u0131mc\u0131 olur. Bu kitap, bu hedefe ula\u015fmada bir ad\u0131m olmay\u0131 ama\u00e7lamaktad\u0131r.<\/p>\n","protected":false},"excerpt":{"rendered":"<p>Y\u00fcce Yarat\u0131c\u0131m\u0131z\u0131n bizlere g\u00f6sterdi\u011fi merhamet dolu sevgi, insanl\u0131k tarihindeki en b\u00fcy\u00fck a\u015fk \u00f6yk\u00fcs\u00fcd\u00fcr. Bu kitapta, \u0130slam&#8217;\u0131n sevgi dolu \u00f6\u011fretileri ve Kur&#8217;an&#8217;\u0131n a\u015fk dolu mesajlar\u0131 ke\u015ffedilerek, kalplerimizin<span class=\"excerpt-hellip\"> [\u2026]<\/span><\/p>\n","protected":false},"featured_media":0,"template":"","meta":{"_monsterinsights_skip_tracking":false,"_monsterinsights_sitenote_active":false,"_monsterinsights_sitenote_note":"","_monsterinsights_sitenote_category":0},"product_brand":[],"product_cat":[12718,12719,15238],"product_tag":[],"class_list":{"0":"post-757281","1":"product","2":"type-product","3":"status-publish","5":"product_cat-din","6":"product_cat-islam","7":"product_cat-tasavvuf","8":"pa_cilt-ciltsiz","9":"pa_tur-kitap","10":"pa_yayinevi-elpis-yayinlari","11":"pa_yazar-osman-yildiz-ali-osman-yalkin","13":"first","14":"instock","15":"sale","16":"shipping-taxable","17":"purchasable","18":"product-type-simple"},"_links":{"self":[{"href":"https:\/\/roveyayinevi.com.tr\/index.php\/wp-json\/wp\/v2\/product\/757281","targetHints":{"allow":["GET"]}}],"collection":[{"href":"https:\/\/roveyayinevi.com.tr\/index.php\/wp-json\/wp\/v2\/product"}],"about":[{"href":"https:\/\/roveyayinevi.com.tr\/index.php\/wp-json\/wp\/v2\/types\/product"}],"wp:attachment":[{"href":"https:\/\/roveyayinevi.com.tr\/index.php\/wp-json\/wp\/v2\/media?parent=757281"}],"wp:term":[{"taxonomy":"product_brand","embeddable":true,"href":"https:\/\/roveyayinevi.com.tr\/index.php\/wp-json\/wp\/v2\/product_brand?post=757281"},{"taxonomy":"product_cat","embeddable":true,"href":"https:\/\/roveyayinevi.com.tr\/index.php\/wp-json\/wp\/v2\/product_cat?post=757281"},{"taxonomy":"product_tag","embeddable":true,"href":"https:\/\/roveyayinevi.com.tr\/index.php\/wp-json\/wp\/v2\/product_tag?post=757281"}],"curies":[{"name":"wp","href":"https:\/\/api.w.org\/{rel}","templated":true}]}}