{"id":757268,"date":"2025-08-28T07:31:17","date_gmt":"2025-08-28T04:31:17","guid":{"rendered":"https:\/\/roveyayinevi.com.tr\/index.php\/urun\/newton-neden-turk-degildi\/"},"modified":"2026-04-16T03:10:08","modified_gmt":"2026-04-16T00:10:08","slug":"newton-neden-turk-degildi","status":"publish","type":"product","link":"https:\/\/roveyayinevi.com.tr\/index.php\/urun\/newton-neden-turk-degildi\/","title":{"rendered":"Newton Neden T\u00fcrk De\u011fildi?"},"content":{"rendered":"<p>\u201cT\u00fcrkiye halk\u0131 maalesef pek feci bir imtihan verecektir ve bu imtihandan aln\u0131n\u0131n ak\u0131yla \u00e7\u0131kaca\u011f\u0131n\u0131 sanmak i\u00e7in pek de sebep bulunmamaktad\u0131r. Ama ileride kendini toparlamak isterse o zaman tek bir k\u0131lavuz alabilir: Bilim. Bilim s\u0131rf bilim insanlar\u0131n\u0131n yapt\u0131\u011f\u0131 bir \u015fey de\u011fildir. Halk\u0131n her seviyesi kendine g\u00f6re bilimsel d\u00fc\u015f\u00fcnebilir ve ya\u015fam kalitesini art\u0131rabilir.   \u0130\u015fte bu kitab\u0131n tek amac\u0131 yurtta\u015flar\u0131ma ileride kendilerine laz\u0131m olabilecek bilimsel d\u00fc\u015f\u00fcnce t\u00fcr\u00fcnden \u00f6rnekler vermektir. Verilen \u00f6rnekler k\u0131smen bilim insanlar\u0131n\u0131n ya\u015fam\u0131ndan, k\u0131smen onlar\u0131n kuramlar\u0131ndan, k\u0131smen toplumun di\u011fer kesimlerinde iz b\u0131rakm\u0131\u015f ki\u015filerden al\u0131nm\u0131\u015f, k\u0131smen de kendi fantezimden t\u00fcretilmi\u015flerdir. Bunlar\u0131n yurtta\u015flar\u0131ma d\u00fc\u015f\u00fcnce \u00f6rnekleri olu\u015fturmalar\u0131, ya\u015famlar\u0131n\u0131 ak\u0131lc\u0131 hatlar \u00fczerinde kurmalar\u0131 veya ba\u015ftan d\u00fczenlemeleri, cehalet bezirg\u00e2nlar\u0131n\u0131n pe\u015finden ko\u015fmamalar\u0131 ve bilhassa din propagandas\u0131 yapan her siyasiden muhakkak ama muhakkak uzak durulmas\u0131n\u0131 d\u00fc\u015f\u00fcnebilmeleri konusunda yard\u0131mc\u0131 olmalar\u0131n\u0131 dilerim.\u201d <\/p>\n","protected":false},"excerpt":{"rendered":"<p>\u201cT\u00fcrkiye halk\u0131 maalesef pek feci bir imtihan verecektir ve bu imtihandan aln\u0131n\u0131n ak\u0131yla \u00e7\u0131kaca\u011f\u0131n\u0131 sanmak i\u00e7in pek de sebep bulunmamaktad\u0131r. Ama ileride kendini toparlamak isterse o<span class=\"excerpt-hellip\"> [\u2026]<\/span><\/p>\n","protected":false},"featured_media":0,"template":"","meta":{"_monsterinsights_skip_tracking":false,"_monsterinsights_sitenote_active":false,"_monsterinsights_sitenote_note":"","_monsterinsights_sitenote_category":0},"product_brand":[],"product_cat":[12777,12291],"product_tag":[],"class_list":{"0":"post-757268","1":"product","2":"type-product","3":"status-publish","5":"product_cat-deneme","6":"product_cat-edebiyat","7":"pa_cilt-ciltsiz","8":"pa_tur-kitap","9":"pa_yayinevi-inkilap-kitabevi","10":"pa_yazar-ali-mehmet-celal-sengor","12":"first","13":"instock","14":"sale","15":"shipping-taxable","16":"purchasable","17":"product-type-simple"},"_links":{"self":[{"href":"https:\/\/roveyayinevi.com.tr\/index.php\/wp-json\/wp\/v2\/product\/757268","targetHints":{"allow":["GET"]}}],"collection":[{"href":"https:\/\/roveyayinevi.com.tr\/index.php\/wp-json\/wp\/v2\/product"}],"about":[{"href":"https:\/\/roveyayinevi.com.tr\/index.php\/wp-json\/wp\/v2\/types\/product"}],"wp:attachment":[{"href":"https:\/\/roveyayinevi.com.tr\/index.php\/wp-json\/wp\/v2\/media?parent=757268"}],"wp:term":[{"taxonomy":"product_brand","embeddable":true,"href":"https:\/\/roveyayinevi.com.tr\/index.php\/wp-json\/wp\/v2\/product_brand?post=757268"},{"taxonomy":"product_cat","embeddable":true,"href":"https:\/\/roveyayinevi.com.tr\/index.php\/wp-json\/wp\/v2\/product_cat?post=757268"},{"taxonomy":"product_tag","embeddable":true,"href":"https:\/\/roveyayinevi.com.tr\/index.php\/wp-json\/wp\/v2\/product_tag?post=757268"}],"curies":[{"name":"wp","href":"https:\/\/api.w.org\/{rel}","templated":true}]}}