{"id":757267,"date":"2025-08-28T07:31:16","date_gmt":"2025-08-28T04:31:16","guid":{"rendered":"https:\/\/roveyayinevi.com.tr\/index.php\/urun\/ayrik-otunun-icsel-yolculugu\/"},"modified":"2025-11-21T10:00:09","modified_gmt":"2025-11-21T07:00:09","slug":"ayrik-otunun-icsel-yolculugu","status":"publish","type":"product","link":"https:\/\/roveyayinevi.com.tr\/index.php\/urun\/ayrik-otunun-icsel-yolculugu\/","title":{"rendered":"Ayr\u0131k Otunun \u0130\u00e7sel Yolculu\u011fu"},"content":{"rendered":"<p>En yak\u0131n\u0131n\u0131z olan \u00e7ekirdek aile ortamlar\u0131nda, en sevdiklerinizin aras\u0131nda dahi kendinizi uyumsuz, anla\u015f\u0131lamayan hissetmi\u015fseniz\u2026 Derinlerinizde bir yerlerden gelen ses o ait olmad\u0131\u011f\u0131n\u0131z kalabal\u0131klar\u0131n i\u00e7inde kayboldu\u011funuz bilgisini kula\u011f\u0131n\u0131za f\u0131s\u0131ld\u0131yorsa\u2026 Siz de bir ayr\u0131k otu olabilirsiniz. Yersizlik, yurtsuzluk vatan\u0131n\u0131z olmu\u015fsa yol g\u00f6t\u00fcr\u00fcr. Yol uzakla\u015ft\u0131r\u0131r, uzakla\u015ft\u0131r\u0131rken de kavu\u015fturur.  Yol merakt\u0131r. O derin uyumsuzlu\u011fu bir yerlere ba\u011flayacak bir halat aray\u0131\u015f\u0131d\u0131r yol. Bir anlama, anlamland\u0131rma \u00e7abas\u0131d\u0131r. Yol heyecand\u0131r. Bilinmezli\u011fin i\u00e7inde bilineni ke\u015ffetmek ve bilinenin i\u00e7indeki gizli s\u0131rr\u0131 aramakt\u0131r yol. \u00d6z\u00fc bulman\u0131n heyecan\u0131d\u0131r. <\/p>\n","protected":false},"excerpt":{"rendered":"<p>En yak\u0131n\u0131n\u0131z olan \u00e7ekirdek aile ortamlar\u0131nda, en sevdiklerinizin aras\u0131nda dahi kendinizi uyumsuz, anla\u015f\u0131lamayan hissetmi\u015fseniz\u2026 Derinlerinizde bir yerlerden gelen ses o ait olmad\u0131\u011f\u0131n\u0131z kalabal\u0131klar\u0131n i\u00e7inde kayboldu\u011funuz bilgisini<span class=\"excerpt-hellip\"> [\u2026]<\/span><\/p>\n","protected":false},"featured_media":0,"template":"","meta":{"_monsterinsights_skip_tracking":false,"_monsterinsights_sitenote_active":false,"_monsterinsights_sitenote_note":"","_monsterinsights_sitenote_category":0},"product_brand":[],"product_cat":[12364,12376],"product_tag":[],"class_list":{"0":"post-757267","1":"product","2":"type-product","3":"status-publish","5":"product_cat-genel-konular","6":"product_cat-kisisel-gelisim","7":"pa_cilt-ciltsiz","8":"pa_tur-kitap","9":"pa_yayinevi-gunce-yayinlari","10":"pa_yazar-dalia-maya","12":"first","13":"instock","14":"sale","15":"shipping-taxable","16":"purchasable","17":"product-type-simple"},"_links":{"self":[{"href":"https:\/\/roveyayinevi.com.tr\/index.php\/wp-json\/wp\/v2\/product\/757267","targetHints":{"allow":["GET"]}}],"collection":[{"href":"https:\/\/roveyayinevi.com.tr\/index.php\/wp-json\/wp\/v2\/product"}],"about":[{"href":"https:\/\/roveyayinevi.com.tr\/index.php\/wp-json\/wp\/v2\/types\/product"}],"wp:attachment":[{"href":"https:\/\/roveyayinevi.com.tr\/index.php\/wp-json\/wp\/v2\/media?parent=757267"}],"wp:term":[{"taxonomy":"product_brand","embeddable":true,"href":"https:\/\/roveyayinevi.com.tr\/index.php\/wp-json\/wp\/v2\/product_brand?post=757267"},{"taxonomy":"product_cat","embeddable":true,"href":"https:\/\/roveyayinevi.com.tr\/index.php\/wp-json\/wp\/v2\/product_cat?post=757267"},{"taxonomy":"product_tag","embeddable":true,"href":"https:\/\/roveyayinevi.com.tr\/index.php\/wp-json\/wp\/v2\/product_tag?post=757267"}],"curies":[{"name":"wp","href":"https:\/\/api.w.org\/{rel}","templated":true}]}}