{"id":757263,"date":"2025-08-28T07:31:09","date_gmt":"2025-08-28T04:31:09","guid":{"rendered":"https:\/\/roveyayinevi.com.tr\/index.php\/urun\/kramp\/"},"modified":"2026-04-16T03:10:08","modified_gmt":"2026-04-16T00:10:08","slug":"kramp","status":"publish","type":"product","link":"https:\/\/roveyayinevi.com.tr\/index.php\/urun\/kramp\/","title":{"rendered":"Kramp"},"content":{"rendered":"<p>Yedi ya\u015f\u0131ndaki M babas\u0131 D\u2019yle birlikte sahte mazeretler uydurarak okulu k\u0131rar, bir kasabadan di\u011ferine se\u011firtir, kap\u0131 kap\u0131 h\u0131rdavat\u00e7\u0131 gezerler. M babas\u0131ndan pazarlamac\u0131l\u0131\u011f\u0131n ilmini \u00f6\u011frenir, katalo\u011funu ezbere bildi\u011fi Kramp marka malzemeleri satmak i\u00e7in k\u00e2h hasta k\u0131z \u00e7ocu\u011fu rol\u00fcne b\u00fcr\u00fcn\u00fcr k\u00e2h boynunu b\u00fck\u00fcp, g\u00f6zlerini d\u00fckk\u00e2n sahibine diker. Di\u011fer yanda asker\u00ee darbenin pen\u00e7esinde k\u0131vranan \u015eili\u2019nin ac\u0131 tarihi i\u015flemektedir. M\u2019yle babas\u0131n\u0131n hayat\u0131na kar\u0131\u015f\u0131p seyahatlerine e\u015flik etmek isteyen foto\u011fraf\u00e7\u0131 E ise \u015eili\u2019nin karanl\u0131\u011f\u0131nda ba\u015fka  bir aray\u0131\u015f i\u00e7indedir. 20. y\u00fczy\u0131l Latin Amerika edeb\u00ee miras\u0131n\u0131 yetkinlikle ta\u015f\u0131yan gen\u00e7 yazarlar ku\u015fa\u011f\u0131n\u0131n \u00f6nemli temsilcilerinden \u015eilili yazar Mar\u00eda Jos\u00e9 Ferrada\u2019n\u0131n bu ilk roman\u0131 bir\u00e7ok dile \u00e7evrildi. \u00c7ocuk kitaplar\u0131yla tan\u0131nan Ferrada, Kramp\u2019ta yedi ya\u015f\u0131nda bir \u00e7ocu\u011fun babas\u0131yla d\u00fcnyan\u0131n bin bir halini ke\u015ffedi\u015fini anlat\u0131yor, keskin oldu\u011fu kadar yumu\u015fak bir \u00fcslupla. <\/p>\n","protected":false},"excerpt":{"rendered":"<p>Yedi ya\u015f\u0131ndaki M babas\u0131 D\u2019yle birlikte sahte mazeretler uydurarak okulu k\u0131rar, bir kasabadan di\u011ferine se\u011firtir, kap\u0131 kap\u0131 h\u0131rdavat\u00e7\u0131 gezerler. M babas\u0131ndan pazarlamac\u0131l\u0131\u011f\u0131n ilmini \u00f6\u011frenir, katalo\u011funu ezbere<span class=\"excerpt-hellip\"> [\u2026]<\/span><\/p>\n","protected":false},"featured_media":0,"template":"","meta":{"_monsterinsights_skip_tracking":false,"_monsterinsights_sitenote_active":false,"_monsterinsights_sitenote_note":"","_monsterinsights_sitenote_category":0},"product_brand":[],"product_cat":[12291,12711],"product_tag":[],"class_list":{"0":"post-757263","1":"product","2":"type-product","3":"status-publish","5":"product_cat-edebiyat","6":"product_cat-roman-oyku","7":"pa_cilt-ciltsiz","8":"pa_tur-kitap","9":"pa_yayinevi-can-yayinlari","10":"pa_yazar-maria-jose-ferrada","12":"first","13":"instock","14":"sale","15":"shipping-taxable","16":"purchasable","17":"product-type-simple"},"_links":{"self":[{"href":"https:\/\/roveyayinevi.com.tr\/index.php\/wp-json\/wp\/v2\/product\/757263","targetHints":{"allow":["GET"]}}],"collection":[{"href":"https:\/\/roveyayinevi.com.tr\/index.php\/wp-json\/wp\/v2\/product"}],"about":[{"href":"https:\/\/roveyayinevi.com.tr\/index.php\/wp-json\/wp\/v2\/types\/product"}],"wp:attachment":[{"href":"https:\/\/roveyayinevi.com.tr\/index.php\/wp-json\/wp\/v2\/media?parent=757263"}],"wp:term":[{"taxonomy":"product_brand","embeddable":true,"href":"https:\/\/roveyayinevi.com.tr\/index.php\/wp-json\/wp\/v2\/product_brand?post=757263"},{"taxonomy":"product_cat","embeddable":true,"href":"https:\/\/roveyayinevi.com.tr\/index.php\/wp-json\/wp\/v2\/product_cat?post=757263"},{"taxonomy":"product_tag","embeddable":true,"href":"https:\/\/roveyayinevi.com.tr\/index.php\/wp-json\/wp\/v2\/product_tag?post=757263"}],"curies":[{"name":"wp","href":"https:\/\/api.w.org\/{rel}","templated":true}]}}