{"id":757261,"date":"2025-08-28T07:31:07","date_gmt":"2025-08-28T04:31:07","guid":{"rendered":"https:\/\/roveyayinevi.com.tr\/index.php\/urun\/kendini-savunmak-bir-siddet-felsefesi\/"},"modified":"2026-04-16T03:10:08","modified_gmt":"2026-04-16T00:10:08","slug":"kendini-savunmak-bir-siddet-felsefesi","status":"publish","type":"product","link":"https:\/\/roveyayinevi.com.tr\/index.php\/urun\/kendini-savunmak-bir-siddet-felsefesi\/","title":{"rendered":"Kendini Savunmak: Bir \u015eiddet Felsefesi"},"content":{"rendered":"<p>Bir yatak odas\u0131n\u0131n sessizli\u011finde, gece y\u00fcr\u00fcnen \u0131ss\u0131z bir yolda, toplama kamp\u0131nda, zindanda ya da politik bir hareketin k\u0131lcal damarlar\u0131ndaki \u015fiddet d\u00f6ng\u00fcs\u00fcn\u00fcn i\u015fleyi\u015fi hangi temellere dayan\u0131r? \u0130ktidar ili\u015fkilerinden ayr\u0131 d\u00fc\u015f\u00fcn\u00fclemeyecek bir tahakk\u00fcm mekanizmas\u0131 olarak \u015fiddet, madun bedenlerde ve zihinlerde ne gibi yaralar a\u00e7maktad\u0131r? Ya\u015fam m\u00fccadelesi veren ezilen halklar\u0131n \u00f6l\u00fcm t\u00fcrleri aras\u0131nda bir se\u00e7im yapma mecburiyetinden do\u011fan me\u015fru m\u00fcdafaa giri\u015fimleri ve \u00f6zsavunma pratikleri nelerdir?Elsa Dorlin Kendini Savunmak&#8217;ta, k\u00f6lelik ve s\u00f6m\u00fcrge kar\u015f\u0131t\u0131 isyanlardan ju-jitsu pratiklerine, anar\u015fist feministlerin savunma tekniklerinden Var\u015fova Gettosu Ayaklanmas\u0131&#8217;na, Kara Panterler&#8217;den queer \u00f6zsavunma devriyelerine ve krav maga&#8217;ya uzanan geni\u015f bir perspektifte, hayatta kalma ve var olma m\u00fccadelesinin emperyalizme, fa\u015fizme ve dogmac\u0131 kodlara sava\u015f a\u00e7maktan ge\u00e7ti\u011fini g\u00f6zler \u00f6n\u00fcne seren bir \u00e7al\u0131\u015fma sunuyor. Thomas Hobbes&#8217;tan John Locke&#8217;a, Michel Foucault&#8217;dan Frantz Fanon&#8217;a ve Judith Butler&#8217;a uzanan bu kapsaml\u0131 ara\u015ft\u0131rma; sald\u0131r\u0131, direni\u015f ve kar\u015f\u0131 sald\u0131r\u0131 aras\u0131ndaki diyalektik ili\u015fkilere temas ederek kendini savunma pratiklerinin tarih\u00e7esine ve kavramsalla\u015ft\u0131r\u0131lmas\u0131na \u0131\u015f\u0131k tutuyor.Egemen \u015fiddetin fay hatlar\u0131na n\u00fcfuz eden, 2018 Frantz Fanon \u00d6d\u00fcll\u00fc bir \u00f6zsavunma ar\u015fivi.<\/p>\n","protected":false},"excerpt":{"rendered":"<p>Bir yatak odas\u0131n\u0131n sessizli\u011finde, gece y\u00fcr\u00fcnen \u0131ss\u0131z bir yolda, toplama kamp\u0131nda, zindanda ya da politik bir hareketin k\u0131lcal damarlar\u0131ndaki \u015fiddet d\u00f6ng\u00fcs\u00fcn\u00fcn i\u015fleyi\u015fi hangi temellere dayan\u0131r? \u0130ktidar<span class=\"excerpt-hellip\"> [\u2026]<\/span><\/p>\n","protected":false},"featured_media":0,"template":"","meta":{"_monsterinsights_skip_tracking":false,"_monsterinsights_sitenote_active":false,"_monsterinsights_sitenote_note":"","_monsterinsights_sitenote_category":0},"product_brand":[],"product_cat":[20351,12388],"product_tag":[],"class_list":{"0":"post-757261","1":"product","2":"type-product","3":"status-publish","5":"product_cat-dusunce","6":"product_cat-felsefe","7":"pa_cilt-ciltsiz","8":"pa_tur-kitap","9":"pa_yayinevi-sel-yayincilik","10":"pa_yazar-elsa-dorlin","12":"first","13":"instock","14":"sale","15":"shipping-taxable","16":"purchasable","17":"product-type-simple"},"_links":{"self":[{"href":"https:\/\/roveyayinevi.com.tr\/index.php\/wp-json\/wp\/v2\/product\/757261","targetHints":{"allow":["GET"]}}],"collection":[{"href":"https:\/\/roveyayinevi.com.tr\/index.php\/wp-json\/wp\/v2\/product"}],"about":[{"href":"https:\/\/roveyayinevi.com.tr\/index.php\/wp-json\/wp\/v2\/types\/product"}],"wp:attachment":[{"href":"https:\/\/roveyayinevi.com.tr\/index.php\/wp-json\/wp\/v2\/media?parent=757261"}],"wp:term":[{"taxonomy":"product_brand","embeddable":true,"href":"https:\/\/roveyayinevi.com.tr\/index.php\/wp-json\/wp\/v2\/product_brand?post=757261"},{"taxonomy":"product_cat","embeddable":true,"href":"https:\/\/roveyayinevi.com.tr\/index.php\/wp-json\/wp\/v2\/product_cat?post=757261"},{"taxonomy":"product_tag","embeddable":true,"href":"https:\/\/roveyayinevi.com.tr\/index.php\/wp-json\/wp\/v2\/product_tag?post=757261"}],"curies":[{"name":"wp","href":"https:\/\/api.w.org\/{rel}","templated":true}]}}