{"id":757240,"date":"2025-08-28T07:30:39","date_gmt":"2025-08-28T04:30:39","guid":{"rendered":"https:\/\/roveyayinevi.com.tr\/index.php\/urun\/ayicigin-arkadasi\/"},"modified":"2026-04-16T03:10:07","modified_gmt":"2026-04-16T00:10:07","slug":"ayicigin-arkadasi","status":"publish","type":"product","link":"https:\/\/roveyayinevi.com.tr\/index.php\/urun\/ayicigin-arkadasi\/","title":{"rendered":"Ay\u0131c\u0131\u011f\u0131n Arkada\u015f\u0131"},"content":{"rendered":"<p>\u0130lkbahar geldi! Ve K\u00fc\u00e7\u00fck ay\u0131 \u00e7i\u00e7ekleri koklamak, yavru hayvanlar\u0131 g\u00f6rmek ve arkada\u015f bulmak i\u00e7in sab\u0131rs\u0131zlan\u0131yor! Ama durup ilkbahar\u0131n tad\u0131n\u0131 \u00e7\u0131karabilecek mi? Ve arad\u0131\u011f\u0131 arkada\u015f\u0131n ba\u015f\u0131ndan beri yan\u0131nda oldu\u011funu fark edecek mi? Me\u015fgul ay\u0131c\u0131klar i\u00e7in bir fark\u0131ndal\u0131k kitab\u0131.<\/p>\n","protected":false},"excerpt":{"rendered":"<p>\u0130lkbahar geldi! Ve K\u00fc\u00e7\u00fck ay\u0131 \u00e7i\u00e7ekleri koklamak, yavru hayvanlar\u0131 g\u00f6rmek ve arkada\u015f bulmak i\u00e7in sab\u0131rs\u0131zlan\u0131yor! Ama durup ilkbahar\u0131n tad\u0131n\u0131 \u00e7\u0131karabilecek mi? Ve arad\u0131\u011f\u0131 arkada\u015f\u0131n ba\u015f\u0131ndan beri<span class=\"excerpt-hellip\"> [\u2026]<\/span><\/p>\n","protected":false},"featured_media":0,"template":"","meta":{"_monsterinsights_skip_tracking":false,"_monsterinsights_sitenote_active":false,"_monsterinsights_sitenote_note":"","_monsterinsights_sitenote_category":0},"product_brand":[],"product_cat":[12689,12274],"product_tag":[],"class_list":{"0":"post-757240","1":"product","2":"type-product","3":"status-publish","5":"product_cat-cizgi-roman-cocuk-ve-genclik-kitaplari","6":"product_cat-cocuk-ve-genclik-kitaplari","7":"pa_cilt-ciltsiz","8":"pa_tur-kitap","9":"pa_yayinevi-megakids-yayincilik","10":"pa_yazar-steve-smallman-caroline-pedler","12":"first","13":"instock","14":"sale","15":"shipping-taxable","16":"purchasable","17":"product-type-simple"},"_links":{"self":[{"href":"https:\/\/roveyayinevi.com.tr\/index.php\/wp-json\/wp\/v2\/product\/757240","targetHints":{"allow":["GET"]}}],"collection":[{"href":"https:\/\/roveyayinevi.com.tr\/index.php\/wp-json\/wp\/v2\/product"}],"about":[{"href":"https:\/\/roveyayinevi.com.tr\/index.php\/wp-json\/wp\/v2\/types\/product"}],"wp:attachment":[{"href":"https:\/\/roveyayinevi.com.tr\/index.php\/wp-json\/wp\/v2\/media?parent=757240"}],"wp:term":[{"taxonomy":"product_brand","embeddable":true,"href":"https:\/\/roveyayinevi.com.tr\/index.php\/wp-json\/wp\/v2\/product_brand?post=757240"},{"taxonomy":"product_cat","embeddable":true,"href":"https:\/\/roveyayinevi.com.tr\/index.php\/wp-json\/wp\/v2\/product_cat?post=757240"},{"taxonomy":"product_tag","embeddable":true,"href":"https:\/\/roveyayinevi.com.tr\/index.php\/wp-json\/wp\/v2\/product_tag?post=757240"}],"curies":[{"name":"wp","href":"https:\/\/api.w.org\/{rel}","templated":true}]}}