{"id":757233,"date":"2025-08-28T07:30:27","date_gmt":"2025-08-28T04:30:27","guid":{"rendered":"https:\/\/roveyayinevi.com.tr\/index.php\/urun\/foxglove-ciltli\/"},"modified":"2026-04-06T13:28:19","modified_gmt":"2026-04-06T10:28:19","slug":"foxglove-ciltli","status":"publish","type":"product","link":"https:\/\/roveyayinevi.com.tr\/index.php\/urun\/foxglove-ciltli\/","title":{"rendered":"Foxglove (Ciltli)"},"content":{"rendered":"<p>Foxglove, Signa ve \u00d6l\u00fcm&#8217;\u00fcn onlar\u0131 ay\u0131rmaya kararl\u0131 do\u011fa\u00fcst\u00fc bir d\u00fc\u015fmanla y\u00fczle\u015fti\u011fi, Gotik esintiler ta\u015f\u0131yan Belladonna&#8217;n\u0131n b\u00fcy\u00fcleyici devam kitab\u0131. D\u00fck Julius Wakefield \u00f6ld\u00fcr\u00fcl\u00fcr ve Thorn Grove&#8217;un lordu, D\u00fck\u2019\u00fc \u00f6ld\u00fcrmekle su\u00e7lan\u0131r. \u00d6l\u00fcm&#8217;\u00fcn ele avuca s\u0131\u011fmaz karde\u015fi Kader, yak\u0131nlardaki g\u00f6rkemli bir malik\u00e2neye yerle\u015fir ve y\u0131llar \u00f6nce sevdi\u011fi kad\u0131n\u0131n can\u0131n\u0131 alan \u00d6l\u00fcm&#8217;den intikam almaya, ne pahas\u0131na olursa olsun sevgilisine yeniden sahip olmaya niyetlidir. Signa ve kuzeni Blythe, Kader&#8217;in, Elijah Hawthorne&#8217;u hapisten kurtarabilece\u011finden emindir. Ancak k\u0131zlar Kader&#8217;le zaman ge\u00e7irdik\u00e7e, Signa, Kader&#8217;in ge\u00e7mi\u015fine ba\u011flanan yeni g\u00fc\u00e7lere sahip oldu\u011funu fark eder. B\u00f6ylece ya\u015fad\u0131klar\u0131 daha da korkutucu h\u00e2le gelir. Her k\u00f6\u015fede gizem ve tehlike varken, kuzenler y\u00fcksek sosyetedeki geleceklerini y\u00f6nlendirirken, ailelerine musallat olan cinayetleri \u00e7\u00f6zerken ve Kader&#8217;in beklenmedik oyunlar\u0131n\u0131 oynarken birbirlerine g\u00fcvenip g\u00fcvenemeyeceklerine karar vermelidirler. T\u00fcm bunlar\u0131n aras\u0131nda kendi kaderlerini de dengede tutmaya \u00e7al\u0131\u015f\u0131rlar. Tehlikeli, gerilimli ve ba\u015ftan \u00e7\u0131kar\u0131c\u0131 olan Signa ile \u00d6l\u00fcm&#8217;\u00fcn hik\u00e2yesinin devam\u0131, son derece romantik oldu\u011fu kadar \u00f6l\u00fcmc\u00fcld\u00fcr de.<\/p>\n","protected":false},"excerpt":{"rendered":"<p>Foxglove, Signa ve \u00d6l\u00fcm&#8217;\u00fcn onlar\u0131 ay\u0131rmaya kararl\u0131 do\u011fa\u00fcst\u00fc bir d\u00fc\u015fmanla y\u00fczle\u015fti\u011fi, Gotik esintiler ta\u015f\u0131yan Belladonna&#8217;n\u0131n b\u00fcy\u00fcleyici devam kitab\u0131. D\u00fck Julius Wakefield \u00f6ld\u00fcr\u00fcl\u00fcr ve Thorn Grove&#8217;un lordu,<span class=\"excerpt-hellip\"> [\u2026]<\/span><\/p>\n","protected":false},"featured_media":0,"template":"","meta":{"_monsterinsights_skip_tracking":false,"_monsterinsights_sitenote_active":false,"_monsterinsights_sitenote_note":"","_monsterinsights_sitenote_category":0},"product_brand":[],"product_cat":[12291,12711],"product_tag":[],"class_list":{"0":"post-757233","1":"product","2":"type-product","3":"status-publish","5":"product_cat-edebiyat","6":"product_cat-roman-oyku","7":"pa_cilt-ciltli","8":"pa_tur-kitap","9":"pa_yayinevi-artemis-yayinlari","10":"pa_yazar-adalyn-grace","12":"first","13":"instock","14":"sale","15":"shipping-taxable","16":"purchasable","17":"product-type-simple"},"_links":{"self":[{"href":"https:\/\/roveyayinevi.com.tr\/index.php\/wp-json\/wp\/v2\/product\/757233","targetHints":{"allow":["GET"]}}],"collection":[{"href":"https:\/\/roveyayinevi.com.tr\/index.php\/wp-json\/wp\/v2\/product"}],"about":[{"href":"https:\/\/roveyayinevi.com.tr\/index.php\/wp-json\/wp\/v2\/types\/product"}],"wp:attachment":[{"href":"https:\/\/roveyayinevi.com.tr\/index.php\/wp-json\/wp\/v2\/media?parent=757233"}],"wp:term":[{"taxonomy":"product_brand","embeddable":true,"href":"https:\/\/roveyayinevi.com.tr\/index.php\/wp-json\/wp\/v2\/product_brand?post=757233"},{"taxonomy":"product_cat","embeddable":true,"href":"https:\/\/roveyayinevi.com.tr\/index.php\/wp-json\/wp\/v2\/product_cat?post=757233"},{"taxonomy":"product_tag","embeddable":true,"href":"https:\/\/roveyayinevi.com.tr\/index.php\/wp-json\/wp\/v2\/product_tag?post=757233"}],"curies":[{"name":"wp","href":"https:\/\/api.w.org\/{rel}","templated":true}]}}