{"id":757221,"date":"2025-08-28T07:30:05","date_gmt":"2025-08-28T04:30:05","guid":{"rendered":"https:\/\/roveyayinevi.com.tr\/index.php\/urun\/itiraz-tepki-saflasma\/"},"modified":"2026-04-16T03:10:07","modified_gmt":"2026-04-16T00:10:07","slug":"itiraz-tepki-saflasma","status":"publish","type":"product","link":"https:\/\/roveyayinevi.com.tr\/index.php\/urun\/itiraz-tepki-saflasma\/","title":{"rendered":"\u0130tiraz Tepki Safla\u015fma"},"content":{"rendered":"<p>Hemen her dinin do\u011fu\u015f ve ilk kurumsalla\u015fma s\u00fcrecinden itibaren muhatap oldu\u011fu \u201ci\u00e7eriden\u201d ele\u015ftiri ve tazyiklerin bazen yap\u0131ya bazen de teorik \u00e7er\u00e7eveye y\u00f6nelik olarak ortaya \u00e7\u0131kt\u0131\u011f\u0131 s\u00f6ylenebilir.   Yahudi, Hristiyan ve M\u00fcsl\u00fcman toplumlar\u0131n tarihsel tecr\u00fcbeleri \u00fczerinden ya\u015fanan din eksenli ayr\u0131\u015fmalar\u0131n, belli ba\u015fl\u0131 gerilim noktalar\u0131n\u0131n dayand\u0131\u011f\u0131 teorik \u00e7er\u00e7eveler i\u00e7inde ele al\u0131nd\u0131\u011f\u0131 bu kitapta temel ama\u00e7 din\u00ee b\u00f6l\u00fcnme ve safla\u015fma pratiklerinin sosyolojisini a\u00e7\u0131\u011fa \u00e7\u0131karmakt\u0131r. Ku\u015fkusuz bu \u00e7aba teo-politik yakla\u015f\u0131mlardan, din\u00ee ve mezheb\u00ee b\u00f6l\u00fcnmeleri k\u0131\u015fk\u0131rtan anla\u015fmazl\u0131klara, ahlaki tutars\u0131zl\u0131klardan siyasi \u00e7\u0131kar beklentilerine kadar pek \u00e7ok noktada ihtilaflar\u0131n belli ba\u015fl\u0131 y\u00f6nlerini dikkate almay\u0131 gerektirmektedir.   Bu kitapta ayr\u0131ca din\u00ee ikaz ve protesto hareketlerinin daha \u00e7ok Avrupa merkezci bir bak\u0131\u015f a\u00e7\u0131s\u0131yla ele al\u0131nmas\u0131na itiraz edilmekte, \u00f6rnek olarak eldeki mevcut teorilerin M\u00fcsl\u00fcman toplumlardaki belli ba\u015fl\u0131 s\u00fcre\u00e7leri a\u00e7\u0131klamaya yetmedi\u011fi iddia edilmektedir.  <\/p>\n","protected":false},"excerpt":{"rendered":"<p>Hemen her dinin do\u011fu\u015f ve ilk kurumsalla\u015fma s\u00fcrecinden itibaren muhatap oldu\u011fu \u201ci\u00e7eriden\u201d ele\u015ftiri ve tazyiklerin bazen yap\u0131ya bazen de teorik \u00e7er\u00e7eveye y\u00f6nelik olarak ortaya \u00e7\u0131kt\u0131\u011f\u0131 s\u00f6ylenebilir.<span class=\"excerpt-hellip\"> [\u2026]<\/span><\/p>\n","protected":false},"featured_media":0,"template":"","meta":{"_monsterinsights_skip_tracking":false,"_monsterinsights_sitenote_active":false,"_monsterinsights_sitenote_note":"","_monsterinsights_sitenote_category":0},"product_brand":[],"product_cat":[12718],"product_tag":[],"class_list":{"0":"post-757221","1":"product","2":"type-product","3":"status-publish","5":"product_cat-din","6":"pa_cilt-ciltsiz","7":"pa_tur-kitap","8":"pa_yayinevi-otto-yayinlari","9":"pa_yazar-hicret-k-toprak","11":"first","12":"instock","13":"sale","14":"shipping-taxable","15":"purchasable","16":"product-type-simple"},"_links":{"self":[{"href":"https:\/\/roveyayinevi.com.tr\/index.php\/wp-json\/wp\/v2\/product\/757221","targetHints":{"allow":["GET"]}}],"collection":[{"href":"https:\/\/roveyayinevi.com.tr\/index.php\/wp-json\/wp\/v2\/product"}],"about":[{"href":"https:\/\/roveyayinevi.com.tr\/index.php\/wp-json\/wp\/v2\/types\/product"}],"wp:attachment":[{"href":"https:\/\/roveyayinevi.com.tr\/index.php\/wp-json\/wp\/v2\/media?parent=757221"}],"wp:term":[{"taxonomy":"product_brand","embeddable":true,"href":"https:\/\/roveyayinevi.com.tr\/index.php\/wp-json\/wp\/v2\/product_brand?post=757221"},{"taxonomy":"product_cat","embeddable":true,"href":"https:\/\/roveyayinevi.com.tr\/index.php\/wp-json\/wp\/v2\/product_cat?post=757221"},{"taxonomy":"product_tag","embeddable":true,"href":"https:\/\/roveyayinevi.com.tr\/index.php\/wp-json\/wp\/v2\/product_tag?post=757221"}],"curies":[{"name":"wp","href":"https:\/\/api.w.org\/{rel}","templated":true}]}}