{"id":757205,"date":"2025-08-28T07:29:40","date_gmt":"2025-08-28T04:29:40","guid":{"rendered":"https:\/\/roveyayinevi.com.tr\/index.php\/urun\/dunya-tarihine-yolculuk-ciltli\/"},"modified":"2026-04-16T03:10:06","modified_gmt":"2026-04-16T00:10:06","slug":"dunya-tarihine-yolculuk-ciltli","status":"publish","type":"product","link":"https:\/\/roveyayinevi.com.tr\/index.php\/urun\/dunya-tarihine-yolculuk-ciltli\/","title":{"rendered":"D\u00fcnya Tarihine Yolculuk (Ciltli)"},"content":{"rendered":"<p>\u0130nsanl\u0131k tarihine do\u011fru e\u011flenceli bir yolculu\u011fa \u00e7\u0131kmak ister misin? M\u0131s\u0131r piramitlerinin yap\u0131m\u0131nda bulunmak, \u00c7in Seddi\u2019nin in\u015faat\u0131n\u0131 g\u00f6rmek, Cengiz Han\u2019la ayn\u0131 orduda olmak, Fatih Sultan Mehmed\u2019le \u0130stanbul\u2019da dola\u015fmak ya da ne bileyim uzaya ilk defa giden ekibin i\u00e7erisinde olmak\u2026  \u201cBu m\u00fcmk\u00fcn m\u00fc?\u201d diye d\u00fc\u015f\u00fcnd\u00fc\u011f\u00fcn\u00fc biliyorum. Hayal g\u00fcc\u00fcne g\u00fcvenirsen her \u015fey m\u00fcmk\u00fcn. Ben zeplinime atlay\u0131p gidiyorum. Haydi, tarihi seven pe\u015fimden gelsin\u2026 <\/p>\n","protected":false},"excerpt":{"rendered":"<p>\u0130nsanl\u0131k tarihine do\u011fru e\u011flenceli bir yolculu\u011fa \u00e7\u0131kmak ister misin? M\u0131s\u0131r piramitlerinin yap\u0131m\u0131nda bulunmak, \u00c7in Seddi\u2019nin in\u015faat\u0131n\u0131 g\u00f6rmek, Cengiz Han\u2019la ayn\u0131 orduda olmak, Fatih Sultan Mehmed\u2019le \u0130stanbul\u2019da<span class=\"excerpt-hellip\"> [\u2026]<\/span><\/p>\n","protected":false},"featured_media":0,"template":"","meta":{"_monsterinsights_skip_tracking":false,"_monsterinsights_sitenote_active":false,"_monsterinsights_sitenote_note":"","_monsterinsights_sitenote_category":0},"product_brand":[],"product_cat":[12274,15842],"product_tag":[],"class_list":{"0":"post-757205","1":"product","2":"type-product","3":"status-publish","5":"product_cat-cocuk-ve-genclik-kitaplari","6":"product_cat-egitici-kitaplar","7":"pa_cilt-ciltli","8":"pa_tur-kitap","9":"pa_yayinevi-nesil-cocuk-yayinlari","10":"pa_yazar-yusuf-yildiz","12":"first","13":"instock","14":"sale","15":"shipping-taxable","16":"purchasable","17":"product-type-simple"},"_links":{"self":[{"href":"https:\/\/roveyayinevi.com.tr\/index.php\/wp-json\/wp\/v2\/product\/757205","targetHints":{"allow":["GET"]}}],"collection":[{"href":"https:\/\/roveyayinevi.com.tr\/index.php\/wp-json\/wp\/v2\/product"}],"about":[{"href":"https:\/\/roveyayinevi.com.tr\/index.php\/wp-json\/wp\/v2\/types\/product"}],"wp:attachment":[{"href":"https:\/\/roveyayinevi.com.tr\/index.php\/wp-json\/wp\/v2\/media?parent=757205"}],"wp:term":[{"taxonomy":"product_brand","embeddable":true,"href":"https:\/\/roveyayinevi.com.tr\/index.php\/wp-json\/wp\/v2\/product_brand?post=757205"},{"taxonomy":"product_cat","embeddable":true,"href":"https:\/\/roveyayinevi.com.tr\/index.php\/wp-json\/wp\/v2\/product_cat?post=757205"},{"taxonomy":"product_tag","embeddable":true,"href":"https:\/\/roveyayinevi.com.tr\/index.php\/wp-json\/wp\/v2\/product_tag?post=757205"}],"curies":[{"name":"wp","href":"https:\/\/api.w.org\/{rel}","templated":true}]}}