{"id":757199,"date":"2025-08-28T07:29:30","date_gmt":"2025-08-28T04:29:30","guid":{"rendered":"https:\/\/roveyayinevi.com.tr\/index.php\/urun\/gun-batimi-binbogalar\/"},"modified":"2026-04-07T03:16:03","modified_gmt":"2026-04-07T00:16:03","slug":"gun-batimi-binbogalar","status":"publish","type":"product","link":"https:\/\/roveyayinevi.com.tr\/index.php\/urun\/gun-batimi-binbogalar\/","title":{"rendered":"G\u00fcn Bat\u0131m\u0131 Binbo\u011falar"},"content":{"rendered":"<p>Bir karanl\u0131k dehlizdeydi, \u00e7\u0131lg\u0131nca ko\u015fuyor, ko\u015fuyordu. Yolunu bulamayacak denli \u015fa\u015fk\u0131nd\u0131. Sanki bir yer alt\u0131 \u015fehrinde kaybolmu\u015f gibiydi. \u00d6mr\u00fcn\u00fcn g\u00fcn y\u00fcz\u00fc g\u00f6rmedi\u011fi bir t\u00fckeni\u015fi hissediyordu. Darac\u0131k yollarda gidiyor sonra kav\u015faklar ve \u00e7atalla\u015fan patikalar\u2026 Nereye varacakt\u0131, hangi y\u00f6ne do\u011fru gitseydi acaba? Ya\u015famak istiyor, belle\u011fi canlan\u0131yor, g\u00f6k kubbe alt\u0131nda uzanan u\u00e7suz bucaks\u0131z yery\u00fcz\u00fcne \u00e7\u0131kabilece\u011fi, bir \u0131\u015f\u0131\u011fa do\u011fru akan menzile ula\u015facak mucizevi \u00fcmit kalbini doldurdu. G\u00f6zleri daha iyi g\u00f6rmeye ba\u015flad\u0131k\u00e7a korkular\u0131 kayboluyordu. Ve uyand\u0131\u011f\u0131 anda, kendini kan ter i\u00e7inde buldu \u00c7ulsuz Kadir. Ancak her derdin bir ilac\u0131, her belan\u0131n da bir \u00e7aresi vard\u0131.<\/p>\n","protected":false},"excerpt":{"rendered":"<p>Bir karanl\u0131k dehlizdeydi, \u00e7\u0131lg\u0131nca ko\u015fuyor, ko\u015fuyordu. Yolunu bulamayacak denli \u015fa\u015fk\u0131nd\u0131. Sanki bir yer alt\u0131 \u015fehrinde kaybolmu\u015f gibiydi. \u00d6mr\u00fcn\u00fcn g\u00fcn y\u00fcz\u00fc g\u00f6rmedi\u011fi bir t\u00fckeni\u015fi hissediyordu. Darac\u0131k yollarda<span class=\"excerpt-hellip\"> [\u2026]<\/span><\/p>\n","protected":false},"featured_media":0,"template":"","meta":{"_monsterinsights_skip_tracking":false,"_monsterinsights_sitenote_active":false,"_monsterinsights_sitenote_note":"","_monsterinsights_sitenote_category":0},"product_brand":[],"product_cat":[12364,12376],"product_tag":[],"class_list":{"0":"post-757199","1":"product","2":"type-product","3":"status-publish","5":"product_cat-genel-konular","6":"product_cat-kisisel-gelisim","7":"pa_cilt-ciltsiz","8":"pa_tur-kitap","9":"pa_yayinevi-platanus-publishing","10":"pa_yazar-caferhan-simsek","12":"first","13":"instock","14":"sale","15":"shipping-taxable","16":"purchasable","17":"product-type-simple"},"_links":{"self":[{"href":"https:\/\/roveyayinevi.com.tr\/index.php\/wp-json\/wp\/v2\/product\/757199","targetHints":{"allow":["GET"]}}],"collection":[{"href":"https:\/\/roveyayinevi.com.tr\/index.php\/wp-json\/wp\/v2\/product"}],"about":[{"href":"https:\/\/roveyayinevi.com.tr\/index.php\/wp-json\/wp\/v2\/types\/product"}],"wp:attachment":[{"href":"https:\/\/roveyayinevi.com.tr\/index.php\/wp-json\/wp\/v2\/media?parent=757199"}],"wp:term":[{"taxonomy":"product_brand","embeddable":true,"href":"https:\/\/roveyayinevi.com.tr\/index.php\/wp-json\/wp\/v2\/product_brand?post=757199"},{"taxonomy":"product_cat","embeddable":true,"href":"https:\/\/roveyayinevi.com.tr\/index.php\/wp-json\/wp\/v2\/product_cat?post=757199"},{"taxonomy":"product_tag","embeddable":true,"href":"https:\/\/roveyayinevi.com.tr\/index.php\/wp-json\/wp\/v2\/product_tag?post=757199"}],"curies":[{"name":"wp","href":"https:\/\/api.w.org\/{rel}","templated":true}]}}