{"id":757197,"date":"2025-08-28T07:29:27","date_gmt":"2025-08-28T04:29:27","guid":{"rendered":"https:\/\/roveyayinevi.com.tr\/index.php\/urun\/mandal\/"},"modified":"2026-04-16T03:10:06","modified_gmt":"2026-04-16T00:10:06","slug":"mandal","status":"publish","type":"product","link":"https:\/\/roveyayinevi.com.tr\/index.php\/urun\/mandal\/","title":{"rendered":"Mandal"},"content":{"rendered":"<p>Emekli olup \u00e7ok sevdi\u011fi mesle\u011fine ve d\u00fcnya tatl\u0131s\u0131 \u00f6\u011frencilerine veda edince i\u00e7indeki b\u00fcy\u00fck bo\u015flu\u011fu kad\u0131nlara dair bir roman yazarak doldurmak istedi Tomris Vural. Bedeniyle, akl\u0131yla, yeterince dolduramad\u0131\u011f\u0131n\u0131 d\u00fc\u015f\u00fcnd\u00fc\u011f\u00fc kendi hayat\u0131 yerine,-belki bir faydas\u0131 olur niyetiyle- nice kad\u0131n\u0131n yar\u0131m yamalak hayat\u0131n\u0131 yazmak istedi. Roman\u0131n\u0131n ad\u0131 Mandal olacakt\u0131; sadece Mandal&#8230; \u201c\u00c7ama\u015f\u0131r mandal\u0131; kendi i\u00e7inde tutarl\u0131, kendine dayanan, g\u00fcc\u00fcn\u00fc kendinden alan, bu g\u00fc\u00e7le \u00e7ama\u015f\u0131rlar\u0131 ip \u00fczerinde tutan, birle\u015ftirici ve sakinle\u015ftirici bir alettir, huzur ve g\u00fcven unsurudur.\u201d \u00dcst\u00fcn D\u00f6kmen, bireyden yola \u00e7\u0131karak topluma, Tomris Han\u0131m\u2019\u0131n g\u00f6z\u00fcnden kad\u0131nlar\u0131n tarih boyunca s\u00fcregelen sorunlar\u0131na bak\u0131yor bu kitapta. Yine her zamanki gibi farkl\u0131 bir bak\u0131\u015f a\u00e7\u0131s\u0131 kazand\u0131ran mizah\u0131yla\u2026  <\/p>\n","protected":false},"excerpt":{"rendered":"<p>Emekli olup \u00e7ok sevdi\u011fi mesle\u011fine ve d\u00fcnya tatl\u0131s\u0131 \u00f6\u011frencilerine veda edince i\u00e7indeki b\u00fcy\u00fck bo\u015flu\u011fu kad\u0131nlara dair bir roman yazarak doldurmak istedi Tomris Vural. Bedeniyle, akl\u0131yla, yeterince<span class=\"excerpt-hellip\"> [\u2026]<\/span><\/p>\n","protected":false},"featured_media":0,"template":"","meta":{"_monsterinsights_skip_tracking":false,"_monsterinsights_sitenote_active":false,"_monsterinsights_sitenote_note":"","_monsterinsights_sitenote_category":0},"product_brand":[],"product_cat":[12291,50487],"product_tag":[],"class_list":{"0":"post-757197","1":"product","2":"type-product","3":"status-publish","5":"product_cat-edebiyat","6":"product_cat-kurgu","7":"pa_cilt-ciltsiz","8":"pa_tur-kitap","9":"pa_yayinevi-epsilon-yayinlari","10":"pa_yazar-ustun-dokmen","12":"first","13":"instock","14":"sale","15":"shipping-taxable","16":"purchasable","17":"product-type-simple"},"_links":{"self":[{"href":"https:\/\/roveyayinevi.com.tr\/index.php\/wp-json\/wp\/v2\/product\/757197","targetHints":{"allow":["GET"]}}],"collection":[{"href":"https:\/\/roveyayinevi.com.tr\/index.php\/wp-json\/wp\/v2\/product"}],"about":[{"href":"https:\/\/roveyayinevi.com.tr\/index.php\/wp-json\/wp\/v2\/types\/product"}],"wp:attachment":[{"href":"https:\/\/roveyayinevi.com.tr\/index.php\/wp-json\/wp\/v2\/media?parent=757197"}],"wp:term":[{"taxonomy":"product_brand","embeddable":true,"href":"https:\/\/roveyayinevi.com.tr\/index.php\/wp-json\/wp\/v2\/product_brand?post=757197"},{"taxonomy":"product_cat","embeddable":true,"href":"https:\/\/roveyayinevi.com.tr\/index.php\/wp-json\/wp\/v2\/product_cat?post=757197"},{"taxonomy":"product_tag","embeddable":true,"href":"https:\/\/roveyayinevi.com.tr\/index.php\/wp-json\/wp\/v2\/product_tag?post=757197"}],"curies":[{"name":"wp","href":"https:\/\/api.w.org\/{rel}","templated":true}]}}