{"id":757196,"date":"2025-08-28T07:29:26","date_gmt":"2025-08-28T04:29:26","guid":{"rendered":"https:\/\/roveyayinevi.com.tr\/index.php\/urun\/61-maddede-kadin-beyni-erkek-beyni\/"},"modified":"2026-04-16T03:10:06","modified_gmt":"2026-04-16T00:10:06","slug":"61-maddede-kadin-beyni-erkek-beyni","status":"publish","type":"product","link":"https:\/\/roveyayinevi.com.tr\/index.php\/urun\/61-maddede-kadin-beyni-erkek-beyni\/","title":{"rendered":"61 Maddede Kad\u0131n Beyni &amp; Erkek Beyni"},"content":{"rendered":"<p>De\u011ferli Okurlar\u0131m, Bu kitap ili\u015fkilerinizin daha iyi y\u00fcr\u00fcyebilmesi i\u00e7in \u00f6zenle haz\u0131rlanm\u0131\u015f olup, 61 soru ve cevaplar\u0131n\u0131 da okuduktan sonra, e\u015finizi ya da partnerinizi daha iyi anlayaca\u011f\u0131n\u0131za y\u00fcrekten inan\u0131yorum. A\u015fk var m\u0131d\u0131r? Yok mudur? Her hissetti\u011fimiz duygu a\u015fk m\u0131d\u0131r ? A\u015f\u0131k oldu\u011funuzu nas\u0131l anlars\u0131n\u0131z ? Bir kad\u0131n nas\u0131l aldat\u0131r ? Bir erkek nas\u0131l aldat\u0131r ? Ve daha neler neler.. Bu kitapta a\u00e7\u0131kl\u0131yorum. Hayatta hi\u00e7bir \u015fey i\u00e7in ge\u00e7 kal\u0131nm\u0131\u015f de\u011fildir. Dua etmeyi ve ne zaman dua etmemiz gerekti\u011fini biliyor musunuz? Bur\u00e7lara inan\u0131r m\u0131s\u0131n\u0131z? Burcunuzun \u00f6zelliklerini ve sizi nas\u0131l etkiledi\u011fini biliyor musunuz? Kad\u0131nlara dair, Erkeklere dair, Cinselli\u011fe dair, Anlayabilmeye ve anla\u015fabilmeye dair, \u00c7ocuklara dair ve hayata dair bir \u00e7ok \u015feyden \u00e7ok daha fazlas\u0131.. 61 Maddede Kad\u0131n Beyni &amp; Erkek Beyni adl\u0131 seri kitab\u0131mda birle\u015fti.. Okumadan, bildi\u011finize karar vermeyin derim. Bu kitap hayat\u0131n\u0131z\u0131 de\u011fi\u015ftirebilir. Ben size \u00e7ok g\u00fcveniyorum. Seviliyorsunuz.<\/p>\n","protected":false},"excerpt":{"rendered":"<p>De\u011ferli Okurlar\u0131m, Bu kitap ili\u015fkilerinizin daha iyi y\u00fcr\u00fcyebilmesi i\u00e7in \u00f6zenle haz\u0131rlanm\u0131\u015f olup, 61 soru ve cevaplar\u0131n\u0131 da okuduktan sonra, e\u015finizi ya da partnerinizi daha iyi anlayaca\u011f\u0131n\u0131za<span class=\"excerpt-hellip\"> [\u2026]<\/span><\/p>\n","protected":false},"featured_media":0,"template":"","meta":{"_monsterinsights_skip_tracking":false,"_monsterinsights_sitenote_active":false,"_monsterinsights_sitenote_note":"","_monsterinsights_sitenote_category":0},"product_brand":[],"product_cat":[12364,12376],"product_tag":[],"class_list":{"0":"post-757196","1":"product","2":"type-product","3":"status-publish","5":"product_cat-genel-konular","6":"product_cat-kisisel-gelisim","7":"pa_cilt-ciltsiz","8":"pa_tur-kitap","9":"pa_yayinevi-platanus-publishing","10":"pa_yazar-elif-saylam","12":"first","13":"instock","14":"sale","15":"shipping-taxable","16":"purchasable","17":"product-type-simple"},"_links":{"self":[{"href":"https:\/\/roveyayinevi.com.tr\/index.php\/wp-json\/wp\/v2\/product\/757196","targetHints":{"allow":["GET"]}}],"collection":[{"href":"https:\/\/roveyayinevi.com.tr\/index.php\/wp-json\/wp\/v2\/product"}],"about":[{"href":"https:\/\/roveyayinevi.com.tr\/index.php\/wp-json\/wp\/v2\/types\/product"}],"wp:attachment":[{"href":"https:\/\/roveyayinevi.com.tr\/index.php\/wp-json\/wp\/v2\/media?parent=757196"}],"wp:term":[{"taxonomy":"product_brand","embeddable":true,"href":"https:\/\/roveyayinevi.com.tr\/index.php\/wp-json\/wp\/v2\/product_brand?post=757196"},{"taxonomy":"product_cat","embeddable":true,"href":"https:\/\/roveyayinevi.com.tr\/index.php\/wp-json\/wp\/v2\/product_cat?post=757196"},{"taxonomy":"product_tag","embeddable":true,"href":"https:\/\/roveyayinevi.com.tr\/index.php\/wp-json\/wp\/v2\/product_tag?post=757196"}],"curies":[{"name":"wp","href":"https:\/\/api.w.org\/{rel}","templated":true}]}}