{"id":757195,"date":"2025-08-28T07:29:24","date_gmt":"2025-08-28T04:29:24","guid":{"rendered":"https:\/\/roveyayinevi.com.tr\/index.php\/urun\/hayati-sadelestirmek-icin-derle-topla-rahatla-2\/"},"modified":"2026-04-16T03:10:06","modified_gmt":"2026-04-16T00:10:06","slug":"hayati-sadelestirmek-icin-derle-topla-rahatla-2","status":"publish","type":"product","link":"https:\/\/roveyayinevi.com.tr\/index.php\/urun\/hayati-sadelestirmek-icin-derle-topla-rahatla-2\/","title":{"rendered":"Hayat\u0131 Sadele\u015ftirmek \u0130\u00e7in Derle, Topla, Rahatla"},"content":{"rendered":"<p>\u2026 Konmari, bunu ger\u00e7ekten yapabilece\u011fimden emin misin? New York Times&#8217;\u0131n \u00e7oksatanlar listesinde 1 numara olanHayat\u0131 Sadele\u015ftirmek \u0130\u00e7in Derle,Topla, Rahatla&#8217;n\u0131n yazar\u0131Marie Kondo, \u00fcnl\u00fc KonMari Y\u00f6ntemi\u2019ni e\u011flenceli bir manga uyarlamas\u0131yla sunuyor! Chiaki, Tokyo&#8217;da ya\u015fayan, da\u011f\u0131n\u0131k bir apartman dairesi ve karma\u015f\u0131k bir a\u015fk hayat\u0131 olan gen\u00e7 bir kad\u0131nd\u0131r. Derleme toplama ustas\u0131 Marie Kondo, keyifli ve ayd\u0131nlat\u0131c\u0131 bir dizi ders arac\u0131l\u0131\u011f\u0131yla Chiaki&#8217;nin eski erkek arkada\u015flar\u0131n\u0131n etkisinden kurtulmas\u0131na, ya\u015fam alan\u0131n\u0131 ve gard\u0131robunu d\u00fczene sokmas\u0131na, dahas\u0131 i\u00e7indeki tutkular\u0131n\u0131 ortaya \u00e7\u0131karmas\u0131na yard\u0131mc\u0131 olur. Bakal\u0131m Chiaki ona mutluluk getiren \u015feyi sonunda bulabilecek midir?  <\/p>\n","protected":false},"excerpt":{"rendered":"<p>\u2026 Konmari, bunu ger\u00e7ekten yapabilece\u011fimden emin misin? New York Times&#8217;\u0131n \u00e7oksatanlar listesinde 1 numara olanHayat\u0131 Sadele\u015ftirmek \u0130\u00e7in Derle,Topla, Rahatla&#8217;n\u0131n yazar\u0131Marie Kondo, \u00fcnl\u00fc KonMari Y\u00f6ntemi\u2019ni e\u011flenceli bir<span class=\"excerpt-hellip\"> [\u2026]<\/span><\/p>\n","protected":false},"featured_media":0,"template":"","meta":{"_monsterinsights_skip_tracking":false,"_monsterinsights_sitenote_active":false,"_monsterinsights_sitenote_note":"","_monsterinsights_sitenote_category":0},"product_brand":[],"product_cat":[12416,12291],"product_tag":[],"class_list":{"0":"post-757195","1":"product","2":"type-product","3":"status-publish","5":"product_cat-cizgi-roman","6":"product_cat-edebiyat","7":"pa_cilt-ciltsiz","8":"pa_tur-kitap","9":"pa_yayinevi-senpai-yayinlari","10":"pa_yazar-marie-kondo","12":"first","13":"instock","14":"sale","15":"shipping-taxable","16":"purchasable","17":"product-type-simple"},"_links":{"self":[{"href":"https:\/\/roveyayinevi.com.tr\/index.php\/wp-json\/wp\/v2\/product\/757195","targetHints":{"allow":["GET"]}}],"collection":[{"href":"https:\/\/roveyayinevi.com.tr\/index.php\/wp-json\/wp\/v2\/product"}],"about":[{"href":"https:\/\/roveyayinevi.com.tr\/index.php\/wp-json\/wp\/v2\/types\/product"}],"wp:attachment":[{"href":"https:\/\/roveyayinevi.com.tr\/index.php\/wp-json\/wp\/v2\/media?parent=757195"}],"wp:term":[{"taxonomy":"product_brand","embeddable":true,"href":"https:\/\/roveyayinevi.com.tr\/index.php\/wp-json\/wp\/v2\/product_brand?post=757195"},{"taxonomy":"product_cat","embeddable":true,"href":"https:\/\/roveyayinevi.com.tr\/index.php\/wp-json\/wp\/v2\/product_cat?post=757195"},{"taxonomy":"product_tag","embeddable":true,"href":"https:\/\/roveyayinevi.com.tr\/index.php\/wp-json\/wp\/v2\/product_tag?post=757195"}],"curies":[{"name":"wp","href":"https:\/\/api.w.org\/{rel}","templated":true}]}}