{"id":757176,"date":"2025-08-28T07:28:53","date_gmt":"2025-08-28T04:28:53","guid":{"rendered":"https:\/\/roveyayinevi.com.tr\/index.php\/urun\/4-diyar-krallik-savaslari-1-kitap\/"},"modified":"2026-04-16T03:10:06","modified_gmt":"2026-04-16T00:10:06","slug":"4-diyar-krallik-savaslari-1-kitap","status":"publish","type":"product","link":"https:\/\/roveyayinevi.com.tr\/index.php\/urun\/4-diyar-krallik-savaslari-1-kitap\/","title":{"rendered":"4 Diyar Krall\u0131k Sava\u015flar\u0131 (1.Kitap)"},"content":{"rendered":"<p>Onlarda herkes gibi s\u0131radan insanlard\u0131. Annelerin ve babalar\u0131n\u0131n ani \u00f6l\u00fcm\u00fc sonras\u0131nda be\u015fkarde\u015f yaln\u0131z kal\u0131r. Hi\u00e7 g\u00f6rmedikleri, ad\u0131n\u0131 bile duymad\u0131klar\u0131 amcalar\u0131 Alex Taylor&#8217;u tan\u0131y\u0131nca hayatlar\u0131n\u0131 alt\u00fcst ederler. Bir zaman t\u00fcnelinden s\u0131rlarla dolu farkl\u0131  bir evrene d\u00fc\u015ferler. Bu \u00f6ylesine bir evrendir ki, b\u00fcy\u00fcc\u00fcler, cad\u0131lar, Sava\u015f ve \u0130hanetle doludur. \u0130\u00e7ine d\u00fc\u015ft\u00fckleri evrendeki krall\u0131klar onlar\u0131 kehanetteki kurtar\u0131c\u0131lar olarak g\u00f6r\u00fcr. Amcalar\u0131 Alex Taylor bu evrenin bir par\u00e7as\u0131d\u0131r. Bu ya\u015fad\u0131klar\u0131 gizemi daha da artt\u0131r\u0131r. Kendilerini k\u0131l\u0131\u00e7la sava\u015f\u0131p, b\u00fcy\u00fcc\u00fclerle m\u00fccadele ederken bulurlar. Fakat k\u00f6t\u00fcl\u00fck yaln\u0131z ya\u015fad\u0131\u011f\u0131m\u0131z d\u00fcnyada yoktur. Farkl\u0131 evrenlerde k\u00f6t\u00fcl\u00fc\u011f\u00fcn var oldu\u011funu g\u00f6rd\u00fcler.  \u0130yilik i\u00e7in m\u00fccadele eden be\u015fkarde\u015f bu u\u011furda sava\u015f edip kan d\u00f6kerler. Kaderleri de\u011fi\u015fmi\u015ftir. Tan\u0131mad\u0131klar\u0131 bu evrende evlenirler. Krall\u0131klar\u0131n ba\u015f\u0131na ge\u00e7ip Kral ve Krali\u00e7e olurlar. Ama k\u00f6t\u00fcl\u00fck onlar\u0131n pe\u015fini hi\u00e7 b\u0131rakmaz.<\/p>\n","protected":false},"excerpt":{"rendered":"<p>Onlarda herkes gibi s\u0131radan insanlard\u0131. Annelerin ve babalar\u0131n\u0131n ani \u00f6l\u00fcm\u00fc sonras\u0131nda be\u015fkarde\u015f yaln\u0131z kal\u0131r. Hi\u00e7 g\u00f6rmedikleri, ad\u0131n\u0131 bile duymad\u0131klar\u0131 amcalar\u0131 Alex Taylor&#8217;u tan\u0131y\u0131nca hayatlar\u0131n\u0131 alt\u00fcst ederler.<span class=\"excerpt-hellip\"> [\u2026]<\/span><\/p>\n","protected":false},"featured_media":0,"template":"","meta":{"_monsterinsights_skip_tracking":false,"_monsterinsights_sitenote_active":false,"_monsterinsights_sitenote_note":"","_monsterinsights_sitenote_category":0},"product_brand":[],"product_cat":[12291,14777],"product_tag":[],"class_list":{"0":"post-757176","1":"product","2":"type-product","3":"status-publish","5":"product_cat-edebiyat","6":"product_cat-fantastik","7":"pa_cilt-ciltsiz","8":"pa_tur-kitap","9":"pa_yayinevi-kitap-muptelasi-yayinlari","10":"pa_yazar-metin-can-tigli","12":"first","13":"instock","14":"sale","15":"shipping-taxable","16":"purchasable","17":"product-type-simple"},"_links":{"self":[{"href":"https:\/\/roveyayinevi.com.tr\/index.php\/wp-json\/wp\/v2\/product\/757176","targetHints":{"allow":["GET"]}}],"collection":[{"href":"https:\/\/roveyayinevi.com.tr\/index.php\/wp-json\/wp\/v2\/product"}],"about":[{"href":"https:\/\/roveyayinevi.com.tr\/index.php\/wp-json\/wp\/v2\/types\/product"}],"wp:attachment":[{"href":"https:\/\/roveyayinevi.com.tr\/index.php\/wp-json\/wp\/v2\/media?parent=757176"}],"wp:term":[{"taxonomy":"product_brand","embeddable":true,"href":"https:\/\/roveyayinevi.com.tr\/index.php\/wp-json\/wp\/v2\/product_brand?post=757176"},{"taxonomy":"product_cat","embeddable":true,"href":"https:\/\/roveyayinevi.com.tr\/index.php\/wp-json\/wp\/v2\/product_cat?post=757176"},{"taxonomy":"product_tag","embeddable":true,"href":"https:\/\/roveyayinevi.com.tr\/index.php\/wp-json\/wp\/v2\/product_tag?post=757176"}],"curies":[{"name":"wp","href":"https:\/\/api.w.org\/{rel}","templated":true}]}}