{"id":757171,"date":"2025-08-28T07:28:44","date_gmt":"2025-08-28T04:28:44","guid":{"rendered":"https:\/\/roveyayinevi.com.tr\/index.php\/urun\/prof-dr-suat-oktara-armagan-degisen-dunya-ve-turkiye-ekonomisi\/"},"modified":"2026-04-16T03:10:06","modified_gmt":"2026-04-16T00:10:06","slug":"prof-dr-suat-oktara-armagan-degisen-dunya-ve-turkiye-ekonomisi","status":"publish","type":"product","link":"https:\/\/roveyayinevi.com.tr\/index.php\/urun\/prof-dr-suat-oktara-armagan-degisen-dunya-ve-turkiye-ekonomisi\/","title":{"rendered":"Prof. Dr Suat Oktar\u2019a Arma\u011fan: De\u011fi\u015fen D\u00fcnya ve T\u00fcrkiye Ekonomisi"},"content":{"rendered":"<p>Prof. Dr. Suat Oktar Hoca\u2019ya Derler ki, hocalar\u0131n g\u00f6lgesi uzun d\u00fc\u015fer. Bu ifade, yak\u0131n zamanda kaybetti\u011fimiz de\u011ferli meslekta\u015f\u0131m Prof Dr. Suat Oktar\u2019a \u00f6ylesine uyuyor ki, vefat\u0131ndan hemen bir bu\u00e7uk y\u0131l gibi k\u0131sa s\u00fcrede meslekta\u015flar\u0131 kollar\u0131 s\u0131vay\u0131p, De\u011fi\u015fen D\u00fcnya ve T\u00fcrkiye Ekonomisi ba\u015fl\u0131kl\u0131, hocan\u0131n \u015fan\u0131na yara\u015f\u0131r bir arma\u011fan \u00e7\u0131karma giri\u015fiminde bulundu. Arma\u011fan, hocam\u0131z\u0131n vasi ufkuna uygun olarak, T\u00fcrkiye\u2019yi k\u00fcresel ve yerel \u00e7ok geni\u015f alanda inceleyen zengin ara\u015ft\u0131rmalardan olu\u015fmaktad\u0131r. \u00dclke ekonomilerinin soyut ortamlarda incelenemeyece\u011fi anlay\u0131\u015f\u0131n\u0131n yans\u0131t\u0131ld\u0131\u011f\u0131 bu eser, son d\u00f6nemlerde T\u00fcrkiye ekonomisi \u00fczerine yaz\u0131lm\u0131\u015f en kapsaml\u0131 ve o nedenle de en de\u011ferli bir kolektif \u00e7al\u0131\u015fma niteli\u011findedir. 1900\u2019lerin ba\u015f\u0131nda Michael Albert\u2019in Kapitalizm Kapitalizme Kar\u015f\u0131 ba\u015fl\u0131kl\u0131 kitab\u0131ndaki finansal d\u00fcnya ile reel \u00fcretici d\u00fcnya kar\u015f\u0131tl\u0131\u011f\u0131ndan g\u00fcn\u00fcm\u00fcze kadar ge\u00e7en s\u00fcrede art\u0131 ve eksi y\u00f6nleriyle ya\u015fananlar ba\u015f d\u00f6nd\u00fcr\u00fcc\u00fc niteliktedir. Ekonomi alan\u0131nda durgunluk ve krizler, do\u011fal alanda iklim de\u011fi\u015fikli\u011fi ve biyo\u00e7e\u015fitlili\u011fin tahribi, sosyal alanda ise pandeminin insanlar\u0131 eve mahk\u00fbm etmesi gibi geli\u015fmeler t\u00fcm yerk\u00fcrede ve T\u00fcrkiye\u2019de ekonomik sars\u0131nt\u0131lara yol a\u00e7m\u0131\u015f, karar mercilerini politika aray\u0131\u015flar\u0131na itmi\u015ftir. Oktar Hoca\u2019ya arma\u011fan olarak haz\u0131rlanm\u0131\u015f bu eserde de, para politikas\u0131 ve bankac\u0131l\u0131k, kriz ve fiyat istikrar\u0131, iklim de\u011fi\u015fikli\u011fi, kalk\u0131nma ve enerji sorunlar\u0131 yan\u0131nda, vergi ve harcama konular\u0131, pandemi ve yeni \u00e7al\u0131\u015fma ko\u015fullar\u0131n\u0131n da i\u00e7erilerek ekonomik ve sosyal t\u00fcm alanlar\u0131n kapsand\u0131\u011f\u0131 zengin bir sunumla kar\u015f\u0131 kar\u015f\u0131yay\u0131z. Bu haliyle eser, k\u00fcresel krizin T\u00fcrkiye\u2019de ekonomiden politikaya kadar uzanan hemen t\u00fcm alanlarda neden oldu\u011fu sorunlar\u0131, bu sorunlara kar\u015f\u0131 ger\u00e7ekle\u015ftirilen de\u011fi\u015fiklikleri ve geli\u015ftirilen kar\u015f\u0131t politikalar\u0131 okuyucularla payla\u015fmaktad\u0131r. Bu ba\u011flamda, k\u00fcresel ko\u015fullar\u0131n T\u00fcrkiye\u2019ye farkl\u0131 boyutlar\u0131yla yans\u0131yan sorunlar\u0131n\u0131n ele al\u0131nd\u0131\u011f\u0131 kitaba katk\u0131 yapm\u0131\u015f olan de\u011ferli meslekta\u015flar\u0131m\u0131n emeklerine minnetle, rahmetli Oktar Hoca\u2019ya yara\u015f\u0131r arma\u011fana yapt\u0131klar\u0131 katk\u0131lar\u0131 dolay\u0131s\u0131yla T\u00fcrk\u00e7e literat\u00fcre \u00e7ok \u00f6nemli katk\u0131da bulunmu\u015f olduklar\u0131n\u0131 ifade etmek isterim.\u201d Prof. Dr. \u0130zzettin \u00d6nder <\/p>\n","protected":false},"excerpt":{"rendered":"<p>Prof. Dr. Suat Oktar Hoca\u2019ya Derler ki, hocalar\u0131n g\u00f6lgesi uzun d\u00fc\u015fer. Bu ifade, yak\u0131n zamanda kaybetti\u011fimiz de\u011ferli meslekta\u015f\u0131m Prof Dr. Suat Oktar\u2019a \u00f6ylesine uyuyor ki, vefat\u0131ndan<span class=\"excerpt-hellip\"> [\u2026]<\/span><\/p>\n","protected":false},"featured_media":0,"template":"","meta":{"_monsterinsights_skip_tracking":false,"_monsterinsights_sitenote_active":false,"_monsterinsights_sitenote_note":"","_monsterinsights_sitenote_category":0},"product_brand":[],"product_cat":[13043],"product_tag":[],"class_list":{"0":"post-757171","1":"product","2":"type-product","3":"status-publish","5":"product_cat-ekonomi","6":"pa_cilt-ciltsiz","7":"pa_tur-kitap","8":"pa_yayinevi-efil-yayinevi","9":"pa_yazar-komisyon","11":"first","12":"instock","13":"sale","14":"shipping-taxable","15":"purchasable","16":"product-type-simple"},"_links":{"self":[{"href":"https:\/\/roveyayinevi.com.tr\/index.php\/wp-json\/wp\/v2\/product\/757171","targetHints":{"allow":["GET"]}}],"collection":[{"href":"https:\/\/roveyayinevi.com.tr\/index.php\/wp-json\/wp\/v2\/product"}],"about":[{"href":"https:\/\/roveyayinevi.com.tr\/index.php\/wp-json\/wp\/v2\/types\/product"}],"wp:attachment":[{"href":"https:\/\/roveyayinevi.com.tr\/index.php\/wp-json\/wp\/v2\/media?parent=757171"}],"wp:term":[{"taxonomy":"product_brand","embeddable":true,"href":"https:\/\/roveyayinevi.com.tr\/index.php\/wp-json\/wp\/v2\/product_brand?post=757171"},{"taxonomy":"product_cat","embeddable":true,"href":"https:\/\/roveyayinevi.com.tr\/index.php\/wp-json\/wp\/v2\/product_cat?post=757171"},{"taxonomy":"product_tag","embeddable":true,"href":"https:\/\/roveyayinevi.com.tr\/index.php\/wp-json\/wp\/v2\/product_tag?post=757171"}],"curies":[{"name":"wp","href":"https:\/\/api.w.org\/{rel}","templated":true}]}}