{"id":757148,"date":"2025-08-28T07:28:09","date_gmt":"2025-08-28T04:28:09","guid":{"rendered":"https:\/\/roveyayinevi.com.tr\/index.php\/urun\/aklimda-bir-sey-var\/"},"modified":"2026-04-16T03:10:05","modified_gmt":"2026-04-16T00:10:05","slug":"aklimda-bir-sey-var","status":"publish","type":"product","link":"https:\/\/roveyayinevi.com.tr\/index.php\/urun\/aklimda-bir-sey-var\/","title":{"rendered":"Akl\u0131mda Bir \u015eey Var!"},"content":{"rendered":"<p>D\u00fcnyada ne \u00e7ok g\u00fczellik var, \u00f6yle de\u011fil mi? Bah\u00e7edeki o minik kurba\u011fa akl\u0131mdan hi\u00e7 \u00e7\u0131km\u0131yor! Peki ya lunaparka gitti\u011fimiz g\u00fcn? Bu kadar \u00e7ok g\u00fczel an\u0131yla ne yapmal\u0131? Akl\u0131mdan hi\u00e7 \u00e7\u0131kmayanlar\u0131, kafam\u0131n tepesinde mi ta\u015f\u0131mal\u0131? Gizem G\u00f6zde U\u00e7ar yazd\u0131\u011f\u0131 ve resimledi\u011fi Akl\u0131mda Bir \u015eey Var! adl\u0131 kitab\u0131nda bir \u00e7ocu\u011fun akl\u0131ndakilere kalbinde yer bulma maceras\u0131n\u0131 sevimli bir hik\u00e2yeyle anlat\u0131yor. <\/p>\n","protected":false},"excerpt":{"rendered":"<p>D\u00fcnyada ne \u00e7ok g\u00fczellik var, \u00f6yle de\u011fil mi? Bah\u00e7edeki o minik kurba\u011fa akl\u0131mdan hi\u00e7 \u00e7\u0131km\u0131yor! Peki ya lunaparka gitti\u011fimiz g\u00fcn? Bu kadar \u00e7ok g\u00fczel an\u0131yla ne<span class=\"excerpt-hellip\"> [\u2026]<\/span><\/p>\n","protected":false},"featured_media":0,"template":"","meta":{"_monsterinsights_skip_tracking":false,"_monsterinsights_sitenote_active":false,"_monsterinsights_sitenote_note":"","_monsterinsights_sitenote_category":0},"product_brand":[],"product_cat":[12274,12284],"product_tag":[],"class_list":{"0":"post-757148","1":"product","2":"type-product","3":"status-publish","5":"product_cat-cocuk-ve-genclik-kitaplari","6":"product_cat-hikayeler","7":"pa_cilt-ciltsiz","8":"pa_tur-kitap","9":"pa_yayinevi-yapi-kredi-yayinlari","10":"pa_yazar-gizem-gozde-ucar","12":"first","13":"instock","14":"sale","15":"shipping-taxable","16":"purchasable","17":"product-type-simple"},"_links":{"self":[{"href":"https:\/\/roveyayinevi.com.tr\/index.php\/wp-json\/wp\/v2\/product\/757148","targetHints":{"allow":["GET"]}}],"collection":[{"href":"https:\/\/roveyayinevi.com.tr\/index.php\/wp-json\/wp\/v2\/product"}],"about":[{"href":"https:\/\/roveyayinevi.com.tr\/index.php\/wp-json\/wp\/v2\/types\/product"}],"wp:attachment":[{"href":"https:\/\/roveyayinevi.com.tr\/index.php\/wp-json\/wp\/v2\/media?parent=757148"}],"wp:term":[{"taxonomy":"product_brand","embeddable":true,"href":"https:\/\/roveyayinevi.com.tr\/index.php\/wp-json\/wp\/v2\/product_brand?post=757148"},{"taxonomy":"product_cat","embeddable":true,"href":"https:\/\/roveyayinevi.com.tr\/index.php\/wp-json\/wp\/v2\/product_cat?post=757148"},{"taxonomy":"product_tag","embeddable":true,"href":"https:\/\/roveyayinevi.com.tr\/index.php\/wp-json\/wp\/v2\/product_tag?post=757148"}],"curies":[{"name":"wp","href":"https:\/\/api.w.org\/{rel}","templated":true}]}}