{"id":757130,"date":"2025-08-28T07:27:42","date_gmt":"2025-08-28T04:27:42","guid":{"rendered":"https:\/\/roveyayinevi.com.tr\/index.php\/urun\/alem-bir-kitap-icre\/"},"modified":"2026-04-16T03:10:05","modified_gmt":"2026-04-16T00:10:05","slug":"alem-bir-kitap-icre","status":"publish","type":"product","link":"https:\/\/roveyayinevi.com.tr\/index.php\/urun\/alem-bir-kitap-icre\/","title":{"rendered":"Alem Bir Kitap \u0130\u00e7re"},"content":{"rendered":"<p>\u201cOn d\u00f6rd\u00fcnc\u00fc y\u00fczy\u0131l\u0131n ba\u015flar\u0131nda Kahire\u2019de telif edilmi\u015f otuz cilt hacmindeki bir ansiklopedi, Meml\u00fckler d\u00f6neminde bir k\u00e2tibin eri\u015febildi\u011fi bilgi d\u00fcnyas\u0131n\u0131 ihtiva etmekteydi. Muhanna\u2019n\u0131n zevkle okunabilen kitab\u0131, bu geni\u015f \u00e7apl\u0131 eserin telif edildi\u011fi ve dola\u015f\u0131ma girdi\u011fi entelekt\u00fcel, kurumsal ve pratik \u015fartlar konusunda bize rehberlik ediyor. Eski bir telif t\u00fcr\u00fc olan ansiklopedinin, dikkatli bir ara\u015ft\u0131rmayla desteklenmi\u015f ve bilginin \u00fcretildi\u011fi siyasi ko\u015fullar hakk\u0131nda merak uyand\u0131ran sorularla bezenmi\u015f yeni bir yorumunu kazanm\u0131\u015f durumday\u0131z.\u201d \u2014Ann Blair, Too Much to Know: Managing Scholarly Information before the Modern Age adl\u0131 eserin yazar\u0131 Elias Muhanna bu derinlikli kitab\u0131nda, N\u00fcveyr\u00ee\u2019nin muazzam ansiklopedisinin epistemolojik yap\u0131s\u0131n\u0131 b\u00fcy\u00fck bir ustal\u0131kla analiz ediyor ve eseri zengin entelekt\u00fcel, k\u00fclt\u00fcrel ve tarihsel ba\u011flamlar\u0131na yerle\u015ftiriyor. \u2014 Nasser Rabbat, Massachusetts Institute of Technology \u015eimdiye kadar ihmal edilmi\u015f \u00e7ok \u00f6nemli bir metnin etkileyici ve dikkatli bir analizi olan \u00c2lem Bir Kitap \u0130\u00e7re, \u0130slam ansiklopedizminin y\u00fckseli\u015fi hakk\u0131nda hayranl\u0131k uyand\u0131ran bir arg\u00fcman ortaya koyuyor. Son derece berrak bir \u00fcsluba sahip olan Elias Muhanna, uzun zamand\u0131r kitapla\u015fmay\u0131 bekleyen \u00e7ok \u00f6nemli bir konuyu ele al\u0131yor. \u2014Konrad Hirschler, Universit\u00e4t Hamburg \u00c2lem Bir Kitap \u0130\u00e7re, Arap-\u0130slam d\u00fcnyas\u0131ndaki k\u00fclt\u00fcrel \u00fcretimin, Meml\u00fck tarihinin ve Arap edebiyat\u0131n\u0131n anla\u015f\u0131lmas\u0131na esasl\u0131 bir katk\u0131da bulunan m\u00fckemmel ve \u00f6zg\u00fcn bir \u00e7al\u0131\u015fmad\u0131r. Elias Muhanna\u2019n\u0131n kitab\u0131, N\u00fcveyr\u00ee\u2019nin eseri hakk\u0131nda \u0130ngilizce kaleme al\u0131nan ilk \u00e7al\u0131\u015fma ve herhangi bir dilde yap\u0131lm\u0131\u015f en iyi ara\u015ft\u0131rmad\u0131r. \u2014Li Guo, University of Notre Dame<\/p>\n","protected":false},"excerpt":{"rendered":"<p>\u201cOn d\u00f6rd\u00fcnc\u00fc y\u00fczy\u0131l\u0131n ba\u015flar\u0131nda Kahire\u2019de telif edilmi\u015f otuz cilt hacmindeki bir ansiklopedi, Meml\u00fckler d\u00f6neminde bir k\u00e2tibin eri\u015febildi\u011fi bilgi d\u00fcnyas\u0131n\u0131 ihtiva etmekteydi. Muhanna\u2019n\u0131n zevkle okunabilen kitab\u0131, bu<span class=\"excerpt-hellip\"> [\u2026]<\/span><\/p>\n","protected":false},"featured_media":0,"template":"","meta":{"_monsterinsights_skip_tracking":false,"_monsterinsights_sitenote_active":false,"_monsterinsights_sitenote_note":"","_monsterinsights_sitenote_category":0},"product_brand":[],"product_cat":[52477],"product_tag":[],"class_list":{"0":"post-757130","1":"product","2":"type-product","3":"status-publish","5":"product_cat-arastirma","6":"pa_cilt-ciltsiz","7":"pa_tur-kitap","8":"pa_yayinevi-albaraka-yayinlari","9":"pa_yazar-elias-muhanna","11":"first","12":"instock","13":"sale","14":"shipping-taxable","15":"purchasable","16":"product-type-simple"},"_links":{"self":[{"href":"https:\/\/roveyayinevi.com.tr\/index.php\/wp-json\/wp\/v2\/product\/757130","targetHints":{"allow":["GET"]}}],"collection":[{"href":"https:\/\/roveyayinevi.com.tr\/index.php\/wp-json\/wp\/v2\/product"}],"about":[{"href":"https:\/\/roveyayinevi.com.tr\/index.php\/wp-json\/wp\/v2\/types\/product"}],"wp:attachment":[{"href":"https:\/\/roveyayinevi.com.tr\/index.php\/wp-json\/wp\/v2\/media?parent=757130"}],"wp:term":[{"taxonomy":"product_brand","embeddable":true,"href":"https:\/\/roveyayinevi.com.tr\/index.php\/wp-json\/wp\/v2\/product_brand?post=757130"},{"taxonomy":"product_cat","embeddable":true,"href":"https:\/\/roveyayinevi.com.tr\/index.php\/wp-json\/wp\/v2\/product_cat?post=757130"},{"taxonomy":"product_tag","embeddable":true,"href":"https:\/\/roveyayinevi.com.tr\/index.php\/wp-json\/wp\/v2\/product_tag?post=757130"}],"curies":[{"name":"wp","href":"https:\/\/api.w.org\/{rel}","templated":true}]}}