{"id":757087,"date":"2025-08-28T07:26:25","date_gmt":"2025-08-28T04:26:25","guid":{"rendered":"https:\/\/roveyayinevi.com.tr\/index.php\/urun\/hyunam-dong-kitabevi\/"},"modified":"2026-04-16T03:10:04","modified_gmt":"2026-04-16T00:10:04","slug":"hyunam-dong-kitabevi","status":"publish","type":"product","link":"https:\/\/roveyayinevi.com.tr\/index.php\/urun\/hyunam-dong-kitabevi\/","title":{"rendered":"Hyunam-Dong Kitabevi"},"content":{"rendered":"<p>Youngju her \u015feyi do\u011fru yapm\u0131\u015ft\u0131r; u\u0308niversiteye gitmi\u015f, du\u0308zgu\u0308n bir adamla evlenmi\u015f, sayg\u0131n bir i\u015fe girmi\u015ftir. Sonra bir anda her \u015fey altu\u0308st olur. Tu\u0308kenmi\u015flik hissiyle eski hayat\u0131n\u0131 terk eder, zirvedeki kariyerini b\u0131rak\u0131r, kocas\u0131ndan bo\u015fan\u0131r ve hayalinin pe\u015finden gider. Bir kitap\u00e7\u0131 du\u0308kk\u00e2n\u0131 a\u00e7ar&#8230;   Youngju ve mu\u0308\u015fterileri, Seul\u2019u\u0308n \u015firin bir mahallesinde kitaplar\u0131n aras\u0131na s\u0131\u011f\u0131n\u0131rlar. Yaln\u0131z bir baristadan evli ama mutsuz bir ev han\u0131m\u0131na ve Youngju\u2019da \u00f6zel bir \u015feyler oldu\u011funu g\u00f6ren yazara kadar hepsinin ge\u00e7mi\u015finde hayal k\u0131r\u0131kl\u0131klar\u0131 vard\u0131r. Hyunam-Dong Kitabevi zamanla onlar\u0131n, hayat\u0131 nas\u0131l ya\u015famalar\u0131 gerekti\u011fini \u00f6\u011frendi\u011fi yer haline gelir.   Hyunam-Dong Kitabevi, huzuru ve gu\u0308ven duygusunu yakalaman\u0131z\u0131 sa\u011flayacak, size kitaplar\u0131n iyile\u015ftirici gu\u0308cu\u0308nu\u0308 hat\u0131rlatacak yu\u0308rek \u0131s\u0131tan bir hik\u00e2ye. <\/p>\n","protected":false},"excerpt":{"rendered":"<p>Youngju her \u015feyi do\u011fru yapm\u0131\u015ft\u0131r; u\u0308niversiteye gitmi\u015f, du\u0308zgu\u0308n bir adamla evlenmi\u015f, sayg\u0131n bir i\u015fe girmi\u015ftir. Sonra bir anda her \u015fey altu\u0308st olur. Tu\u0308kenmi\u015flik hissiyle eski hayat\u0131n\u0131<span class=\"excerpt-hellip\"> [\u2026]<\/span><\/p>\n","protected":false},"featured_media":0,"template":"","meta":{"_monsterinsights_skip_tracking":false,"_monsterinsights_sitenote_active":false,"_monsterinsights_sitenote_note":"","_monsterinsights_sitenote_category":0},"product_brand":[],"product_cat":[12291,12711],"product_tag":[],"class_list":{"0":"post-757087","1":"product","2":"type-product","3":"status-publish","5":"product_cat-edebiyat","6":"product_cat-roman-oyku","7":"pa_cilt-ciltsiz","8":"pa_tur-kitap","9":"pa_yayinevi-athica-yayinlari","10":"pa_yazar-hwang-bo-reum","12":"first","13":"instock","14":"sale","15":"shipping-taxable","16":"purchasable","17":"product-type-simple"},"_links":{"self":[{"href":"https:\/\/roveyayinevi.com.tr\/index.php\/wp-json\/wp\/v2\/product\/757087","targetHints":{"allow":["GET"]}}],"collection":[{"href":"https:\/\/roveyayinevi.com.tr\/index.php\/wp-json\/wp\/v2\/product"}],"about":[{"href":"https:\/\/roveyayinevi.com.tr\/index.php\/wp-json\/wp\/v2\/types\/product"}],"wp:attachment":[{"href":"https:\/\/roveyayinevi.com.tr\/index.php\/wp-json\/wp\/v2\/media?parent=757087"}],"wp:term":[{"taxonomy":"product_brand","embeddable":true,"href":"https:\/\/roveyayinevi.com.tr\/index.php\/wp-json\/wp\/v2\/product_brand?post=757087"},{"taxonomy":"product_cat","embeddable":true,"href":"https:\/\/roveyayinevi.com.tr\/index.php\/wp-json\/wp\/v2\/product_cat?post=757087"},{"taxonomy":"product_tag","embeddable":true,"href":"https:\/\/roveyayinevi.com.tr\/index.php\/wp-json\/wp\/v2\/product_tag?post=757087"}],"curies":[{"name":"wp","href":"https:\/\/api.w.org\/{rel}","templated":true}]}}