{"id":757078,"date":"2025-08-28T07:26:09","date_gmt":"2025-08-28T04:26:09","guid":{"rendered":"https:\/\/roveyayinevi.com.tr\/index.php\/urun\/hepimiz-narsistiz\/"},"modified":"2026-04-16T03:10:03","modified_gmt":"2026-04-16T00:10:03","slug":"hepimiz-narsistiz","status":"publish","type":"product","link":"https:\/\/roveyayinevi.com.tr\/index.php\/urun\/hepimiz-narsistiz\/","title":{"rendered":"Hepimiz Narsistiz"},"content":{"rendered":"<p>\u201cPatolojik narsisizm, hayattan istedi\u011fini alamayan\u0131n, alsa da tatmin olamayan\u0131n huzursuzlu\u011fudur.\u201d Klinik Psikolog \u015eule \u00d6nc\u00fc \u201c\u00c7\u00f6l b\u00fcy\u00fcr; yaz\u0131k i\u00e7inde \u00e7\u00f6ller saklayana.\u201d Friedrich Nietzsche Bu kitap, narsist oldu\u011fu ilk bak\u0131\u015fta anla\u015f\u0131lan b\u00fcy\u00fcklenmeci narsist bireyler kadar; narsist oldu\u011fu fark edilmeyen; sadece ma\u011fdur, depresif ya da ba\u011f\u0131ml\u0131 san\u0131lan; ya\u015fam ak\u0131\u015f\u0131 t\u0131kanm\u0131\u015f, potansiyelini ger\u00e7ekle\u015ftirememi\u015f k\u0131rg\u0131nlarla, k\u00fcsk\u00fcnlerle ve kindarlarla, yani \u00f6rt\u00fck narsistlerle ilgili. Belki kendini bildin bileli babandan kurtarmaya \u00e7al\u0131\u015ft\u0131\u011f\u0131n annenle, k\u00f6ken ailesinden kurtarmaya \u00e7al\u0131\u015ft\u0131\u011f\u0131n babanla, kendisinden kurtarmaya \u00e7al\u0131\u015ft\u0131\u011f\u0131n e\u015finle, sevgilinle ilgili. Ve asl\u0131nda seninle, hepimizle ilgili. Hepimizin i\u00e7ine az \u00e7ok s\u0131zm\u0131\u015f ve s\u0131zmakta olan patolojik narsisizme direnebilmen; narsisistik istismarla taktik ezberleyerek de\u011fil, taktiklere ihtiya\u00e7 duymadan ba\u015f edebilmen i\u00e7in. <\/p>\n","protected":false},"excerpt":{"rendered":"<p>\u201cPatolojik narsisizm, hayattan istedi\u011fini alamayan\u0131n, alsa da tatmin olamayan\u0131n huzursuzlu\u011fudur.\u201d Klinik Psikolog \u015eule \u00d6nc\u00fc \u201c\u00c7\u00f6l b\u00fcy\u00fcr; yaz\u0131k i\u00e7inde \u00e7\u00f6ller saklayana.\u201d Friedrich Nietzsche Bu kitap, narsist oldu\u011fu<span class=\"excerpt-hellip\"> [\u2026]<\/span><\/p>\n","protected":false},"featured_media":0,"template":"","meta":{"_monsterinsights_skip_tracking":false,"_monsterinsights_sitenote_active":false,"_monsterinsights_sitenote_note":"","_monsterinsights_sitenote_category":0},"product_brand":[],"product_cat":[12358,12357],"product_tag":[],"class_list":{"0":"post-757078","1":"product","2":"type-product","3":"status-publish","5":"product_cat-genel-psikoloji","6":"product_cat-psikoloji","7":"pa_cilt-ciltsiz","8":"pa_tur-kitap","9":"pa_yayinevi-destek-yayinlari","10":"pa_yazar-sule-oncu","12":"first","13":"instock","14":"sale","15":"shipping-taxable","16":"purchasable","17":"product-type-simple"},"_links":{"self":[{"href":"https:\/\/roveyayinevi.com.tr\/index.php\/wp-json\/wp\/v2\/product\/757078","targetHints":{"allow":["GET"]}}],"collection":[{"href":"https:\/\/roveyayinevi.com.tr\/index.php\/wp-json\/wp\/v2\/product"}],"about":[{"href":"https:\/\/roveyayinevi.com.tr\/index.php\/wp-json\/wp\/v2\/types\/product"}],"wp:attachment":[{"href":"https:\/\/roveyayinevi.com.tr\/index.php\/wp-json\/wp\/v2\/media?parent=757078"}],"wp:term":[{"taxonomy":"product_brand","embeddable":true,"href":"https:\/\/roveyayinevi.com.tr\/index.php\/wp-json\/wp\/v2\/product_brand?post=757078"},{"taxonomy":"product_cat","embeddable":true,"href":"https:\/\/roveyayinevi.com.tr\/index.php\/wp-json\/wp\/v2\/product_cat?post=757078"},{"taxonomy":"product_tag","embeddable":true,"href":"https:\/\/roveyayinevi.com.tr\/index.php\/wp-json\/wp\/v2\/product_tag?post=757078"}],"curies":[{"name":"wp","href":"https:\/\/api.w.org\/{rel}","templated":true}]}}